000
CDUS43 KGRR 122123
CLIMKG


CLIMATE REPORT
NATIONAL WEATHER SERVICE GRAND RAPIDS, MI
523 PM EDT SUN APR 12 2015


...................................

...THE MUSKEGON MI CLIMATE SUMMARY FOR APRIL 12 2015...
VALID TODAY AS OF 0500 PM LOCAL TIME.

CLIMATE NORMAL PERIOD 1981 TO 2010
CLIMATE RECORD PERIOD 1896 TO 2015


WEATHER ITEM   OBSERVED TIME   RECORD YEAR NORMAL DEPARTURE LAST
                VALUE   (LST)  VALUE       VALUE  FROM      YEAR
                                                  NORMAL
..................................................................
TEMPERATURE (F)
 TODAY
  MAXIMUM         65    204 PM  77    1941  55     10       65
  MINIMUM         39    637 AM  19    1975  36      3       40
                                      1923
  AVERAGE         52                        45      7       53

PRECIPITATION (IN)
  TODAY            0.00          1.30 1971   0.10  -0.10     0.12
  MONTH TO DATE    3.48                      1.15   2.33     0.60
  SINCE MAR 1      4.61                      3.40   1.21     2.27
  SINCE JAN 1      7.90                      7.26   0.64     7.40

SNOWFALL (IN)
  TODAY            0.0           1.7  2007   0.1   -0.1      0.0
  MONTH TO DATE    0.0                       1.7   -1.7       T
  SINCE MAR 1      4.0                      10.7   -6.7      7.5
  SINCE JUL 1     92.1                      93.1   -1.0    131.1
  SNOW DEPTH       0

DEGREE DAYS
 HEATING
  TODAY           13                        20     -7       12
  MONTH TO DATE  229                       264    -35      270
  SINCE MAR 1   1236                      1194     42     1458
  SINCE JUL 1   6361                      5926    435     6598

 COOLING
  TODAY            0                         0      0        0
  MONTH TO DATE    0                         0      0        0
  SINCE MAR 1      0                         0      0        0
  SINCE JAN 1      0                         0      0        0
..................................................................


WIND (MPH)
  RESULTANT WIND SPEED  11   RESULTANT WIND DIRECTION   S (190)
  HIGHEST WIND SPEED    23   HIGHEST WIND DIRECTION     S (190)
  HIGHEST GUST SPEED    31   HIGHEST GUST DIRECTION     S (190)
  AVERAGE WIND SPEED    11.4


SKY COVER
  AVERAGE SKY COVER 0.1


WEATHER CONDITIONS
 THE FOLLOWING WEATHER WAS RECORDED TODAY.
  NO SIGNIFICANT WEATHER WAS OBSERVED.


RELATIVE HUMIDITY (PERCENT)
 HIGHEST    73          1200 AM
 LOWEST     28           200 PM
 AVERAGE    51

..........................................................


THE MUSKEGON MI CLIMATE NORMALS FOR TOMORROW
                         NORMAL    RECORD    YEAR
 MAXIMUM TEMPERATURE (F)   55        74      1968
 MINIMUM TEMPERATURE (F)   37        12      1917


SUNRISE AND SUNSET
APRIL 12 2015.........SUNRISE   708 AM EDT   SUNSET   824 PM EDT
APRIL 13 2015.........SUNRISE   707 AM EDT   SUNSET   825 PM EDT


-  INDICATES NEGATIVE NUMBERS.
R  INDICATES RECORD WAS SET OR TIED.
MM INDICATES DATA IS MISSING.
T  INDICATES TRACE AMOUNT.




$$
