000
CDUS43 KGRR 300514
CLIMKG


CLIMATE REPORT
NATIONAL WEATHER SERVICE GRAND RAPIDS, MI
114 AM EDT THU APR 30 2015


...................................

...THE MUSKEGON MI CLIMATE SUMMARY FOR APRIL 29 2015...

CLIMATE NORMAL PERIOD 1981 TO 2010
CLIMATE RECORD PERIOD 1896 TO 2015


WEATHER ITEM   OBSERVED TIME   RECORD YEAR NORMAL DEPARTURE LAST
                VALUE   (LST)  VALUE       VALUE  FROM      YEAR
                                                  NORMAL
..................................................................
TEMPERATURE (F)
 YESTERDAY
  MAXIMUM         64    325 PM  86    1970  61      3       63
  MINIMUM         38    244 AM  26    1979  42     -4       45
  AVERAGE         51                        52     -1       54

PRECIPITATION (IN)
  YESTERDAY        0.00          1.50 1909   0.10  -0.10     0.63
  MONTH TO DATE    4.72                      2.81   1.91     2.78
  SINCE MAR 1      5.85                      5.06   0.79     4.45
  SINCE JAN 1      9.14                      8.92   0.22     9.58

SNOWFALL (IN)
  YESTERDAY        0.0           3.0  1909   0.0    0.0      0.0
  MONTH TO DATE    T                         2.3   -2.3      1.6
  SINCE MAR 1      4.0                      11.3   -7.3      9.1
  SINCE JUL 1     92.1                      93.7   -1.6    132.7
  SNOW DEPTH       0

DEGREE DAYS
 HEATING
  YESTERDAY       14                        14      0       11
  MONTH TO DATE  519                       543    -24      562
  SINCE MAR 1   1526                      1473     53     1750
  SINCE JUL 1   6651                      6205    446     6890

 COOLING
  YESTERDAY        0                         0      0        0
  MONTH TO DATE    0                         0      0        0
  SINCE MAR 1      0                         0      0        0
  SINCE JAN 1      0                         0      0        0
..................................................................


WIND (MPH)
  RESULTANT WIND SPEED   6   RESULTANT WIND DIRECTION  NW (330)
  HIGHEST WIND SPEED    20   HIGHEST WIND DIRECTION     N (340)
  HIGHEST GUST SPEED    25   HIGHEST GUST DIRECTION    NW (330)
  AVERAGE WIND SPEED     7.7


SKY COVER
  AVERAGE SKY COVER 0.4


WEATHER CONDITIONS
 THE FOLLOWING WEATHER WAS RECORDED YESTERDAY.
  NO SIGNIFICANT WEATHER WAS OBSERVED.


RELATIVE HUMIDITY (PERCENT)
 HIGHEST    85           300 AM
 LOWEST     28           800 PM
 AVERAGE    57

..........................................................


THE MUSKEGON MI CLIMATE NORMALS FOR TODAY
                         NORMAL    RECORD    YEAR
 MAXIMUM TEMPERATURE (F)   62        84      1942
 MINIMUM TEMPERATURE (F)   42        24      1909


SUNRISE AND SUNSET
APRIL 30 2015.........SUNRISE   640 AM EDT   SUNSET   845 PM EDT
MAY  1 2015...........SUNRISE   639 AM EDT   SUNSET   846 PM EDT


-  INDICATES NEGATIVE NUMBERS.
R  INDICATES RECORD WAS SET OR TIED.
MM INDICATES DATA IS MISSING.
T  INDICATES TRACE AMOUNT.




$$
