000
CDUS43 KGRR 200514
CLIMKG


CLIMATE REPORT
NATIONAL WEATHER SERVICE GRAND RAPIDS, MI
113 AM EDT MON APR 20 2015


...................................

...THE MUSKEGON MI CLIMATE SUMMARY FOR APRIL 19 2015...

CLIMATE NORMAL PERIOD 1981 TO 2010
CLIMATE RECORD PERIOD 1896 TO 2015


WEATHER ITEM   OBSERVED TIME   RECORD YEAR NORMAL DEPARTURE LAST
                VALUE   (LST)  VALUE       VALUE  FROM      YEAR
                                                  NORMAL
..................................................................
TEMPERATURE (F)
 YESTERDAY
  MAXIMUM         70    207 PM  79    1957  58     12       63
  MINIMUM         47    540 AM  20    1983  39      8       32
  AVERAGE         59                        48     11       48

PRECIPITATION (IN)
  YESTERDAY        0.24          1.50 1925   0.10   0.14     0.00
  MONTH TO DATE    4.47                      1.85   2.62     1.89
  SINCE MAR 1      5.60                      4.10   1.50     3.56
  SINCE JAN 1      8.89                      7.96   0.93     8.69

SNOWFALL (IN)
  YESTERDAY        0.0           0.1  1947   0.1   -0.1      0.0
  MONTH TO DATE    0.0                       2.2   -2.2      1.6
  SINCE MAR 1      4.0                      11.2   -7.2      9.1
  SINCE JUL 1     92.1                      93.6   -1.5    132.7
  SNOW DEPTH       0

DEGREE DAYS
 HEATING
  YESTERDAY        6                        17    -11       17
  MONTH TO DATE  313                       391    -78      418
  SINCE MAR 1   1320                      1321     -1     1606
  SINCE JUL 1   6445                      6053    392     6746

 COOLING
  YESTERDAY        0                         0      0        0
  MONTH TO DATE    0                         0      0        0
  SINCE MAR 1      0                         0      0        0
  SINCE JAN 1      0                         0      0        0
..................................................................


WIND (MPH)
  RESULTANT WIND SPEED  16   RESULTANT WIND DIRECTION   E (90)
  HIGHEST WIND SPEED    30   HIGHEST WIND DIRECTION    SE (120)
  HIGHEST GUST SPEED    39   HIGHEST GUST DIRECTION     E (110)
  AVERAGE WIND SPEED    15.9


SKY COVER
  AVERAGE SKY COVER 0.6


WEATHER CONDITIONS
 THE FOLLOWING WEATHER WAS RECORDED YESTERDAY.
  LIGHT RAIN
  FOG


RELATIVE HUMIDITY (PERCENT)
 HIGHEST    89           700 PM
 LOWEST     23           100 PM
 AVERAGE    56

..........................................................


THE MUSKEGON MI CLIMATE NORMALS FOR TODAY
                         NORMAL    RECORD    YEAR
 MAXIMUM TEMPERATURE (F)   58        79      1987
 MINIMUM TEMPERATURE (F)   39        18      1897


SUNRISE AND SUNSET
APRIL 20 2015.........SUNRISE   655 AM EDT   SUNSET   833 PM EDT
APRIL 21 2015.........SUNRISE   654 AM EDT   SUNSET   834 PM EDT


-  INDICATES NEGATIVE NUMBERS.
R  INDICATES RECORD WAS SET OR TIED.
MM INDICATES DATA IS MISSING.
T  INDICATES TRACE AMOUNT.




$$
