000
CDUS43 KGRR 052126
CLIMKG


CLIMATE REPORT
NATIONAL WEATHER SERVICE GRAND RAPIDS, MI
525 PM EDT TUE MAY 5 2015


...................................

...THE MUSKEGON MI CLIMATE SUMMARY FOR MAY 5 2015...
VALID TODAY AS OF 0500 PM LOCAL TIME.

CLIMATE NORMAL PERIOD 1981 TO 2010
CLIMATE RECORD PERIOD 1896 TO 2015


WEATHER ITEM   OBSERVED TIME   RECORD YEAR NORMAL DEPARTURE LAST
                VALUE   (LST)  VALUE       VALUE  FROM      YEAR
                                                  NORMAL
..................................................................
TEMPERATURE (F)
 TODAY
  MAXIMUM         61    359 PM  88    1959  64     -3       60
  MINIMUM         50   1150 AM  27    1983  44      6       42
                                      1979
  AVERAGE         56                        54      2       51

PRECIPITATION (IN)
  TODAY            0.17          1.56 1976   0.10   0.07     0.00
  MONTH TO DATE    0.31                      0.51  -0.20     0.29
  SINCE MAR 1      6.16                      5.67   0.49     4.74
  SINCE JAN 1      9.45                      9.53  -0.08     9.87

SNOWFALL (IN)
  TODAY            0.0           0.1  1954   0.0    0.0      0.0
  MONTH TO DATE    0.0                       0.0    0.0      0.0
  SINCE MAR 1      4.0                      11.3   -7.3      9.1
  SINCE JUL 1     92.1                      93.7   -1.6    132.7
  SNOW DEPTH       0

DEGREE DAYS
 HEATING
  TODAY            9                        12     -3       14
  MONTH TO DATE   40                        62    -22       86
  SINCE MAR 1   1582                      1548     34     1851
  SINCE JUL 1   6707                      6280    427     6991

 COOLING
  TODAY            0                         0      0        0
  MONTH TO DATE    0                         0      0        0
  SINCE MAR 1      0                         4     -4        0
  SINCE JAN 1      0                         4     -4        0
..................................................................


WIND (MPH)
  RESULTANT WIND SPEED  10   RESULTANT WIND DIRECTION   E (80)
  HIGHEST WIND SPEED    18   HIGHEST WIND DIRECTION     E (90)
  HIGHEST GUST SPEED    23   HIGHEST GUST DIRECTION     E (100)
  AVERAGE WIND SPEED    10.3


SKY COVER
  AVERAGE SKY COVER 0.7


WEATHER CONDITIONS
 THE FOLLOWING WEATHER WAS RECORDED TODAY.
  LIGHT RAIN


RELATIVE HUMIDITY (PERCENT)
 HIGHEST    80          1000 AM
 LOWEST     40          1200 AM
 AVERAGE    60

..........................................................


THE MUSKEGON MI CLIMATE NORMALS FOR TOMORROW
                         NORMAL    RECORD    YEAR
 MAXIMUM TEMPERATURE (F)   64        85      1959
 MINIMUM TEMPERATURE (F)   44        26      1967


SUNRISE AND SUNSET
MAY  5 2015...........SUNRISE   633 AM EDT   SUNSET   851 PM EDT
MAY  6 2015...........SUNRISE   632 AM EDT   SUNSET   852 PM EDT


-  INDICATES NEGATIVE NUMBERS.
R  INDICATES RECORD WAS SET OR TIED.
MM INDICATES DATA IS MISSING.
T  INDICATES TRACE AMOUNT.




$$
