000
CDUS43 KGRR 170513
CLIMKG


CLIMATE REPORT
NATIONAL WEATHER SERVICE GRAND RAPIDS, MI
113 AM EDT FRI APR 17 2015


...................................

...THE MUSKEGON MI CLIMATE SUMMARY FOR APRIL 16 2015...

CLIMATE NORMAL PERIOD 1981 TO 2010
CLIMATE RECORD PERIOD 1896 TO 2015


WEATHER ITEM   OBSERVED TIME   RECORD YEAR NORMAL DEPARTURE LAST
                VALUE   (LST)  VALUE       VALUE  FROM      YEAR
                                                  NORMAL
..................................................................
TEMPERATURE (F)
 YESTERDAY
  MAXIMUM         57    400 PM  81    1976  56      1       49
  MINIMUM         38   1159 PM  20    1907  38      0       22
  AVERAGE         48                        47      1       36

PRECIPITATION (IN)
  YESTERDAY        0.49          1.51 1961   0.10   0.39     0.00
  MONTH TO DATE    4.23                      1.55   2.68     1.89
  SINCE MAR 1      5.36                      3.80   1.56     3.56
  SINCE JAN 1      8.65                      7.66   0.99     8.69

SNOWFALL (IN)
  YESTERDAY        0.0          11.0  1961   0.1   -0.1      0.0
  MONTH TO DATE    0.0                       2.0   -2.0      1.6
  SINCE MAR 1      4.0                      11.0   -7.0      9.1
  SINCE JUL 1     92.1                      93.4   -1.3    132.7
  SNOW DEPTH       0

DEGREE DAYS
 HEATING
  YESTERDAY       17                        18     -1       29
  MONTH TO DATE  288                       339    -51      363
  SINCE MAR 1   1295                      1269     26     1551
  SINCE JUL 1   6420                      6001    419     6691

 COOLING
  YESTERDAY        0                         0      0        0
  MONTH TO DATE    0                         0      0        0
  SINCE MAR 1      0                         0      0        0
  SINCE JAN 1      0                         0      0        0
..................................................................


WIND (MPH)
  RESULTANT WIND SPEED   1   RESULTANT WIND DIRECTION   N (0)
  HIGHEST WIND SPEED    13   HIGHEST WIND DIRECTION     W (260)
  HIGHEST GUST SPEED    15   HIGHEST GUST DIRECTION     W (260)
  AVERAGE WIND SPEED     5.5


SKY COVER
  AVERAGE SKY COVER 0.7


WEATHER CONDITIONS
 THE FOLLOWING WEATHER WAS RECORDED YESTERDAY.
  HEAVY RAIN
  RAIN
  LIGHT RAIN
  FOG


RELATIVE HUMIDITY (PERCENT)
 HIGHEST    92           400 AM
 LOWEST     41          1200 AM
 AVERAGE    67

..........................................................


THE MUSKEGON MI CLIMATE NORMALS FOR TODAY
                         NORMAL    RECORD    YEAR
 MAXIMUM TEMPERATURE (F)   57        81      1977
 MINIMUM TEMPERATURE (F)   38        22      1948


SUNRISE AND SUNSET
APRIL 17 2015.........SUNRISE   700 AM EDT   SUNSET   830 PM EDT
APRIL 18 2015.........SUNRISE   658 AM EDT   SUNSET   831 PM EDT


-  INDICATES NEGATIVE NUMBERS.
R  INDICATES RECORD WAS SET OR TIED.
MM INDICATES DATA IS MISSING.
T  INDICATES TRACE AMOUNT.




$$
