000
CDUS43 KGRR 230526
CLIMKG


CLIMATE REPORT
NATIONAL WEATHER SERVICE GRAND RAPIDS, MI
123 AM EDT THU APR 23 2015


...................................

...THE MUSKEGON MI CLIMATE SUMMARY FOR APRIL 22 2015...

CLIMATE NORMAL PERIOD 1981 TO 2010
CLIMATE RECORD PERIOD 1896 TO 2015


WEATHER ITEM   OBSERVED TIME   RECORD YEAR NORMAL DEPARTURE LAST
                VALUE   (LST)  VALUE       VALUE  FROM      YEAR
                                                  NORMAL
..................................................................
TEMPERATURE (F)
 YESTERDAY
  MAXIMUM         41    404 PM  84    1985  59    -18       51
  MINIMUM         34   1131 AM  22    1926  40     -6       37
  AVERAGE         38                        49    -11       44

PRECIPITATION (IN)
  YESTERDAY        0.01          1.05 1999   0.09  -0.08     0.00
  MONTH TO DATE    4.71                      2.13   2.58     1.97
  SINCE MAR 1      5.84                      4.38   1.46     3.64
  SINCE JAN 1      9.13                      8.24   0.89     8.77

SNOWFALL (IN)
  YESTERDAY        T             2.0  1967   0.0    0.0      0.0
  MONTH TO DATE    T                         2.2   -2.2      1.6
  SINCE MAR 1      4.0                      11.2   -7.2      9.1
  SINCE JUL 1     92.1                      93.6   -1.5    132.7
  SNOW DEPTH       0

DEGREE DAYS
 HEATING
  YESTERDAY       27                        16     11       21
  MONTH TO DATE  382                       440    -58      453
  SINCE MAR 1   1389                      1370     19     1641
  SINCE JUL 1   6514                      6102    412     6781

 COOLING
  YESTERDAY        0                         0      0        0
  MONTH TO DATE    0                         0      0        0
  SINCE MAR 1      0                         0      0        0
  SINCE JAN 1      0                         0      0        0
..................................................................


WIND (MPH)
  RESULTANT WIND SPEED  13   RESULTANT WIND DIRECTION   W (290)
  HIGHEST WIND SPEED    24   HIGHEST WIND DIRECTION    NW (320)
  HIGHEST GUST SPEED    35   HIGHEST GUST DIRECTION     W (290)
  AVERAGE WIND SPEED    13.7


SKY COVER
  AVERAGE SKY COVER 0.9


WEATHER CONDITIONS
 THE FOLLOWING WEATHER WAS RECORDED YESTERDAY.
  LIGHT SNOW


RELATIVE HUMIDITY (PERCENT)
 HIGHEST    76           200 AM
 LOWEST     44          1000 AM
 AVERAGE    60

..........................................................


THE MUSKEGON MI CLIMATE NORMALS FOR TODAY
                         NORMAL    RECORD    YEAR
 MAXIMUM TEMPERATURE (F)   59        80      1985
 MINIMUM TEMPERATURE (F)   40        19      1986


SUNRISE AND SUNSET
APRIL 23 2015.........SUNRISE   651 AM EDT   SUNSET   837 PM EDT
APRIL 24 2015.........SUNRISE   649 AM EDT   SUNSET   838 PM EDT


-  INDICATES NEGATIVE NUMBERS.
R  INDICATES RECORD WAS SET OR TIED.
MM INDICATES DATA IS MISSING.
T  INDICATES TRACE AMOUNT.




$$
