000
CDUS43 KGRR 220519
CLIMKG


CLIMATE REPORT
NATIONAL WEATHER SERVICE GRAND RAPIDS, MI
119 AM EDT WED APR 22 2015


...................................

...THE MUSKEGON MI CLIMATE SUMMARY FOR APRIL 21 2015...

CLIMATE NORMAL PERIOD 1981 TO 2010
CLIMATE RECORD PERIOD 1896 TO 2015


WEATHER ITEM   OBSERVED TIME   RECORD YEAR NORMAL DEPARTURE LAST
                VALUE   (LST)  VALUE       VALUE  FROM      YEAR
                                                  NORMAL
..................................................................
TEMPERATURE (F)
 YESTERDAY
  MAXIMUM         46    145 PM  79    1985  58    -12       68
  MINIMUM         37   1157 AM  23    2013  39     -2       49
  AVERAGE         42                        49     -7       59

PRECIPITATION (IN)
  YESTERDAY        T             2.12 1967   0.10  -0.10     0.08
  MONTH TO DATE    4.70                      2.04   2.66     1.97
  SINCE MAR 1      5.83                      4.29   1.54     3.64
  SINCE JAN 1      9.12                      8.15   0.97     8.77

SNOWFALL (IN)
  YESTERDAY        0.0           0.5  1912   0.0    0.0      0.0
  MONTH TO DATE    0.0                       2.2   -2.2      1.6
  SINCE MAR 1      4.0                      11.2   -7.2      9.1
  SINCE JUL 1     92.1                      93.6   -1.5    132.7
  SNOW DEPTH       0

DEGREE DAYS
 HEATING
  YESTERDAY       23                        16      7        6
  MONTH TO DATE  355                       424    -69      432
  SINCE MAR 1   1362                      1354      8     1620
  SINCE JUL 1   6487                      6086    401     6760

 COOLING
  YESTERDAY        0                         0      0        0
  MONTH TO DATE    0                         0      0        0
  SINCE MAR 1      0                         0      0        0
  SINCE JAN 1      0                         0      0        0
..................................................................


WIND (MPH)
  RESULTANT WIND SPEED  14   RESULTANT WIND DIRECTION  SW (240)
  HIGHEST WIND SPEED    22   HIGHEST WIND DIRECTION     W (260)
  HIGHEST GUST SPEED    32   HIGHEST GUST DIRECTION    SW (230)
  AVERAGE WIND SPEED    14.3


SKY COVER
  AVERAGE SKY COVER 1.0


WEATHER CONDITIONS
 THE FOLLOWING WEATHER WAS RECORDED YESTERDAY.
  LIGHT RAIN


RELATIVE HUMIDITY (PERCENT)
 HIGHEST    79           200 AM
 LOWEST     58           200 PM
 AVERAGE    69

..........................................................


THE MUSKEGON MI CLIMATE NORMALS FOR TODAY
                         NORMAL    RECORD    YEAR
 MAXIMUM TEMPERATURE (F)   59        84      1985
 MINIMUM TEMPERATURE (F)   40        22      1926


SUNRISE AND SUNSET
APRIL 22 2015.........SUNRISE   652 AM EDT   SUNSET   836 PM EDT
APRIL 23 2015.........SUNRISE   651 AM EDT   SUNSET   837 PM EDT


-  INDICATES NEGATIVE NUMBERS.
R  INDICATES RECORD WAS SET OR TIED.
MM INDICATES DATA IS MISSING.
T  INDICATES TRACE AMOUNT.




$$
