000
CDUS43 KGRR 140516
CLIMKG


CLIMATE REPORT
NATIONAL WEATHER SERVICE GRAND RAPIDS, MI
116 AM EDT TUE APR 14 2015


...................................

...THE MUSKEGON MI CLIMATE SUMMARY FOR APRIL 13 2015...

CLIMATE NORMAL PERIOD 1981 TO 2010
CLIMATE RECORD PERIOD 1896 TO 2015


WEATHER ITEM   OBSERVED TIME   RECORD YEAR NORMAL DEPARTURE LAST
                VALUE   (LST)  VALUE       VALUE  FROM      YEAR
                                                  NORMAL
..................................................................
TEMPERATURE (F)
 YESTERDAY
  MAXIMUM         64    614 AM  74    1968  55      9       64
  MINIMUM         38   1141 PM  12    1917  37      1       48
  AVERAGE         51                        46      5       56

PRECIPITATION (IN)
  YESTERDAY        0.26          0.96 1945   0.10   0.16     0.78
  MONTH TO DATE    3.74                      1.25   2.49     1.38
  SINCE MAR 1      4.87                      3.50   1.37     3.05
  SINCE JAN 1      8.16                      7.36   0.80     8.18

SNOWFALL (IN)
  YESTERDAY        0.0           1.1  1962   0.1   -0.1      0.0
  MONTH TO DATE    0.0                       1.8   -1.8       T
  SINCE MAR 1      4.0                      10.8   -6.8      7.5
  SINCE JUL 1     92.1                      93.2   -1.1    131.1
  SNOW DEPTH       0

DEGREE DAYS
 HEATING
  YESTERDAY       14                        19     -5        9
  MONTH TO DATE  243                       283    -40      279
  SINCE MAR 1   1250                      1213     37     1467
  SINCE JUL 1   6375                      5945    430     6607

 COOLING
  YESTERDAY        0                         0      0        0
  MONTH TO DATE    0                         0      0        0
  SINCE MAR 1      0                         0      0        0
  SINCE JAN 1      0                         0      0        0
..................................................................


WIND (MPH)
  RESULTANT WIND SPEED   7   RESULTANT WIND DIRECTION   S (200)
  HIGHEST WIND SPEED    29   HIGHEST WIND DIRECTION    SW (220)
  HIGHEST GUST SPEED    40   HIGHEST GUST DIRECTION     S (190)
  AVERAGE WIND SPEED    11.2


SKY COVER
  AVERAGE SKY COVER 0.7


WEATHER CONDITIONS
 THE FOLLOWING WEATHER WAS RECORDED YESTERDAY.
  HEAVY RAIN
  RAIN
  LIGHT RAIN
  FOG


RELATIVE HUMIDITY (PERCENT)
 HIGHEST    93           900 AM
 LOWEST     42           200 AM
 AVERAGE    68

..........................................................


THE MUSKEGON MI CLIMATE NORMALS FOR TODAY
                         NORMAL    RECORD    YEAR
 MAXIMUM TEMPERATURE (F)   55        76      2003
 MINIMUM TEMPERATURE (F)   37        20      1953


SUNRISE AND SUNSET
APRIL 14 2015.........SUNRISE   705 AM EDT   SUNSET   826 PM EDT
APRIL 15 2015.........SUNRISE   703 AM EDT   SUNSET   827 PM EDT


-  INDICATES NEGATIVE NUMBERS.
R  INDICATES RECORD WAS SET OR TIED.
MM INDICATES DATA IS MISSING.
T  INDICATES TRACE AMOUNT.




$$
