000
CDUS43 KGRR 301333
CLIMKG


CLIMATE REPORT
NATIONAL WEATHER SERVICE GRAND RAPIDS, MI
933 AM EDT THU APR 30 2015


...................................

...THE MUSKEGON MI CLIMATE SUMMARY FOR APRIL 30 2015...
VALID AS OF 0900 AM LOCAL TIME.

CLIMATE NORMAL PERIOD 1981 TO 2010
CLIMATE RECORD PERIOD 1896 TO 2015


WEATHER ITEM   OBSERVED TIME   RECORD YEAR NORMAL DEPARTURE LAST
                VALUE   (LST)  VALUE       VALUE  FROM      YEAR
                                                  NORMAL
..................................................................
TEMPERATURE (F)
 TODAY
  MAXIMUM         47   1216 AM  84    1942  62    -15       60
  MINIMUM         39    624 AM  24    1909  42     -3       40
  AVERAGE         43                        52     -9       50

PRECIPITATION (IN)
  TODAY            T             1.89 1963   0.10  -0.10      T
  MONTH TO DATE    4.72                      2.91   1.81     2.78
  SINCE MAR 1      5.85                      5.16   0.69     4.45
  SINCE JAN 1      9.14                      9.02   0.12     9.58

SNOWFALL (IN)
  TODAY            0.0           4.0  1907   0.0    0.0      0.0
  MONTH TO DATE    T                         2.3   -2.3      1.6
  SINCE MAR 1      4.0                      11.3   -7.3      9.1
  SINCE JUL 1     92.1                      93.7   -1.6    132.7
  SNOW DEPTH       0

DEGREE DAYS
 HEATING
  TODAY           22                        13      9       15
  MONTH TO DATE  541                       556    -15      577
  SINCE MAR 1   1548                      1486     62     1765
  SINCE JUL 1   6673                      6218    455     6905

 COOLING
  TODAY            0                         0      0        0
  MONTH TO DATE    0                         4     -4        0
  SINCE MAR 1      0                         4     -4        0
  SINCE JAN 1      0                         4     -4        0
..................................................................


WIND (MPH)
  RESULTANT WIND SPEED  10   RESULTANT WIND DIRECTION   N (360)
  HIGHEST WIND SPEED    17   HIGHEST WIND DIRECTION     N (360)
  HIGHEST GUST SPEED    22   HIGHEST GUST DIRECTION     N (360)
  AVERAGE WIND SPEED     9.7


SKY COVER
  AVERAGE SKY COVER 0.6


WEATHER CONDITIONS
 THE FOLLOWING WEATHER WAS RECORDED TODAY.
  LIGHT RAIN


RELATIVE HUMIDITY (PERCENT)
 HIGHEST    79           600 AM
 LOWEST     53          1200 AM
 AVERAGE    66

..........................................................


THE MUSKEGON MI CLIMATE NORMALS FOR TOMORROW
                         NORMAL    RECORD    YEAR
 MAXIMUM TEMPERATURE (F)   62        85      1951
                                             1942
 MINIMUM TEMPERATURE (F)   43        27      1945
                                             1905


SUNRISE AND SUNSET
APRIL 30 2015.........SUNRISE   640 AM EDT   SUNSET   845 PM EDT
MAY  1 2015...........SUNRISE   639 AM EDT   SUNSET   846 PM EDT


-  INDICATES NEGATIVE NUMBERS.
R  INDICATES RECORD WAS SET OR TIED.
MM INDICATES DATA IS MISSING.
T  INDICATES TRACE AMOUNT.




$$
