000
CDUS43 KGRR 172128
CLIMKG


CLIMATE REPORT
NATIONAL WEATHER SERVICE GRAND RAPIDS, MI
526 PM EDT FRI APR 17 2015


...................................

...THE MUSKEGON MI CLIMATE SUMMARY FOR APRIL 17 2015...
VALID TODAY AS OF 0500 PM LOCAL TIME.

CLIMATE NORMAL PERIOD 1981 TO 2010
CLIMATE RECORD PERIOD 1896 TO 2015


WEATHER ITEM   OBSERVED TIME   RECORD YEAR NORMAL DEPARTURE LAST
                VALUE   (LST)  VALUE       VALUE  FROM      YEAR
                                                  NORMAL
..................................................................
TEMPERATURE (F)
 TODAY
  MAXIMUM         66    238 PM  81    1977  57      9       56
  MINIMUM         35    420 AM  22    1948  38     -3       36
  AVERAGE         51                        47      4       46

PRECIPITATION (IN)
  TODAY            0.00          1.05 1969   0.10  -0.10     0.00
  MONTH TO DATE    4.23                      1.65   2.58     1.89
  SINCE MAR 1      5.36                      3.90   1.46     3.56
  SINCE JAN 1      8.65                      7.76   0.89     8.69

SNOWFALL (IN)
  TODAY            0.0           0.6  1956   0.1   -0.1      0.0
  MONTH TO DATE    0.0                       2.1   -2.1      1.6
  SINCE MAR 1      4.0                      11.1   -7.1      9.1
  SINCE JUL 1     92.1                      93.5   -1.4    132.7
  SNOW DEPTH       0

DEGREE DAYS
 HEATING
  TODAY           14                        18     -4       19
  MONTH TO DATE  302                       357    -55      382
  SINCE MAR 1   1309                      1287     22     1570
  SINCE JUL 1   6434                      6019    415     6710

 COOLING
  TODAY            0                         0      0        0
  MONTH TO DATE    0                         0      0        0
  SINCE MAR 1      0                         0      0        0
  SINCE JAN 1      0                         0      0        0
..................................................................


WIND (MPH)
  RESULTANT WIND SPEED   3   RESULTANT WIND DIRECTION  SW (220)
  HIGHEST WIND SPEED    12   HIGHEST WIND DIRECTION    SW (210)
  HIGHEST GUST SPEED    13   HIGHEST GUST DIRECTION    SW (230)
  AVERAGE WIND SPEED     4.3


SKY COVER
  AVERAGE SKY COVER 0.4


WEATHER CONDITIONS
 THE FOLLOWING WEATHER WAS RECORDED TODAY.
  FOG


RELATIVE HUMIDITY (PERCENT)
 HIGHEST    92          1200 AM
 LOWEST     40           300 PM
 AVERAGE    66

..........................................................


THE MUSKEGON MI CLIMATE NORMALS FOR TOMORROW
                         NORMAL    RECORD    YEAR
 MAXIMUM TEMPERATURE (F)   57        84      2002
 MINIMUM TEMPERATURE (F)   38        20      1907


SUNRISE AND SUNSET
APRIL 17 2015.........SUNRISE   700 AM EDT   SUNSET   830 PM EDT
APRIL 18 2015.........SUNRISE   658 AM EDT   SUNSET   831 PM EDT


-  INDICATES NEGATIVE NUMBERS.
R  INDICATES RECORD WAS SET OR TIED.
MM INDICATES DATA IS MISSING.
T  INDICATES TRACE AMOUNT.




$$

63
