000
CDUS43 KGRR 010148
CLIMKG


CLIMATE REPORT
NATIONAL WEATHER SERVICE GRAND RAPIDS, MI
946 PM EDT TUE MAR 31 2015


...................................

...THE MUSKEGON MI CLIMATE SUMMARY FOR MARCH 31 2015...
VALID TODAY AS OF 0500 PM LOCAL TIME.

CLIMATE NORMAL PERIOD 1981 TO 2010
CLIMATE RECORD PERIOD 1896 TO 2015


WEATHER ITEM   OBSERVED TIME   RECORD YEAR NORMAL DEPARTURE LAST
                VALUE   (LST)  VALUE       VALUE  FROM      YEAR
                                                  NORMAL
..................................................................
TEMPERATURE (F)
 TODAY
  MAXIMUM         49   1221 PM  80    1981  49      0       64
  MINIMUM         36    646 AM   6    1923  32      4       32
  AVERAGE         43                        40      3       48

PRECIPITATION (IN)
  TODAY            0.05          1.64 2008   0.08  -0.03      T
  MONTH TO DATE    1.13                      2.25  -1.12     1.67
  SINCE MAR 1      1.13                      2.25  -1.12     1.67
  SINCE JAN 1      4.42                      6.11  -1.69     6.80

SNOWFALL (IN)
  TODAY            0.0          10.0  1926   0.2   -0.2      0.0
  MONTH TO DATE    4.0                       9.0   -5.0      7.5
  SINCE MAR 1      4.0                       9.0   -5.0      7.5
  SINCE JUL 1     92.1                      91.4    0.7    131.1
  SNOW DEPTH       0

DEGREE DAYS
 HEATING
  TODAY           22                        25     -3       17
  MONTH TO DATE 1005                       931     74     1188
  SINCE MAR 1   1005                       930     75     1188
  SINCE JUL 1   6130                      5662    468     6328

 COOLING
  TODAY            0                         0      0        0
  MONTH TO DATE    0                         0      0        0
  SINCE MAR 1      0                         0      0        0
  SINCE JAN 1      0                         0      0        0
..................................................................


WIND (MPH)
  RESULTANT WIND SPEED   5   RESULTANT WIND DIRECTION   N (0)
  HIGHEST WIND SPEED    15   HIGHEST WIND DIRECTION    NE (50)
  HIGHEST GUST SPEED    20   HIGHEST GUST DIRECTION    NE (50)
  AVERAGE WIND SPEED     9.1


SKY COVER
  AVERAGE SKY COVER 0.7


WEATHER CONDITIONS
 THE FOLLOWING WEATHER WAS RECORDED TODAY.
  LIGHT RAIN
  FOG


RELATIVE HUMIDITY (PERCENT)
 HIGHEST    89           100 AM
 LOWEST     56          1200 PM
 AVERAGE    73

..........................................................


THE MUSKEGON MI CLIMATE NORMALS FOR TOMORROW
                         NORMAL    RECORD    YEAR
 MAXIMUM TEMPERATURE (F)   50        78      2010
 MINIMUM TEMPERATURE (F)   32         9      1923


SUNRISE AND SUNSET
MARCH 31 2015.........SUNRISE   729 AM EDT   SUNSET   810 PM EDT
APRIL  1 2015.........SUNRISE   727 AM EDT   SUNSET   811 PM EDT


-  INDICATES NEGATIVE NUMBERS.
R  INDICATES RECORD WAS SET OR TIED.
MM INDICATES DATA IS MISSING.
T  INDICATES TRACE AMOUNT.




$$

63
