000
CXUS53 KGRR 011934
CLMMKG

CLIMATE REPORT
NATIONAL WEATHER SERVICE GRAND RAPIDS, MI
231 PM EST SUN MAR 1 2015...CORRECTED FOR NARRATIVE INFORMATION

...................................

...THE MUSKEGON MI CLIMATE SUMMARY FOR THE MONTH OF FEBRUARY 2015...

CLIMATE NORMAL PERIOD 1981 TO 2010
CLIMATE RECORD PERIOD 1896 TO 2015

WEATHER         OBSERVED          NORMAL  DEPART  LAST YEAR`S
                 VALUE   DATE(S)  VALUE   FROM    VALUE  DATE(S)
                                          NORMAL
................................................................
TEMPERATURE (F)
RECORD
 HIGH              67   02/11/1999
 LOW              -30   02/11/1899
HIGHEST            39   02/07        48      -9       46  02/18
LOWEST             -9   02/20         0      -9       -7  02/28
AVG. MAXIMUM     23.4              33.2    -9.8     24.9
AVG. MINIMUM      8.4              21.1   -12.7     11.8
MEAN             15.9              27.1   -11.2     18.3
DAYS MAX >= 90      0               0.0     0.0        0
DAYS MAX <= 32     25              12.1    12.9       24
DAYS MIN <= 32     28              24.4     3.6       28
DAYS MIN <= 0       5               0.7     4.3        5

PRECIPITATION (INCHES)
RECORD
 MAXIMUM         5.30   1908
 MINIMUM         0.16   2003
TOTALS           1.57              1.83   -0.26     1.81
DAILY AVG.       0.06              0.07   -0.01     0.06
DAYS >= .01        15              12.2     2.8       19
DAYS >= .10         5               5.0     0.0        5
DAYS >= .50         0               0.8    -0.8        0
DAYS >= 1.00        0               0.2    -0.2        0
GREATEST
 24 HR. TOTAL    0.44   02/01 TO 02/01           02/20 TO 02/20

SNOWFALL (INCHES)
RECORDS
 TOTAL           53.3   2013
 24 HR TOTAL     17.5   01/31/1965 TO 02/01/1965
 SNOW DEPTH        70   02/05/1918
                        02/04/1918
                        02/03/1918
TOTALS           29.7              19.3    10.4     27.1
SINCE 7/1        88.1              82.4     5.7    123.6
SNOWDEPTH AVG.     13                 6       7       22
DAYS >= TRACE      21              11.2     9.8       25
DAYS >= 1.0         7               6.1     0.9       10
GREATEST
 SNOW DEPTH        20   02/25                         27  02/18
                        02/19
 24 HR TOTAL      6.0   02/01 TO 02/01           02/20 TO 02/20

DEGREE_DAYS
HEATING TOTAL    1368              1060     308     1297
 SINCE 7/1       5125              4732     393     5140
COOLING TOTAL       0                 0       0        0
 SINCE 1/1          0                 0       0        0

FREEZE DATES
RECORD
 EARLIEST     09/22/1976
 LATEST       06/22/1992
EARLIEST                        10/14
LATEST                          05/04
.................................................

WIND (MPH)
AVERAGE WIND SPEED              10.7
RESULTANT WIND SPEED/DIRECTION   2/316
HIGHEST WIND SPEED/DIRECTION    35/350    DATE  02/14
HIGHEST GUST SPEED/DIRECTION    45/220    DATE  02/24

SKY COVER
POSSIBLE SUNSHINE (PERCENT)   MM
AVERAGE SKY COVER           0.80
NUMBER OF DAYS FAIR            0
NUMBER OF DAYS PC              8
NUMBER OF DAYS CLOUDY         20

AVERAGE RH (PERCENT)     67

WEATHER CONDITIONS. NUMBER OF DAYS WITH
THUNDERSTORM              0     MIXED PRECIP               0
HEAVY RAIN                0     RAIN                       0
LIGHT RAIN                1     FREEZING RAIN              0
LT FREEZING RAIN          1     HAIL                       0
HEAVY SNOW                5     SNOW                       9
LIGHT SNOW               21     SLEET                      0
FOG                      15     FOG W/VIS <= 1/4 MILE      2
HAZE                     20

-  INDICATES NEGATIVE NUMBERS.
R  INDICATES RECORD WAS SET OR TIED.
MM INDICATES DATA IS MISSING.
T  INDICATES TRACE AMOUNT.

&&

THE MONTH STARTED OUT ACTIVE... WITH WINTER STORMS DEPOSITING
MEASURABLE SNOW ON THE 1ST THROUGH THE 4TH AND TEMPERATURES BELOW
AVERAGE. TEMPERATURES THEN WARMED CLOSER TO NORMAL FOR UNDER A WEEK
WITH ZERO OR TRACE AMOUNTS OF PRECIPITATION RECORDED FROM THE 5TH
THROUGH THE 10TH. TEMPERATURES THEN FELL MUCH BELOW NORMAL FOR MOST
OF THE REMAINDER OF THE MONTH... AND ACTIVE WEATHER DOMINATED. SNOW
FALL WAS RECORDED ON MOST DAYS THROUGH THE END OF THE MONTH.

THE AVERAGE TEMPERATURE FOR GRAND RAPIDS IN FEBRUARY WAS 13.3
DEGREES. THIS WAS THE COLDEST FEBRUARY ON RECORD. THE PREVIOUS
RECORD WAS 14.0 DEGREES FROM 1904. LANSING WITH A VALUE OF 11.4
DEGREES EXPERIENCED ITS 4TH COLDEST FEBRUARY ON RECORD. MUSKEGAN
HAD ITS 6TH COLDEST FEBRUARY WITH 15.9 DEGREES. MANY DAILY RECORD
TEMPERATURES WERE ALSO SET IN FEBRUARY 2015.

PRECIPITATION TOTALS VARIED FROM HALF AN INCH UP TO 2 INCHES FOR
FEBRUARY 2015. THE HIGHEST AMOUNTS WERE IN FAR SOUTHWEST LOWER
MICHIGAN WITH VALUES FALLING OFF TO THE NORTHEAST. THE SOUTHWEST SAW
CLOSE TO NORMAL PRECIPITATION WITH VALUES ONLY ABOUT HALF OF NORMAL
LEVELS RECORDED IN THE NORTHEAST.

SNOWFALL IN FEBRUARY 2015 RANGED FROM 20 TO 30 INCHES ACROSS THE
WESTERN THIRD OF LOWER MICHIGAN WITH 15 TO 20 INCHES ACROSS
SOUTHEAST LOWER MICHIGAN. LESSER AMOUNTS FELL IN NORTHEAST LOWER.
SOUTHERN LOWER MICHIGAN ENDED UP WITH CLOSE TO TWICE THEIR NORMAL
SNOWFALL WITH TOTALS CLOSE TO NORMAL ACROSS NORTHERN LOWER MICHIGAN.

$$

JAM
63
