000
CXUS52 KMFL 261000
CF6APF
PRELIMINARY LOCAL CLIMATOLOGICAL DATA (WS FORM: F-6)

                                          STATION:   NAPLES
                                          MONTH:     APRIL
                                          YEAR:      2015
                                          LATITUDE:   26  8 N
                                          LONGITUDE:  81 46 W

  TEMPERATURE IN F:       :PCPN:    SNOW:  WIND      :SUNSHINE: SKY     :PK WND
================================================================================
1   2   3   4   5  6A  6B    7    8   9   10  11  12  13   14  15   16   17  18
                                     12Z  AVG MX 2MIN
DY MAX MIN AVG DEP HDD CDD  WTR  SNW DPTH SPD SPD DIR MIN PSBL S-S WX    SPD DR
================================================================================

 1  81  62  72   1   0   7 0.00  0.0    0  4.6 15 260   M    M   0 1      18 270
 2  82  65  74   2   0   9 0.00  0.0    0  4.8 14 280   M    M   3        17 280
 3  85  63  74   2   0   9 0.00  0.0    0  6.3 16 220   M    M   1 1      20 160
 4  83  64  74   2   0   9 0.00  0.0    0  5.6 16 300   M    M   1        19 300
 5  86  65  76   4   0  11 0.00  0.0    0  6.5 14 230   M    M   2        19  90
 6  87  67  77   5   0  12 0.04  0.0    0  6.1 15 110   M    M   2 1      20 110
 7  85  68  77   5   0  12 0.00  0.0    0  6.9 15 130   M    M   4        18 130
 8  89  69  79   7   0  14 0.01  0.0    0  6.9 14 290   M    M   3 13     19 100
 9  88  67  78   6   0  13 0.00  0.0    0  7.3 16 140   M    M   3 1      21 140
10  89  70  80   8   0  15 0.03  0.0    0  7.4 18 220   M    M   3 13     23 220
11  88  69  79   6   0  14 0.00  0.0    0  7.5 17 210   M    M   3        22 310
12  89  69  79   6   0  14    T  0.0    0  7.9 18 130   M    M   2        22 220
13  88  73  81   8   0  16 0.02  0.0    0  8.6 22 210   M    M   2 3      25 200
14  88  70  79   6   0  14 0.00  0.0    0  8.4 18 220   M    M   2        22 220
15  88  71  80   7   0  15 0.01  0.0    0  6.9 18 220   M    M   2 1      22 200
16  88  72  80   7   0  15    T  0.0    0  7.4 20 220   M    M   4        22 220
17  87  71  79   6   0  14 0.00  0.0    0  7.3 16 200   M    M   1        21 220
18  87  73  80   6   0  15 0.00  0.0    0  6.1 16 230   M    M   2        21 220
19  89  72  81   7   0  16 0.00  0.0    0  8.3 22 210   M    M   1        26 220
20  89  76  83   9   0  18 0.00  0.0    0  8.7 21 230   M    M   4 138    26 220
21  87  74  81   7   0  16 0.24  0.0    0  4.6 14 280   M    M   8 18     18 290
22  84  74  79   5   0  14    T  0.0    0  4.0 10  80   M    M   9        13  80
23  87  74  81   7   0  16 0.00  0.0    0  6.0 17 240   M    M   5        23 220
24  87  74  81   6   0  16 0.00  0.0    0  8.8 18 290   M    M   4 8      23 290
25  88  74  81   6   0  16 0.00  0.0    0  8.4 16 240   M    M   1        22 250
================================================================================
SM 2169 1746         0 340  0.35     0.0 171.3          M       72
================================================================================
AV 86.8 69.8                               6.9 FASTST   M    M   3    MAX(MPH)
                                 MISC ---->  # 22 210               # 26  220
================================================================================
NOTES:
# LAST OF SEVERAL OCCURRENCES

COLUMN 17 PEAK WIND IN M.P.H.

PRELIMINARY LOCAL CLIMATOLOGICAL DATA (WS FORM: F-6) , PAGE 2

                                          STATION:  NAPLES
                                          MONTH:    APRIL
                                          YEAR:     2015
                                          LATITUDE:   26  8 N
                                          LONGITUDE:  81 46 W

[TEMPERATURE DATA]      [PRECIPITATION DATA]       SYMBOLS USED IN COLUMN 16

AVERAGE MONTHLY: 78.3   TOTAL FOR MONTH:   0.35    1 = FOG OR MIST
DPTR FM NORMAL:   5.3   DPTR FM NORMAL:   -1.71    2 = FOG REDUCING VISIBILITY
HIGHEST:    89 ON 20,19 GRTST 24HR  0.24 ON 21-21      TO 1/4 MILE OR LESS
LOWEST:     62 ON  1                               3 = THUNDER
                        SNOW, ICE PELLETS, HAIL    4 = ICE PELLETS
                        TOTAL MONTH:   0.0 INCH    5 = HAIL
                        GRTST 24HR     0.0         6 = FREEZING RAIN OR DRIZZLE
                        GRTST DEPTH:   0           7 = DUSTSTORM OR SANDSTORM:
                                                       VSBY 1/2 MILE OR LESS
                                                   8 = SMOKE OR HAZE
[NO. OF DAYS WITH]      [WEATHER - DAYS WITH]      9 = BLOWING SNOW
                                                   X = TORNADO
MAX 32 OR BELOW:   0    0.01 INCH OR MORE:   6
MAX 90 OR ABOVE:   0    0.10 INCH OR MORE:   1
MIN 32 OR BELOW:   0    0.50 INCH OR MORE:   0
MIN  0 OR BELOW:   0    1.00 INCH OR MORE:   0

[HDD (BASE 65) ]
TOTAL THIS MO.     0    CLEAR  (SCALE 0-3)  18
DPTR FM NORMAL     0    PTCLDY (SCALE 4-7)   6
TOTAL FM JUL 1   198    CLOUDY (SCALE 8-10)  1
DPTR FM NORMAL   -58

[CDD (BASE 65) ]
TOTAL THIS MO.   340
DPTR FM NORMAL   139    [PRESSURE DATA]
TOTAL FM JAN 1   820    HIGHEST SLP M ON M
DPTR FM NORMAL   252    LOWEST  SLP 29.84 ON M

[REMARKS]
