000
CXUS52 KFFC 171110
CF6ATL
PRELIMINARY LOCAL CLIMATOLOGICAL DATA (WS FORM: F-6)

                                          STATION:   ATLANTA
                                          MONTH:     APRIL
                                          YEAR:      2015
                                          LATITUDE:   33 39 N
                                          LONGITUDE:  84 26 W

  TEMPERATURE IN F:       :PCPN:    SNOW:  WIND      :SUNSHINE: SKY     :PK WND
================================================================================
1   2   3   4   5  6A  6B    7    8   9   10  11  12  13   14  15   16   17  18
                                     12Z  AVG MX 2MIN
DY MAX MIN AVG DEP HDD CDD  WTR  SNW DPTH SPD SPD DIR MIN PSBL S-S WX    SPD DR
================================================================================

 1  79  56  68  10   0   3 0.61  0.0    0  5.9 18 280   M    M   5 13     24 280
 2  76  59  68   9   0   3 0.07  0.0    0  7.2 17 280   M    M   9 138    21 280
 3  83  57  70  11   0   5 0.00  0.0    0  9.6 22 250   M    M   6 13     30 220
 4  72  52  62   3   3   0 0.34  0.0    0 13.6 25 340   M    M   5 13     33 340
 5  68  45  57  -2   8   0 0.00  0.0    0  9.7 20 110   M    M   5        26 110
 6  71  54  63   3   2   0 0.61  0.0    0  7.6 14 130   M    M   9 18     18 130
 7  81  63  72  12   0   7 0.00  0.0    0  4.3 12 220   M    M   9 128    17 200
 8  87  63  75  15   0  10 0.00  0.0    0  6.2 14 210   M    M   5        20 250
 9  85  65  75  15   0  10 0.00  0.0    0 10.1 17 210   M    M   7        21 210
10  77  65  71  10   0   6 1.52  0.0    0  7.2 18 310   M    M  10 13     24 310
11  78  55  67   6   0   2 0.00  0.0    0  7.1 14 340   M    M   7        21 330
12  70  56  63   2   2   0 0.02  0.0    0  8.0 16 130   M    M   9 18     22 120
13  75  64  70   9   0   5 0.19  0.0    0  7.2 15 190   M    M  10 1      21 170
14  81  66  74  12   0   9 0.36  0.0    0  8.4 16 280   M    M   9 13     21 290
15  77  56  67   5   0   2 0.50  0.0    0  8.1 22  30   M    M  10 1      25  70
16  58  53  56  -6   9   0 0.28  0.0    0 12.5 22  80   M    M  10 1      24  90
================================================================================
SM 1218  929        24  62  4.50     0.0 132.7          M      125
================================================================================
AV 76.1 58.1                               8.3 FASTST   M    M   8    MAX(MPH)
                                 MISC ---->  # 25 340               # 33  340
================================================================================
NOTES:
# LAST OF SEVERAL OCCURRENCES

COLUMN 17 PEAK WIND IN M.P.H.

PRELIMINARY LOCAL CLIMATOLOGICAL DATA (WS FORM: F-6) , PAGE 2

                                          STATION:  ATLANTA
                                          MONTH:    APRIL
                                          YEAR:     2015
                                          LATITUDE:   33 39 N
                                          LONGITUDE:  84 26 W

[TEMPERATURE DATA]      [PRECIPITATION DATA]       SYMBOLS USED IN COLUMN 16

AVERAGE MONTHLY: 67.1   TOTAL FOR MONTH:   4.50    1 = FOG OR MIST
DPTR FM NORMAL:   6.8   DPTR FM NORMAL:    2.68    2 = FOG REDUCING VISIBILITY
HIGHEST:    87 ON  8    GRTST 24HR  1.52 ON 10-10      TO 1/4 MILE OR LESS
LOWEST:     45 ON  5                               3 = THUNDER
                        SNOW, ICE PELLETS, HAIL    4 = ICE PELLETS
                        TOTAL MONTH:   0.0 INCH    5 = HAIL
                        GRTST 24HR     0.0         6 = FREEZING RAIN OR DRIZZLE
                        GRTST DEPTH:   0           7 = DUSTSTORM OR SANDSTORM:
                                                       VSBY 1/2 MILE OR LESS
                                                   8 = SMOKE OR HAZE
[NO. OF DAYS WITH]      [WEATHER - DAYS WITH]      9 = BLOWING SNOW
                                                   X = TORNADO
MAX 32 OR BELOW:   0    0.01 INCH OR MORE:  10
MAX 90 OR ABOVE:   0    0.10 INCH OR MORE:   8
MIN 32 OR BELOW:   0    0.50 INCH OR MORE:   4
MIN  0 OR BELOW:   0    1.00 INCH OR MORE:   1

[HDD (BASE 65) ]
TOTAL THIS MO.    24    CLEAR  (SCALE 0-3)   0
DPTR FM NORMAL   -73    PTCLDY (SCALE 4-7)   7
TOTAL FM JUL 1  2619    CLOUDY (SCALE 8-10)  9
DPTR FM NORMAL   -75

[CDD (BASE 65) ]
TOTAL THIS MO.    62
DPTR FM NORMAL    42    [PRESSURE DATA]
TOTAL FM JAN 1    77    HIGHEST SLP M ON M
DPTR FM NORMAL    44    LOWEST  SLP 29.92 ON M

[REMARKS]
