000
CXUS55 KDVN 301100
CF6CID
PRELIMINARY LOCAL CLIMATOLOGICAL DATA (WS FORM: F-6)

                                          STATION:   CEDAR RAPIDS IA
                                          MONTH:     MARCH
                                          YEAR:      2015
                                          LATITUDE:   41 52 N
                                          LONGITUDE:  91 42 W

  TEMPERATURE IN F:       :PCPN:    SNOW:  WIND      :SUNSHINE: SKY     :PK WND
================================================================================
1   2   3   4   5  6A  6B    7    8   9   10  11  12  13   14  15   16   17  18
                                     12Z  AVG MX 2MIN
DY MAX MIN AVG DEP HDD CDD  WTR  SNW DPTH SPD SPD DIR MIN PSBL S-S WX    SPD DR
================================================================================

 1  27   8  18 -12  47   0    T    M    M  8.0 20 310   M    M   6 12     22 320
 2  26   5  16 -14  49   0 0.00    M    M  7.4 14 140   M    M   4        19 150
 3  33  12  23  -8  42   0 0.25    M    M 17.3 26 310   M    M   8 1468   36 300
 4  16   0   8 -23  57   0    T    M    M 12.7 22 320   M    M   3        27 330
 5  10  -9   1 -31  64   0 0.00    M    M  7.3 15 320   M    M   0        19 310
 6  38   0  19 -13  46   0 0.00    M    M  9.7 21 180   M    M   2        24 180
 7  41  28  35   2  30   0 0.00    M    M  8.8 20 290   M    M   2        25 310
 8  47  27  37   4  28   0 0.00    M    M  3.3 12 190   M    M   3 1      14 190
 9  52  25  39   5  26   0 0.00    M    M  4.9 12 180   M    M   0 1      15 170
10  60  33  47  13  18   0 0.00    M    M  5.9 10 180   M    M   3 128    13 190
11  57  32  45  11  20   0 0.00    M    M  7.0 13 330   M    M   0        16  10
12  61  31  46  11  19   0 0.00    M    M 10.5 21 160   M    M   1 18     26 160
13  70  37  54  19  11   0 0.00    M    M  9.2 16 330   M    M   0 18     20 330
14  61  34  48  12  17   0 0.00    M    M 10.4 21 310   M    M   0 1      25 300
15  64  29  47  11  18   0 0.00    M    M 11.5 29 200   M    M   0        38 200
16  82  46  64  27   1   0 0.00    M    M 16.3 28 350   M    M   0        33 230
17  48  33  41   4  24   0 0.00    M    M 13.0 28 360   M    M   1        33 360
18  49  34  42   4  23   0 0.00    M    M  6.8 14 120   M    M   8        17 120
19  44  31  38   0  27   0 0.00    M    M  7.1 15 140   M    M   9        20 160
20  60  28  44   6  21   0 0.00    M    M  9.0 17 270   M    M   1 18     21 290
21  56  36  46   7  19   0 0.00    M    M 10.8 20 350   M    M   0        24 360
22  48  30  39   0  26   0 0.01    M    M 16.3 25  90   M    M   4 6      31 110
23  34  28  31  -9  34   0 0.10    M    M 14.2 28  80   M    M  10 16     35  70
24  35  28  32  -8  33   0 0.10    M    M 14.3 23  80   M    M   8 1      28 110
25  46  32  39  -2  26   0 0.00    M    M 12.7 23 310   M    M  10 1      28 320
26  47  25  36  -5  29   0 0.00    M    M 14.4 30 310   M    M   2        35 290
27  38  20  29 -12  36   0 0.00    M    M  8.1 20  40   M    M   2        25  30
28  43  18  31 -11  34   0 0.00    M    M  9.1 16 160   M    M   1        22 130
29  61  30  46   4  19   0 0.06    M    M 18.5 40 290   M    M   4 68     49 290
================================================================================
SM 1354  711       844   0  0.52    M    304.5          M       92
================================================================================
AV 46.7 24.5                              10.5 FASTST   M    M   3    MAX(MPH)
                                 MISC ---->  # 40 290               # 49  290
================================================================================
NOTES:
# LAST OF SEVERAL OCCURRENCES

COLUMN 17 PEAK WIND IN M.P.H.

PRELIMINARY LOCAL CLIMATOLOGICAL DATA (WS FORM: F-6) , PAGE 2

                                          STATION:  CEDAR RAPIDS IA
                                          MONTH:    MARCH
                                          YEAR:     2015
                                          LATITUDE:   41 52 N
                                          LONGITUDE:  91 42 W

[TEMPERATURE DATA]      [PRECIPITATION DATA]       SYMBOLS USED IN COLUMN 16

AVERAGE MONTHLY: 35.6   TOTAL FOR MONTH:   0.52    1 = FOG OR MIST
DPTR FM NORMAL:  -0.6   DPTR FM NORMAL:   -1.42    2 = FOG REDUCING VISIBILITY
HIGHEST:    82 ON 16    GRTST 24HR  0.25 ON  3- 3      TO 1/4 MILE OR LESS
LOWEST:     -9 ON  5                               3 = THUNDER
                        SNOW, ICE PELLETS, HAIL    4 = ICE PELLETS
                        TOTAL MONTH:    M          5 = HAIL
                        GRTST 24HR    M  ON   M    6 = FREEZING RAIN OR DRIZZLE
                        GRTST DEPTH:  M  ON   M    7 = DUSTSTORM OR SANDSTORM:
                                                       VSBY 1/2 MILE OR LESS
                                                   8 = SMOKE OR HAZE
[NO. OF DAYS WITH]      [WEATHER - DAYS WITH]      9 = BLOWING SNOW
                                                   X = TORNADO
MAX 32 OR BELOW:   4    0.01 INCH OR MORE:   5
MAX 90 OR ABOVE:   0    0.10 INCH OR MORE:   3
MIN 32 OR BELOW:  22    0.50 INCH OR MORE:   0
MIN  0 OR BELOW:   3    1.00 INCH OR MORE:   0

[HDD (BASE 65) ]
TOTAL THIS MO.   844    CLEAR  (SCALE 0-3)  17
DPTR FM NORMAL     8    PTCLDY (SCALE 4-7)   9
TOTAL FM JUL 1  6371    CLOUDY (SCALE 8-10)  3
DPTR FM NORMAL   252

[CDD (BASE 65) ]
TOTAL THIS MO.     0
DPTR FM NORMAL     0    [PRESSURE DATA]
TOTAL FM JAN 1     0    HIGHEST SLP M ON M
DPTR FM NORMAL     0    LOWEST  SLP 29.69 ON  3

[REMARKS]
