000
CXUS51 KILN 260531
CF6CVG
PRELIMINARY LOCAL CLIMATOLOGICAL DATA (WS FORM: F-6)

                                          STATION:   CINCINNATI OH
                                          MONTH:     APRIL
                                          YEAR:      2015
                                          LATITUDE:   39  2 N
                                          LONGITUDE:  84 40 W

  TEMPERATURE IN F:       :PCPN:    SNOW:  WIND      :SUNSHINE: SKY     :PK WND
================================================================================
1   2   3   4   5  6A  6B    7    8   9   10  11  12  13   14  15   16   17  18
                                     12Z  AVG MX 2MIN
DY MAX MIN AVG DEP HDD CDD  WTR  SNW DPTH SPD SPD DIR MIN PSBL S-S WX    SPD DR
================================================================================

 1  66  33  50   1  15   0 0.00  0.0    0  6.4 14 170   M    M   2 18     18  40
 2  65  50  58   8   7   0 0.87  0.0    0 11.0 24 180   M    M   9 13     36 200
 3  67  45  56   6   9   0 1.32  0.0    0 11.2 36 350   M    M   9 13     41 350
 4  54  33  44  -6  21   0 0.00  0.0    0  8.4 14 280   M    M   1        20 280
 5  63  33  48  -3  17   0 0.00  0.0    0  7.7 17 180   M    M   4        29 210
 6  69  46  58   7   7   0 0.13  0.0    0  7.9 20 190   M    M   8 3      26 200
 7  67  55  61  10   4   0 0.08  0.0    0  6.6 15 210   M    M  10 13     22 220
 8  71  54  63  11   2   0 0.45  0.0    0  8.9 30 180   M    M   8 135    38 170
 9  75  59  67  15   0   2 0.13  0.0    0  9.8 26 270   M    M   7 138    37 260
10  73  51  62  10   3   0 0.30  0.0    0 14.4 40 210   M    M   7 13     64 190
11  63  36  50  -3  15   0 0.00  0.0    0  4.1 22 340   M    M   1        26 350
12  73  43  58   5   7   0 0.00  0.0    0  4.6 14 130   M    M   4        17 100
13  79  55  67  14   0   2    T  0.0    0 10.0 23 300   M    M   6        29 230
14  65  55  60   6   5   0 0.00  0.0    0 14.0 26  60   M    M  10        36  60
15  64  53  59   5   6   0 0.01  0.0    0 13.2 22  70   M    M  10        26  60
16  74  55  65  11   0   0 0.12  0.0    0  8.1 23 200   M    M   9 1      30 200
17  76  56  66  11   0   1 0.02  0.0    0  2.9  9  10   M    M   8 18     31 330
18  78  51  65  10   0   0 0.00  0.0    0  6.6 16  60   M    M   6        21 100
19  68  59  64   9   1   0 0.78  0.0    0 13.1 18 120   M    M   9 1      33 140
20  62  48  55  -1  10   0 0.02  0.0    0 13.7 32 280   M    M   8        38 280
21  64  41  53  -3  12   0    T  0.0    0 13.2 33 260   M    M   4        45 260
22  55  40  48  -8  17   0 0.10  0.0    0 13.0 31 290   M    M   5 1      41 280
23  57  31  44 -13  21   0 0.00  0.0    0 10.3 24 310   M    M   1        31 320
24  61  32  47 -10  18   0 0.00  0.0    0  4.9 13 160   M    M   6        16 150
25  55  43  49  -8  16   0 0.67  0.0    0 11.7 23  70   M    M  10 1      29  50
================================================================================
SM 1664 1157       213   5  5.00     0.0 235.7          M      162
================================================================================
AV 66.6 46.3                               9.4 FASTST   M    M   6    MAX(MPH)
                                 MISC ---->  # 40 210               # 64  190
================================================================================
NOTES:
# LAST OF SEVERAL OCCURRENCES

COLUMN 17 PEAK WIND IN M.P.H.

PRELIMINARY LOCAL CLIMATOLOGICAL DATA (WS FORM: F-6) , PAGE 2

                                          STATION:  CINCINNATI OH
                                          MONTH:    APRIL
                                          YEAR:     2015
                                          LATITUDE:   39  2 N
                                          LONGITUDE:  84 40 W

[TEMPERATURE DATA]      [PRECIPITATION DATA]       SYMBOLS USED IN COLUMN 16

AVERAGE MONTHLY: 56.4   TOTAL FOR MONTH:   5.00    1 = FOG OR MIST
DPTR FM NORMAL:   3.1   DPTR FM NORMAL:    1.80    2 = FOG REDUCING VISIBILITY
HIGHEST:    79 ON 13    GRTST 24HR  2.15 ON  2- 3      TO 1/4 MILE OR LESS
LOWEST:     31 ON 23                               3 = THUNDER
                        SNOW, ICE PELLETS, HAIL    4 = ICE PELLETS
                        TOTAL MONTH:   0.0 INCH    5 = HAIL
                        GRTST 24HR     0.0         6 = FREEZING RAIN OR DRIZZLE
                        GRTST DEPTH:   0           7 = DUSTSTORM OR SANDSTORM:
                                                       VSBY 1/2 MILE OR LESS
                                                   8 = SMOKE OR HAZE
[NO. OF DAYS WITH]      [WEATHER - DAYS WITH]      9 = BLOWING SNOW
                                                   X = TORNADO
MAX 32 OR BELOW:   0    0.01 INCH OR MORE:  14
MAX 90 OR ABOVE:   0    0.10 INCH OR MORE:  10
MIN 32 OR BELOW:   2    0.50 INCH OR MORE:   4
MIN  0 OR BELOW:   0    1.00 INCH OR MORE:   1

[HDD (BASE 65) ]
TOTAL THIS MO.   213    CLEAR  (SCALE 0-3)   4
DPTR FM NORMAL   -90    PTCLDY (SCALE 4-7)  11
TOTAL FM JUL 1  5145    CLOUDY (SCALE 8-10) 10
DPTR FM NORMAL   349

[CDD (BASE 65) ]
TOTAL THIS MO.     5
DPTR FM NORMAL    -8    [PRESSURE DATA]
TOTAL FM JAN 1     5    HIGHEST SLP 30.36 ON  4
DPTR FM NORMAL    -8    LOWEST  SLP 29.41 ON 19

[REMARKS]
