000
CXUS53 KBIS 250724
CF6DIK
PRELIMINARY LOCAL CLIMATOLOGICAL DATA (WS FORM: F-6)

                                          STATION:   DICKINSON ND
                                          MONTH:     APRIL
                                          YEAR:      2015
                                          LATITUDE:   46 47 N
                                          LONGITUDE: 102 48 W

  TEMPERATURE IN F:       :PCPN:    SNOW:  WIND      :SUNSHINE: SKY     :PK WND
================================================================================
1   2   3   4   5  6A  6B    7    8   9   10  11  12  13   14  15   16   17  18
                                     12Z  AVG MX 2MIN
DY MAX MIN AVG DEP HDD CDD  WTR  SNW DPTH SPD SPD DIR MIN PSBL S-S WX    SPD DR
================================================================================

 1  63  31  47  11  18   0 0.00    M    M 22.7 40 310   M    M   1        50 300
 2  40  20  30  -7  35   0    T    M    M 22.8 47 290   M    M   5        58 280
 3  50  17  34  -3  31   0 0.00    M    M 12.8 30 300   M    M   3        35 300
 4  57  20  39   1  26   0 0.00    M    M  6.6 24 210   M    M   4        28 210
 5  51  26  39   1  26   0 0.00    M    M 14.7 24  50   M    M   7        30  40
 6  35  25  30  -8  35   0    T    M    M 15.3 23  80   M    M  10 1      28  70
 7  57  29  43   4  22   0    T    M    M  9.8 17 100   M    M   6        23  90
 8  42  32  37  -2  28   0 0.40    M    M  9.0 17  80   M    M  10 12     21  80
 9  59  31  45   5  20   0 0.00    M    M 14.4 26 290   M    M   4 12     32 280
10  63  21  42   2  23   0 0.00    M    M  7.2 14 230   M    M   0        17 210
11  76  34  55  14  10   0 0.00    M    M 11.5 25 220   M    M   0        34 190
12  57  29  43   2  22   0 0.00    M    M 20.0 33 280   M    M   5        42 280
13  59  30  45   4  20   0 0.00    M    M 12.6 24 280   M    M   0        30 280
14  79  38  59  17   6   0 0.00    M    M 20.4 33 160   M    M   0        41 170
15  65  38  52  10  13   0 0.00    M    M 11.9 29 170   M    M   2        38 170
16  62  32  47   4  18   0 0.00    M    M  9.6 21 350   M    M   3        26 350
17  70  27  49   6  16   0 0.00    M    M  7.3 14 280   M    M   0        17 290
18  69  33  51   8  14   0 0.23    M    M 10.3 28 270   M    M   4 13     35 230
19  49  26  38  -6  27   0 0.00    M    M 18.4 36 320   M    M   4        44 330
20  53  22  38  -6  27   0 0.00    M    M 15.4 32 330   M    M   2        42 320
21  49  21  35  -9  30   0 0.00    M    M  9.1 20  30   M    M   4        27  20
22  55  20  38  -7  27   0 0.00    M    M  8.2 14 110   M    M   0        24 100
23  59  24  42  -3  23   0    T    M    M 15.5 29 130   M    M   2        34 130
24  69  26  48   2  17   0 0.00    M    M  7.0 15  70   M    M   0        18  70
================================================================================
SM 1388  652       534   0  0.63    M    312.5          M       76
================================================================================
AV 57.8 27.2                              13.0 FASTST   M    M   3    MAX(MPH)
                                 MISC ---->  # 47 290               # 58  280
================================================================================
NOTES:
# LAST OF SEVERAL OCCURRENCES

COLUMN 17 PEAK WIND IN M.P.H.

PRELIMINARY LOCAL CLIMATOLOGICAL DATA (WS FORM: F-6) , PAGE 2

                                          STATION:  DICKINSON ND
                                          MONTH:    APRIL
                                          YEAR:     2015
                                          LATITUDE:   46 47 N
                                          LONGITUDE: 102 48 W

[TEMPERATURE DATA]      [PRECIPITATION DATA]       SYMBOLS USED IN COLUMN 16

AVERAGE MONTHLY: 42.5   TOTAL FOR MONTH:   0.63    1 = FOG OR MIST
DPTR FM NORMAL:   1.4   DPTR FM NORMAL:   -0.45    2 = FOG REDUCING VISIBILITY
HIGHEST:    79 ON 14    GRTST 24HR  0.40 ON  8- 8      TO 1/4 MILE OR LESS
LOWEST:     17 ON  3                               3 = THUNDER
                        SNOW, ICE PELLETS, HAIL    4 = ICE PELLETS
                        TOTAL MONTH:    M          5 = HAIL
                        GRTST 24HR    M  ON   M    6 = FREEZING RAIN OR DRIZZLE
                        GRTST DEPTH:  M  ON   M    7 = DUSTSTORM OR SANDSTORM:
                                                       VSBY 1/2 MILE OR LESS
                                                   8 = SMOKE OR HAZE
[NO. OF DAYS WITH]      [WEATHER - DAYS WITH]      9 = BLOWING SNOW
                                                   X = TORNADO
MAX 32 OR BELOW:   0    0.01 INCH OR MORE:   2
MAX 90 OR ABOVE:   0    0.10 INCH OR MORE:   2
MIN 32 OR BELOW:  20    0.50 INCH OR MORE:   0
MIN  0 OR BELOW:   0    1.00 INCH OR MORE:   0

[HDD (BASE 65) ]
TOTAL THIS MO.   534    CLEAR  (SCALE 0-3)  12
DPTR FM NORMAL   -38    PTCLDY (SCALE 4-7)  10
TOTAL FM JUL 1  7477    CLOUDY (SCALE 8-10)  2
DPTR FM NORMAL  -475

[CDD (BASE 65) ]
TOTAL THIS MO.     0
DPTR FM NORMAL     0    [PRESSURE DATA]
TOTAL FM JAN 1     0    HIGHEST SLP M ON M
DPTR FM NORMAL     0    LOWEST  SLP 29.35 ON  1

[REMARKS]
