000
CXUS54 KBMX 241216
CF6EET
PRELIMINARY LOCAL CLIMATOLOGICAL DATA (WS FORM: F-6)

                                          STATION:   SHELBY COUNTY AIRPORT
                                          MONTH:     APRIL
                                          YEAR:      2015
                                          LATITUDE:   33 10 N
                                          LONGITUDE:  86 47 W

  TEMPERATURE IN F:       :PCPN:    SNOW:  WIND      :SUNSHINE: SKY     :PK WND
================================================================================
1   2   3   4   5  6A  6B    7    8   9   10  11  12  13   14  15   16   17  18
                                     12Z  AVG MX 2MIN
DY MAX MIN AVG DEP HDD CDD  WTR  SNW DPTH SPD SPD DIR MIN PSBL S-S WX    SPD DR
================================================================================

 1  82  56  69  10   0   4 0.36  0.0    0  2.4 17 350   M    M   2 123    25 320
 2  79  63  71  12   0   6 0.23  0.0    0  6.4 15 200   M    M   5 13     23 190
 3  84  61  73  13   0   8 0.57  0.0    0  8.8 18 170   M    M   4 13     26 180
 4  69  50  60   0   5   0 0.05  0.0    0  6.6 15 360   M    M   1 1      24 360
 5  72  46  59  -1   6   0 0.00  0.0    0  4.2 14 130   M    M   1        21 130
 6  70  59  65   5   0   0 0.61  0.0    0  3.0 13 160   M    M   8 1      17 160
 7  79  63  71  11   0   6    T  0.0    0  3.1 10 170   M    M   5 1      14 190
 8  84  59  72  11   0   7 0.00  0.0    0  2.7 12 250   M    M   2 12     16 270
 9  85  65  75  14   0  10 0.00  0.0    0  6.7 16 170   M    M   2 1      21 210
10  77  63  70   9   0   5 0.74  0.0    0  4.0 17 290   M    M   5 13     28 290
11  80  56  68   7   0   3 0.00  0.0    0  3.2 12 350   M    M   0        16  70
12  75  55  65   3   0   0 0.00  0.0    0  3.2  9 110   M    M   3        16 110
13  75  67  71   9   0   6 0.62  0.0    0  6.2 14 180   M    M  10 1      23 180
14  77  65  71   9   0   6 0.09  0.0    0  4.9 12 190   M    M   7 1      16 190
15  81  65  73  11   0   8 0.00  0.0    0  2.5 10 220   M    M   7 1      14 220
16  71  60  66   3   0   1 0.11  0.0    0  5.3 10 140   M    M  10 13     17 120
17  66  59  63   0   2   0 0.80  0.0    0  2.7  8  70   M    M  10 1      13  70
18  73  62  68   5   0   3 0.27  0.0    0  2.6  9 160   M    M   9 1      13 150
19  79  63  71   8   0   6 0.67  0.0    0  6.4 18 300   M    M   6 1      27 290
20  75  55  65   1   0   0 0.00  0.0    0  7.1 17 300   M    M   2        27 310
21  73  48  61  -3   4   0 0.00  0.0    0  3.5 13 310   M    M   0        19 330
22  80  50  65   1   0   0 0.00  0.0    0  3.7 12 320   M    M   0        22 290
23  70  54  62  -2   3   0    T  0.0    0  2.1  9 350   M    M   3        15  40
================================================================================
SM 1756 1344        20  79  5.12     0.0 101.3          M      102
================================================================================
AV 76.3 58.4                               4.4 FASTST   M    M   4    MAX(MPH)
                                 MISC ---->  # 18 170               # 28  290
================================================================================
NOTES:
# LAST OF SEVERAL OCCURRENCES

COLUMN 17 PEAK WIND IN M.P.H.

PRELIMINARY LOCAL CLIMATOLOGICAL DATA (WS FORM: F-6) , PAGE 2

                                          STATION:  SHELBY COUNTY AIRPORT
                                          MONTH:    APRIL
                                          YEAR:     2015
                                          LATITUDE:   33 10 N
                                          LONGITUDE:  86 47 W

[TEMPERATURE DATA]      [PRECIPITATION DATA]       SYMBOLS USED IN COLUMN 16

AVERAGE MONTHLY: 67.4   TOTAL FOR MONTH:   5.12    1 = FOG OR MIST
DPTR FM NORMAL:   5.7   DPTR FM NORMAL:    2.10    2 = FOG REDUCING VISIBILITY
HIGHEST:    85 ON  9    GRTST 24HR  0.94 ON 18-19      TO 1/4 MILE OR LESS
LOWEST:     46 ON  5                               3 = THUNDER
                        SNOW, ICE PELLETS, HAIL    4 = ICE PELLETS
                        TOTAL MONTH:   0.0 INCH    5 = HAIL
                        GRTST 24HR     0.0         6 = FREEZING RAIN OR DRIZZLE
                        GRTST DEPTH:   0           7 = DUSTSTORM OR SANDSTORM:
                                                       VSBY 1/2 MILE OR LESS
                                                   8 = SMOKE OR HAZE
[NO. OF DAYS WITH]      [WEATHER - DAYS WITH]      9 = BLOWING SNOW
                                                   X = TORNADO
MAX 32 OR BELOW:   0    0.01 INCH OR MORE:  12
MAX 90 OR ABOVE:   0    0.10 INCH OR MORE:  10
MIN 32 OR BELOW:   0    0.50 INCH OR MORE:   6
MIN  0 OR BELOW:   0    1.00 INCH OR MORE:   0

[HDD (BASE 65) ]
TOTAL THIS MO.    20    CLEAR  (SCALE 0-3)  10
DPTR FM NORMAL   -93    PTCLDY (SCALE 4-7)   9
TOTAL FM JUL 1  2473    CLOUDY (SCALE 8-10)  4
DPTR FM NORMAL   -78

[CDD (BASE 65) ]
TOTAL THIS MO.    79
DPTR FM NORMAL    42    [PRESSURE DATA]
TOTAL FM JAN 1    95    HIGHEST SLP M ON M
DPTR FM NORMAL    41    LOWEST  SLP 29.65 ON 19

[REMARKS]
