000
CXUS55 KRIW 210903
CF6GEY
PRELIMINARY LOCAL CLIMATOLOGICAL DATA (WS FORM: F-6)

                                          STATION:   GREYBULL WY
                                          MONTH:     APRIL
                                          YEAR:      2015
                                          LATITUDE:   44 30 N
                                          LONGITUDE: 108  4 W

  TEMPERATURE IN F:       :PCPN:    SNOW:  WIND      :SUNSHINE: SKY     :PK WND
================================================================================
1   2   3   4   5  6A  6B    7    8   9   10  11  12  13   14  15   16   17  18
                                     12Z  AVG MX 2MIN
DY MAX MIN AVG DEP HDD CDD  WTR  SNW DPTH SPD SPD DIR MIN PSBL S-S WX    SPD DR
================================================================================

 1  59  34  47   5  18   0 0.00  0.0    M 17.2 39 340   M    M   3        46 330
 2  49  28  39  -3  26   0 0.00  0.0    M 13.7 31 330   M    M   2        41 360
 3  52  20  36  -7  29   0 0.00  0.0    M  4.8 18 150   M    M   1        23 150
 4  62  26  44   1  21   0 0.00  0.0    M  6.4 28 320   M    M   1 8      33 320
 5  62  30  46   3  19   0 0.00  0.0    M  8.3 29 310   M    M   1        35 310
 6  56  36  46   2  19   0 0.00  0.0    M  7.8 28 330   M    M   6        34 320
 7  58  32  45   1  20   0    T    M    M  5.5 21 170   M    M   3        27 310
 8  54  36  45   1  20   0    T    M    M 13.5 29 340   M    M   3        35 330
 9  58  23  41  -3  24   0 0.00  0.0    M  4.0 13 150   M    M   0        18 200
10  64  30  47   2  18   0 0.00    M    M  3.9 13 210   M    M   1        18 170
11  71  38  55  10  10   0 0.00  0.0    M  8.9 26 270   M    M   1        33 270
12  59  36  48   3  17   0    T    M    M 16.6 45 330   M    M   3        55 330
13  68  30  49   3  16   0 0.00  0.0    M  6.2 21 130   M    M   1        27 130
14  82  35  59  13   6   0 0.00    M    M 16.4 43 320   M    M   0        50 310
15  47  36  42  -4  23   0    T    M    M 30.4 46 330   M    M   9        57 320
16  57  36  47   1  18   0 0.00    M    M  9.0 26 320   M    M   4        34 330
17  65  28  47   0  18   0 0.00  0.0    M  5.0 10 170   M    M   0        14 340
18  69  33  51   4  14   0 0.00  0.0    M 19.2 44 330   M    M   2        52 330
19  56  30  43  -4  22   0 0.00  0.0    M 13.0 23 330   M    M   2        31 330
20  63  32  48   0  17   0 0.00  0.0    M  6.9 22 350   M    M   2        29 330
================================================================================
SM 1211  629       375   0    T      0.0 216.7          M       45
================================================================================
AV 60.5 31.5                              10.8 FASTST   M    M   2    MAX(MPH)
                                 MISC ---->  # 46 330               # 57  320
================================================================================
NOTES:
# LAST OF SEVERAL OCCURRENCES

COLUMN 17 PEAK WIND IN M.P.H.

PRELIMINARY LOCAL CLIMATOLOGICAL DATA (WS FORM: F-6) , PAGE 2

                                          STATION:  GREYBULL WY
                                          MONTH:    APRIL
                                          YEAR:     2015
                                          LATITUDE:   44 30 N
                                          LONGITUDE: 108  4 W

[TEMPERATURE DATA]      [PRECIPITATION DATA]       SYMBOLS USED IN COLUMN 16

AVERAGE MONTHLY: 46.0   TOTAL FOR MONTH:      T    1 = FOG OR MIST
DPTR FM NORMAL:   1.2   DPTR FM NORMAL:   -0.41    2 = FOG REDUCING VISIBILITY
HIGHEST:    82 ON 14    GRTST 24HR    T  ON 15-15      TO 1/4 MILE OR LESS
LOWEST:     20 ON  3                               3 = THUNDER
                        SNOW, ICE PELLETS, HAIL    4 = ICE PELLETS
                        TOTAL MONTH:   0.0 INCH    5 = HAIL
                        GRTST 24HR     0.0         6 = FREEZING RAIN OR DRIZZLE
                        GRTST DEPTH:  M  ON   M    7 = DUSTSTORM OR SANDSTORM:
                                                       VSBY 1/2 MILE OR LESS
                                                   8 = SMOKE OR HAZE
[NO. OF DAYS WITH]      [WEATHER - DAYS WITH]      9 = BLOWING SNOW
                                                   X = TORNADO
MAX 32 OR BELOW:   0    0.01 INCH OR MORE:   0
MAX 90 OR ABOVE:   0    0.10 INCH OR MORE:   0
MIN 32 OR BELOW:  11    0.50 INCH OR MORE:   0
MIN  0 OR BELOW:   0    1.00 INCH OR MORE:   0

[HDD (BASE 65) ]
TOTAL THIS MO.   375    CLEAR  (SCALE 0-3)  15
DPTR FM NORMAL   -27    PTCLDY (SCALE 4-7)   4
TOTAL FM JUL 1  6722    CLOUDY (SCALE 8-10)  1
DPTR FM NORMAL  -522

[CDD (BASE 65) ]
TOTAL THIS MO.     0
DPTR FM NORMAL     0    [PRESSURE DATA]
TOTAL FM JAN 1     0    HIGHEST SLP M ON M
DPTR FM NORMAL     0    LOWEST  SLP 29.34 ON 14

[REMARKS]
