000
CXUS53 KIND 210730
CF6GEZ
PRELIMINARY LOCAL CLIMATOLOGICAL DATA (WS FORM: F-6)

                                          STATION:   SHELBYVILLE IN
                                          MONTH:     APRIL
                                          YEAR:      2015
                                          LATITUDE:   39 35 N
                                          LONGITUDE:  85 48 W

  TEMPERATURE IN F:       :PCPN:    SNOW:  WIND      :SUNSHINE: SKY     :PK WND
================================================================================
1   2   3   4   5  6A  6B    7    8   9   10  11  12  13   14  15   16   17  18
                                     12Z  AVG MX 2MIN
DY MAX MIN AVG DEP HDD CDD  WTR  SNW DPTH SPD SPD DIR MIN PSBL S-S WX    SPD DR
================================================================================

 1  69  34  52   4  13   0 0.00    M    M  9.4 18 190   M    M   0 18     22 190
 2  72  50  61  13   4   0 0.20    M    M 12.1 25 210   M    M   7 13     32 220
 3  59  42  51   2  14   0 0.33    M    M  9.1 31 340   M    M  10 18     39 340
 4  56  29  43  -6  22   0 0.00    M    M  9.0 21 350   M    M   1        26 360
 5  65  35  50   1  15   0 0.00    M    M  9.9 20 230   M    M   0        26 220
 6  63  46  55   5  10   0 0.01    M    M  8.3 21 200   M    M   9        25 210
 7  68  56  62  12   3   0 0.50    M    M  6.7 14 170   M    M   9 1238   19 170
 8  72  57  65  15   0   0 0.62    M    M  9.5 30 300   M    M   5 123    39 290
 9  81  63  72  21   0   7 0.12    M    M 16.3 32 220   M    M   4 13     40 210
10  71  46  59   8   6   0 0.54    M    M 18.4 33 210   M    M   4 13     41 200
11  63  37  50  -1  15   0 0.00    M    M  3.5 10 290   M    M   0 8      13 100
12  73  43  58   6   7   0 0.00    M    M  8.4 17 160   M    M   0        22 150
13  74  57  66  14   0   1    T    M    M 12.1 23 190   M    M   4        28 190
14  64  53  59   7   6   0 0.00    M    M  9.2 18  50   M    M   0        25  60
15  70  45  58   5   7   0 0.14    M    M 13.0 25 100   M    M   4        31 100
16  72  55  64  11   1   0    T    M    M  7.7 17 100   M    M   8 18     21 100
17  78  49  64  11   1   0 0.00    M    M  2.4  9  10   M    M   4 12     13  30
18  80  49  65  11   0   0 0.00    M    M  6.0 13  70   M    M   0        19 130
19  67  57  62   8   3   0 1.10    M    M 13.0 28 220   M    M   7 1      35 230
20  62  48  55   1  10   0 0.20    M    M 16.2 29 260   M    M   9 1      37 270
================================================================================
SM 1379  951       137   8  3.76    M    200.2          M       85
================================================================================
AV 68.9 47.5                              10.0 FASTST   M    M   4    MAX(MPH)
                                 MISC ---->  # 33 210               # 41  200
================================================================================
NOTES:
# LAST OF SEVERAL OCCURRENCES

COLUMN 17 PEAK WIND IN M.P.H.

PRELIMINARY LOCAL CLIMATOLOGICAL DATA (WS FORM: F-6) , PAGE 2

                                          STATION:  SHELBYVILLE IN
                                          MONTH:    APRIL
                                          YEAR:     2015
                                          LATITUDE:   39 35 N
                                          LONGITUDE:  85 48 W

[TEMPERATURE DATA]      [PRECIPITATION DATA]       SYMBOLS USED IN COLUMN 16

AVERAGE MONTHLY: 58.2   TOTAL FOR MONTH:   3.76    1 = FOG OR MIST
DPTR FM NORMAL:   7.1   DPTR FM NORMAL:    1.16    2 = FOG REDUCING VISIBILITY
HIGHEST:    81 ON  9    GRTST 24HR  1.27 ON 19-20      TO 1/4 MILE OR LESS
LOWEST:     29 ON  4                               3 = THUNDER
                        SNOW, ICE PELLETS, HAIL    4 = ICE PELLETS
                        TOTAL MONTH:    M          5 = HAIL
                        GRTST 24HR    M  ON   M    6 = FREEZING RAIN OR DRIZZLE
                        GRTST DEPTH:  M  ON   M    7 = DUSTSTORM OR SANDSTORM:
                                                       VSBY 1/2 MILE OR LESS
                                                   8 = SMOKE OR HAZE
[NO. OF DAYS WITH]      [WEATHER - DAYS WITH]      9 = BLOWING SNOW
                                                   X = TORNADO
MAX 32 OR BELOW:   0    0.01 INCH OR MORE:  10
MAX 90 OR ABOVE:   0    0.10 INCH OR MORE:   9
MIN 32 OR BELOW:   1    0.50 INCH OR MORE:   4
MIN  0 OR BELOW:   0    1.00 INCH OR MORE:   1

[HDD (BASE 65) ]
TOTAL THIS MO.   137    CLEAR  (SCALE 0-3)   7
DPTR FM NORMAL  -146    PTCLDY (SCALE 4-7)   9
TOTAL FM JUL 1  5348    CLOUDY (SCALE 8-10)  4
DPTR FM NORMAL   182

[CDD (BASE 65) ]
TOTAL THIS MO.     8
DPTR FM NORMAL     8    [PRESSURE DATA]
TOTAL FM JAN 1     8    HIGHEST SLP M ON M
DPTR FM NORMAL     7    LOWEST  SLP 29.33 ON 19

[REMARKS]
