000
CXUS52 TJSJ 010519
CF6ISX
PRELIMINARY LOCAL CLIMATOLOGICAL DATA (WS FORM: F-6)

                                          STATION:   HENRY E. ROHLSEN AP/ST CROIX
                                          MONTH:     MARCH
                                          YEAR:      2015
                                          LATITUDE:   17 42 N
                                          LONGITUDE:  64 48 W

  TEMPERATURE IN F:       :PCPN:    SNOW:  WIND      :SUNSHINE: SKY     :PK WND
================================================================================
1   2   3   4   5  6A  6B    7    8   9   10  11  12  13   14  15   16   17  18
                                     12Z  AVG MX 2MIN
DY MAX MIN AVG DEP HDD CDD  WTR  SNW DPTH SPD SPD DIR MIN PSBL S-S WX    SPD DR
================================================================================

 1  84  72  78   0   0  13 0.06  0.0    0 12.7 25  70   M    M   4        36  70
 2  84  73  79   1   0  14 0.03  0.0    0 11.5 24 110   M    M   2 1      29 110
 3  84  72  78   0   0  13 0.04  0.0    0 10.7 28 110   M    M   2        35 100
 4  84  74  79   1   0  14 0.04  0.0    0 14.7 26  90   M    M   4        33  90
 5  86  70  78   0   0  13 0.02  0.0    0 15.4 28  80   M    M   2        36 100
 6  86  72  79   1   0  14    T  0.0    0 14.4 28  90   M    M   5        36  80
 7  87  71  79   1   0  14 0.02  0.0    0 11.4 24 100   M    M   3        28 100
 8  83  70  77  -1   0  12 0.04  0.0    0 10.6 23  70   M    M   6        30  80
 9  85  71  78   0   0  13 0.09  0.0    0 12.9 23  90   M    M   5        28  90
10  87  75  81   3   0  16    T  0.0    0 17.1 23  90   M    M   4        35  90
11  84  74  79   1   0  14 0.15  0.0    0 13.7 25  80   M    M   3 1      31  80
12  86  74  80   2   0  15    T  0.0    0 13.7 23  90   M    M   4        28  80
13  85  73  79   1   0  14    T  0.0    0 10.9 18 110   M    M   3        28 110
14  86  74  80   2   0  15    T  0.0    0 14.7 22 100   M    M   4        30 100
15  86  71  79   1   0  14 0.00  0.0    0 11.0 22 100   M    M   1        27 100
16  84  70  77  -1   0  12 0.13  0.0    0  8.0 20  10   M    M   5        23 110
17  84  68  76  -2   0  11    T  0.0    0  7.1 15 100   M    M   3        21 100
18  85  69  77  -1   0  12 0.01  0.0    0  6.0 17 110   M    M   4        22 110
19  85  71  78  -1   0  13    T  0.0    0  9.4 20  90   M    M   3        24 110
20  85  70  78  -1   0  13 0.00  0.0    0  9.0 17 110   M    M   0        22 100
21  84  68  76  -3   0  11    T  0.0    0  7.6 16 110   M    M   1        21 100
22  83  69  76  -3   0  11 0.13  0.0    0  7.6 18  70   M    M   3 1      22  70
23  85  70  78  -1   0  13    T  0.0    0  8.0 16 110   M    M   3        22 100
24  86  71  79   0   0  14 0.00  0.0    0  8.2 17 100   M    M   2        22 140
25  86  72  79   0   0  14 0.00  0.0    0  9.4 18 100   M    M   2        25 110
26  87  73  80   1   0  15 0.00  0.0    0 12.3 22 100   M    M   2        29 100
27  86  75  81   2   0  16 0.00  0.0    M 12.5 23 100   M    M   2        30 100
28  86  76  81   2   0  16 0.00    M    M 14.4 21 100   M    M   3        21 100
29  86  72  79   0   0  14 0.00  0.0    0 11.4 20 100   M    M   1        24  90
30  86  71  79   0   0  14    T  0.0    M  9.8 21 100   M    M   3        26  90
31  86  70  78  -1   0  13    T  0.0    M 10.1 20 110   M    M   3        25 100
================================================================================
SM 2641 2221         0 420  0.76     0.0 346.2          M       92
================================================================================
AV 85.2 71.6                              11.2 FASTST   M    M   3    MAX(MPH)
                                 MISC ---->  # 28 110               # 36   70
================================================================================
NOTES:
# LAST OF SEVERAL OCCURRENCES

COLUMN 17 PEAK WIND IN M.P.H.

PRELIMINARY LOCAL CLIMATOLOGICAL DATA (WS FORM: F-6) , PAGE 2

                                          STATION:  HENRY E. ROHLSEN AP/ST CROIX
                                          MONTH:    MARCH
                                          YEAR:     2015
                                          LATITUDE:   17 42 N
                                          LONGITUDE:  64 48 W

[TEMPERATURE DATA]      [PRECIPITATION DATA]       SYMBOLS USED IN COLUMN 16

AVERAGE MONTHLY: 78.4   TOTAL FOR MONTH:   0.76    1 = FOG OR MIST
DPTR FM NORMAL:  -0.2   DPTR FM NORMAL:   -0.80    2 = FOG REDUCING VISIBILITY
HIGHEST:    87 ON 26,10 GRTST 24HR  0.15 ON 11-11      TO 1/4 MILE OR LESS
LOWEST:     68 ON 21,17                            3 = THUNDER
                        SNOW, ICE PELLETS, HAIL    4 = ICE PELLETS
                        TOTAL MONTH:   0.0 INCH    5 = HAIL
                        GRTST 24HR     0.0         6 = FREEZING RAIN OR DRIZZLE
                        GRTST DEPTH:   0           7 = DUSTSTORM OR SANDSTORM:
                                                       VSBY 1/2 MILE OR LESS
                                                   8 = SMOKE OR HAZE
[NO. OF DAYS WITH]      [WEATHER - DAYS WITH]      9 = BLOWING SNOW
                                                   X = TORNADO
MAX 32 OR BELOW:   0    0.01 INCH OR MORE:  12
MAX 90 OR ABOVE:   0    0.10 INCH OR MORE:   3
MIN 32 OR BELOW:   0    0.50 INCH OR MORE:   0
MIN  0 OR BELOW:   0    1.00 INCH OR MORE:   0

[HDD (BASE 65) ]
TOTAL THIS MO.     0    CLEAR  (SCALE 0-3)  17
DPTR FM NORMAL     0    PTCLDY (SCALE 4-7)  14
TOTAL FM JUL 1     0    CLOUDY (SCALE 8-10)  0
DPTR FM NORMAL     0

[CDD (BASE 65) ]
TOTAL THIS MO.   420
DPTR FM NORMAL     0    [PRESSURE DATA]
TOTAL FM JAN 1  1223    HIGHEST SLP M ON M
DPTR FM NORMAL    26    LOWEST  SLP 29.93 ON 18

[REMARKS]
#FINAL-03-15#
