000
CXUS55 KRIW 190903
CF6JAC
PRELIMINARY LOCAL CLIMATOLOGICAL DATA (WS FORM: F-6)

                                          STATION:   JACKSON  WY
                                          MONTH:     APRIL
                                          YEAR:      2015
                                          LATITUDE:   43 35 N
                                          LONGITUDE: 110 44 W

  TEMPERATURE IN F:       :PCPN:    SNOW:  WIND      :SUNSHINE: SKY     :PK WND
================================================================================
1   2   3   4   5  6A  6B    7    8   9   10  11  12  13   14  15   16   17  18
                                     12Z  AVG MX 2MIN
DY MAX MIN AVG DEP HDD CDD  WTR  SNW DPTH SPD SPD DIR MIN PSBL S-S WX    SPD DR
================================================================================

 1  45  25  35   3  30   0    M    M    M 11.4 21 190   M    M   6        24 190
 2  36  19  28  -5  37   0    M    M    M  7.3 14 350   M    M   4        21 350
 3  43  12  28  -5  37   0    M    M    M  5.2 14 190   M    M   1        21 180
 4  48  25  37   4  28   0    M    M    M  4.4 18 180   M    M   7        24 190
 5  48  28  38   4  27   0    M    M    M  8.4 15 260   M    M   5        25 220
 6  39  21  30  -4  35   0    M    M    M  8.1 16 250   M    M   7 1      23 250
 7  37  18  28  -6  37   0    M    M    M  5.1 10 220   M    M   4 1      16 220
 8  45  25  35   0  30   0    M    M    M  2.9 16 350   M    M   9 1      29 350
 9  45  21  33  -2  32   0    M    M    M  4.2 13 190   M    M   4        16 190
10  54  27  41   6  24   0    M    M    M  3.4 14 200   M    M   6        18 190
11  57  25  41   5  24   0    M    M    M  9.8 23 220   M    M   4        33 220
12  46  28  37   1  28   0    M    M    M 11.3 20 170   M    M   6        30 170
13  59  25  42   6  23   0    M    M    M  6.6 16 190   M    M   0        23 190
14  61  28  45   9  20   0    M    M    M  8.0 21 220   M    M   6        27 220
15  45  25  35  -2  30   0    M    M    M 12.6 25 350   M    M   7 1      32 350
16  52  28  40   3  25   0    M    M    M 13.1 17 360   M    M   1        23  10
17  63  27  45   8  20   0    M    M    M 10.3 18 340   M    M   0        21 320
18  61  23  42   4  23   0    M    M    M 10.4 18  10   M    M   1        25  10
================================================================================
SM  884  430       510   0    M     M    142.5          M       78
================================================================================
AV 49.1 23.9                               7.9 FASTST   M    M   4    MAX(MPH)
                                 MISC ---->    25   M                 33    M
================================================================================
NOTES:
# LAST OF SEVERAL OCCURRENCES

COLUMN 17 PEAK WIND IN M.P.H.

PRELIMINARY LOCAL CLIMATOLOGICAL DATA (WS FORM: F-6) , PAGE 2

                                          STATION:  JACKSON  WY
                                          MONTH:    APRIL
                                          YEAR:     2015
                                          LATITUDE:   43 35 N
                                          LONGITUDE: 110 44 W

[TEMPERATURE DATA]      [PRECIPITATION DATA]       SYMBOLS USED IN COLUMN 16

AVERAGE MONTHLY: 36.5   TOTAL FOR MONTH:      M    1 = FOG OR MIST
DPTR FM NORMAL:   1.4   DPTR FM NORMAL:       M    2 = FOG REDUCING VISIBILITY
HIGHEST:    63 ON 17    GRTST 24HR    M  ON   M        TO 1/4 MILE OR LESS
LOWEST:     12 ON  3                               3 = THUNDER
                        SNOW, ICE PELLETS, HAIL    4 = ICE PELLETS
                        TOTAL MONTH:    M          5 = HAIL
                        GRTST 24HR    M  ON   M    6 = FREEZING RAIN OR DRIZZLE
                        GRTST DEPTH:  M  ON   M    7 = DUSTSTORM OR SANDSTORM:
                                                       VSBY 1/2 MILE OR LESS
                                                   8 = SMOKE OR HAZE
[NO. OF DAYS WITH]      [WEATHER - DAYS WITH]      9 = BLOWING SNOW
                                                   X = TORNADO
MAX 32 OR BELOW:   0    0.01 INCH OR MORE:   0
MAX 90 OR ABOVE:   0    0.10 INCH OR MORE:   0
MIN 32 OR BELOW:  18    0.50 INCH OR MORE:   0
MIN  0 OR BELOW:   0    1.00 INCH OR MORE:   0

[HDD (BASE 65) ]
TOTAL THIS MO.   510    CLEAR  (SCALE 0-3)   5
DPTR FM NORMAL   -28    PTCLDY (SCALE 4-7)  12
TOTAL FM JUL 1  7919    CLOUDY (SCALE 8-10)  1
DPTR FM NORMAL  -910

[CDD (BASE 65) ]
TOTAL THIS MO.     0
DPTR FM NORMAL     0    [PRESSURE DATA]
TOTAL FM JAN 1     0    HIGHEST SLP M ON M
DPTR FM NORMAL     0    LOWEST  SLP M ON M

[REMARKS]
