000
CXUS54 KMEG 210651
CF6MEG
PRELIMINARY LOCAL CLIMATOLOGICAL DATA (WS FORM: F-6)

                                          STATION:   MEMPHIS/GERMANTOWN WFO
                                          MONTH:     APRIL
                                          YEAR:      2015
                                          LATITUDE:   35  7 N
                                          LONGITUDE:  89 48 W

  TEMPERATURE IN F:       :PCPN:    SNOW:  WIND      :SUNSHINE: SKY     :PK WND
================================================================================
1   2   3   4   5  6A  6B    7    8   9   10  11  12  13   14  15   16   17  18
                                     12Z  AVG MX 2MIN
DY MAX MIN AVG DEP HDD CDD  WTR  SNW DPTH SPD SPD DIR MIN PSBL S-S WX    SPD DR
================================================================================

 1  81  57  69  13   0   4 0.04  0.0    0   M   M   M   M    M   M         M  M
 2  77  68  73  17   0   8 0.00  0.0    0   M   M   M   M    M   M         M  M
 3  76  50  63   6   2   0    T  0.0    0   M   M   M   M    M   M         M  M
 4  63  42  53  -4  12   0 0.00  0.0    0   M   M   M   M    M   M         M  M
 5  63  37  50  -7  15   0 0.00  0.0    0   M   M   M   M    M   M 5       M  M
 6  77  54  66   8   0   1 0.11  0.0    0   M   M   M   M    M   M 3       M  M
 7  80  66  73  15   0   8    T  0.0    0   M   M   M   M    M   M         M  M
 8  86  67  77  19   0  12 0.00  0.0    0   M   M   M   M    M   M         M  M
 9  84  67  76  18   0  11 0.15  0.0    0   M   M   M   M    M   M         M  M
10  67  46  57  -2   8   0 0.23  0.0    0   M   M   M   M    M   M         M  M
11  75  43  59   0   6   0 0.00  0.0    0   M   M   M   M    M   M         M  M
12  85  47  66   7   0   1 0.00  0.0    0   M   M   M   M    M   M         M  M
13  77  63  70  10   0   5 0.87  0.0    0   M   M   M   M    M   M         M  M
14  63  56  60   0   5   0 0.07  0.0    0   M   M   M   M    M   M         M  M
15  79  58  69   9   0   4 0.37  0.0    0   M   M   M   M    M   M         M  M
16  84  61  73  12   0   8 0.00  0.0    0   M   M   M   M    M   M         M  M
17  72  60  66   5   0   1 0.00  0.0    0   M   M   M   M    M   M         M  M
18  77  57  67   6   0   2    T  0.0    0   M   M   M   M    M   M         M  M
19  78  59  69   7   0   4 0.41  0.0    0   M   M   M   M    M   M         M  M
20  67  48  58  -4   7   0    T  0.0    0   M   M   M   M    M   M         M  M
================================================================================
SM 1511 1106        55  69  2.25     0.0     M          M        M
================================================================================
AV 75.6 55.3                                 M FASTST   M    M   5    MAX(MPH)
                                 MISC ---->     M   M                  M    M
================================================================================
NOTES:
# LAST OF SEVERAL OCCURRENCES

COLUMN 17 PEAK WIND IN M.P.H.

PRELIMINARY LOCAL CLIMATOLOGICAL DATA (WS FORM: F-6) , PAGE 2

                                          STATION:  MEMPHIS/GERMANTOWN WFO
                                          MONTH:    APRIL
                                          YEAR:     2015
                                          LATITUDE:   35  7 N
                                          LONGITUDE:  89 48 W

[TEMPERATURE DATA]      [PRECIPITATION DATA]       SYMBOLS USED IN COLUMN 16

AVERAGE MONTHLY: 65.4   TOTAL FOR MONTH:   2.25    1 = FOG OR MIST
DPTR FM NORMAL:   6.5   DPTR FM NORMAL:   -1.20    2 = FOG REDUCING VISIBILITY
HIGHEST:    86 ON  8    GRTST 24HR  0.87 ON 13-13      TO 1/4 MILE OR LESS
LOWEST:     37 ON  5                               3 = THUNDER
                        SNOW, ICE PELLETS, HAIL    4 = ICE PELLETS
                        TOTAL MONTH:   0.0 INCH    5 = HAIL
                        GRTST 24HR     0.0         6 = FREEZING RAIN OR DRIZZLE
                        GRTST DEPTH:   0           7 = DUSTSTORM OR SANDSTORM:
                                                       VSBY 1/2 MILE OR LESS
                                                   8 = SMOKE OR HAZE
[NO. OF DAYS WITH]      [WEATHER - DAYS WITH]      9 = BLOWING SNOW
                                                   X = TORNADO
MAX 32 OR BELOW:   0    0.01 INCH OR MORE:   8
MAX 90 OR ABOVE:   0    0.10 INCH OR MORE:   6
MIN 32 OR BELOW:   0    0.50 INCH OR MORE:   1
MIN  0 OR BELOW:   0    1.00 INCH OR MORE:   0

[HDD (BASE 65) ]
TOTAL THIS MO.    55    CLEAR  (SCALE 0-3)   0
DPTR FM NORMAL   -96    PTCLDY (SCALE 4-7)   0
TOTAL FM JUL 1  3383    CLOUDY (SCALE 8-10)  0
DPTR FM NORMAL    50

[CDD (BASE 65) ]
TOTAL THIS MO.    69
DPTR FM NORMAL    39    [PRESSURE DATA]
TOTAL FM JAN 1    72    HIGHEST SLP M ON M
DPTR FM NORMAL    30    LOWEST  SLP M ON M

[REMARKS]
