000
CXUS52 KMHX 260700
CF6MRH
PRELIMINARY LOCAL CLIMATOLOGICAL DATA (WS FORM: F-6)

                                          STATION:   BEAUFORT/SMITH FIELD NC
                                          MONTH:     APRIL
                                          YEAR:      2015
                                          LATITUDE:   34 43 N
                                          LONGITUDE:  76 39 W

  TEMPERATURE IN F:       :PCPN:    SNOW:  WIND      :SUNSHINE: SKY     :PK WND
================================================================================
1   2   3   4   5  6A  6B    7    8   9   10  11  12  13   14  15   16   17  18
                                     12Z  AVG MX 2MIN
DY MAX MIN AVG DEP HDD CDD  WTR  SNW DPTH SPD SPD DIR MIN PSBL S-S WX    SPD DR
================================================================================

 1  60  47  54  -3  11   0 0.00  0.0    0 11.0 24  20   M    M   0        29  30
 2  68  37  53  -4  12   0 0.00  0.0    0  8.4 16 150   M    M   0        24 120
 3  71  58  65   7   0   0 0.00  0.0    0 14.3 22 200   M    M   2        30 190
 4  68  49  59   1   6   0 0.04  0.0    0 12.6 25 330   M    M   3 1      30 340
 5  65  45  55  -3  10   0 0.00  0.0    0  5.4 14  70   M    M   0        20  90
 6  73  52  63   5   2   0 0.00  0.0    0  6.2 14 170   M    M   0        18 150
 7  71  56  64   5   1   0    T  0.0    0  5.5 14 170   M    M   4 1      24 110
 8  74  61  68   9   0   3    T  0.0    0  6.1 18  10   M    M   4 1      23  20
 9  72  57  65   6   0   0 0.13  0.0    0  7.6 17 100   M    M   5 1      26 130
10  74  63  69   9   0   4 0.00  0.0    0 13.6 23 220   M    M   3 1      30 110
11  71  56  64   4   1   0    T  0.0    0  9.7 20 340   M    M   4        26 220
12  71  55  63   3   2   0 0.00  0.0    0  8.3 17  50   M    M   0        25  50
13  75  55  65   5   0   0 0.00  0.0    0  7.6 16 100   M    M   2        21 120
14  75  66  71  10   0   6 0.12  0.0    0 11.4 17 220   M    M   6 1      24 220
15  69  57  63   2   2   0    T  0.0    0 13.4 23  20   M    M   9        29  20
16  70  56  63   2   2   0 0.10  0.0    0  8.4 16 120   M    M   9        25 280
17  76  63  70   8   0   5 0.00  0.0    0  5.2 13 110   M    M   5        19 220
18  76  63  70   8   0   5 0.05  0.0    0  2.6  8 200   M    M   5 1      17 230
19  76  65  71   9   0   6 0.65  0.0    0 10.0 23 140   M    M   8 1      31 140
20  73  66  70   8   0   5 0.12  0.0    0 14.6 23 210   M    M   3 1      29 150
21  74  63  69   7   0   4 0.00  0.0    0 13.2 24 230   M    M   1        32 230
22  72  55  64   1   1   0 0.00  0.0    0 12.9 26 210   M    M   0        32 220
23  67  54  61  -2   4   0 0.00  0.0    0  9.6 22 230   M    M   1        34 320
24  68  49  59  -4   6   0 0.00  0.0    0 10.5 21  10   M    M   0        30  60
25  67  54  61  -3   4   0 0.05  0.0    0  5.7 26 240   M    M   7        37 230
================================================================================
SM 1776 1402        64  38  1.26     0.0 233.8          M       81
================================================================================
AV 71.0 56.1                               9.4 FASTST   M    M   3    MAX(MPH)
                                 MISC ---->  # 26 210               # 37  230
================================================================================
NOTES:
# LAST OF SEVERAL OCCURRENCES

COLUMN 17 PEAK WIND IN M.P.H.

PRELIMINARY LOCAL CLIMATOLOGICAL DATA (WS FORM: F-6) , PAGE 2

                                          STATION:  BEAUFORT/SMITH FIELD NC
                                          MONTH:    APRIL
                                          YEAR:     2015
                                          LATITUDE:   34 43 N
                                          LONGITUDE:  76 39 W

[TEMPERATURE DATA]      [PRECIPITATION DATA]       SYMBOLS USED IN COLUMN 16

AVERAGE MONTHLY: 63.6   TOTAL FOR MONTH:   1.26    1 = FOG OR MIST
DPTR FM NORMAL:   3.2   DPTR FM NORMAL:   -1.75    2 = FOG REDUCING VISIBILITY
HIGHEST:    76 ON 19,18 GRTST 24HR  0.77 ON 19-20      TO 1/4 MILE OR LESS
LOWEST:     37 ON  2                               3 = THUNDER
                        SNOW, ICE PELLETS, HAIL    4 = ICE PELLETS
                        TOTAL MONTH:   0.0 INCH    5 = HAIL
                        GRTST 24HR     0.0         6 = FREEZING RAIN OR DRIZZLE
                        GRTST DEPTH:   0           7 = DUSTSTORM OR SANDSTORM:
                                                       VSBY 1/2 MILE OR LESS
                                                   8 = SMOKE OR HAZE
[NO. OF DAYS WITH]      [WEATHER - DAYS WITH]      9 = BLOWING SNOW
                                                   X = TORNADO
MAX 32 OR BELOW:   0    0.01 INCH OR MORE:   8
MAX 90 OR ABOVE:   0    0.10 INCH OR MORE:   5
MIN 32 OR BELOW:   0    0.50 INCH OR MORE:   1
MIN  0 OR BELOW:   0    1.00 INCH OR MORE:   0

[HDD (BASE 65) ]
TOTAL THIS MO.    64    CLEAR  (SCALE 0-3)  13
DPTR FM NORMAL   -74    PTCLDY (SCALE 4-7)  10
TOTAL FM JUL 1  2677    CLOUDY (SCALE 8-10)  2
DPTR FM NORMAL   166

[CDD (BASE 65) ]
TOTAL THIS MO.    38
DPTR FM NORMAL    16    [PRESSURE DATA]
TOTAL FM JAN 1    39    HIGHEST SLP M ON M
DPTR FM NORMAL    15    LOWEST  SLP 29.55 ON 25

[REMARKS]
