000
CXUS54 KOUN 010800
CF6OKC
PRELIMINARY LOCAL CLIMATOLOGICAL DATA (WS FORM: F-6)

                                          STATION:   OKLAHOMA CITY
                                          MONTH:     MARCH
                                          YEAR:      2015
                                          LATITUDE:   35 24 N
                                          LONGITUDE:  97 36 W

  TEMPERATURE IN F:       :PCPN:    SNOW:  WIND      :SUNSHINE: SKY     :PK WND
================================================================================
1   2   3   4   5  6A  6B    7    8   9   10  11  12  13   14  15   16   17  18
                                     12Z  AVG MX 2MIN
DY MAX MIN AVG DEP HDD CDD  WTR  SNW DPTH SPD SPD DIR MIN PSBL S-S WX    SPD DR
================================================================================

 1  34  28  31 -17  34   0    T  0.0    1  6.5 14  20   M    M  10 168    16  10
 2  37  28  33 -15  32   0    T  0.0    T  8.2 23 180   M    M  10 18     28 180
 3  58  37  48   0  17   0 0.00  0.0    0 13.8 26 190   M    M  10 1      33 190
 4  44  20  32 -17  33   0 0.09  3.0    0 18.4 30  20   M    M  10 1468   38  20
 5  43  10  27 -22  38   0 0.00  0.0    3  6.2 10 190   M    M   1        15 220
 6  57  23  40  -9  25   0 0.00  0.0    0 11.0 21 240   M    M   0        28 220
 7  69  29  49  -1  16   0 0.00  0.0    0  8.7 16 210   M    M   5        20 210
 8  65  44  55   5  10   0 0.00  0.0    0  9.2 16 180   M    M   8        21 150
 9  51  47  49  -1  16   0 0.69  0.0    0  5.7 12  40   M    M  10 1      15  60
10  68  46  57   7   8   0    T  0.0    0  4.5 12 350   M    M   5 18     14 350
11  76  44  60   9   5   0 0.00  0.0    0  4.0  9 120   M    M   0 18     13  60
12  74  46  60   9   5   0 0.00  0.0    0  5.7 15  90   M    M   2        23  10
13  58  50  54   3  11   0 0.18  0.0    0 10.0 21  20   M    M   9 1      31  30
14  69  51  60   8   5   0 0.00  0.0    0 12.6 22 350   M    M   8        28 340
15  72  42  57   5   8   0 0.00  0.0    0  4.6 12 170   M    M   4        16 160
16  79  46  63  11   2   0 0.00  0.0    0 12.3 26 210   M    M   7 1      36 200
17  69  54  62  10   3   0 0.02  0.0    0 13.3 29 340   M    M   8        36 350
18  63  49  56   3   9   0 0.02  0.0    0  5.6 12  10   M    M   9 1      14 350
19  54  49  52  -1  13   0 0.37  0.0    0  9.3 17  30   M    M  10 1      24  20
20  59  44  52  -1  13   0 0.01  0.0    0  5.4 15  30   M    M   8 1      17  10
21  65  44  55   1  10   0    T  0.0    0  3.7 12 140   M    M  10 18     15 150
22  74  50  62   8   3   0    T  0.0    0  5.7 13 230   M    M   5        16 230
23  78  46  62   8   3   0 0.00  0.0    0 12.8 23 150   M    M   3        30 150
24  81  58  70  16   0   5 0.00  0.0    0 12.4 25 200   M    M   4        32 330
25  84  46  65  10   0   0 0.59  0.0    0 18.1 48 350   M    M   7 1358   61 350
26  62  42  52  -3  13   0 0.00  0.0    0 15.8 25 360   M    M   4        33  10
27  57  42  50  -5  15   0    T  0.0    0  9.3 28 350   M    M   8        33 360
28  78  42  60   4   5   0 0.00  0.0    0  8.6 21 200   M    M   3        24 200
29  78  49  64   8   1   0 0.00  0.0    0 12.2 23  20   M    M   2        30  10
30  78  45  62   6   3   0 0.00  0.0    0  7.1 15 170   M    M   5        21 160
31  86  54  70  14   0   5 0.65  0.0    0  7.7 38 320   M    M   7 1238   46 300
================================================================================
SM 2020 1305       356  10  2.62     3.0 288.4          M      192
================================================================================
AV 65.2 42.1                               9.3 FASTST   M    M   6    MAX(MPH)
                                 MISC ---->  # 48 350               # 61  350
================================================================================
NOTES:
# LAST OF SEVERAL OCCURRENCES

COLUMN 17 PEAK WIND IN M.P.H.

PRELIMINARY LOCAL CLIMATOLOGICAL DATA (WS FORM: F-6) , PAGE 2

                                          STATION:  OKLAHOMA CITY
                                          MONTH:    MARCH
                                          YEAR:     2015
                                          LATITUDE:   35 24 N
                                          LONGITUDE:  97 36 W

[TEMPERATURE DATA]      [PRECIPITATION DATA]       SYMBOLS USED IN COLUMN 16

AVERAGE MONTHLY: 53.6   TOTAL FOR MONTH:   2.62    1 = FOG OR MIST
DPTR FM NORMAL:   1.4   DPTR FM NORMAL:   -0.44    2 = FOG REDUCING VISIBILITY
HIGHEST:    86 ON 31    GRTST 24HR  0.69 ON  9- 9      TO 1/4 MILE OR LESS
LOWEST:     10 ON  5                               3 = THUNDER
                        SNOW, ICE PELLETS, HAIL    4 = ICE PELLETS
                        TOTAL MONTH:   3.0 INCHES  5 = HAIL
                        GRTST 24HR   3.0 ON  4- 4  6 = FREEZING RAIN OR DRIZZLE
                        GRTST DEPTH:   3 ON  5     7 = DUSTSTORM OR SANDSTORM:
                                                       VSBY 1/2 MILE OR LESS
                                                   8 = SMOKE OR HAZE
[NO. OF DAYS WITH]      [WEATHER - DAYS WITH]      9 = BLOWING SNOW
                                                   X = TORNADO
MAX 32 OR BELOW:   0    0.01 INCH OR MORE:   9
MAX 90 OR ABOVE:   0    0.10 INCH OR MORE:   5
MIN 32 OR BELOW:   6    0.50 INCH OR MORE:   3
MIN  0 OR BELOW:   0    1.00 INCH OR MORE:   0

[HDD (BASE 65) ]
TOTAL THIS MO.   356    CLEAR  (SCALE 0-3)   7
DPTR FM NORMAL   -53    PTCLDY (SCALE 4-7)  13
TOTAL FM JUL 1  3131    CLOUDY (SCALE 8-10) 11
DPTR FM NORMAL   -28

[CDD (BASE 65) ]
TOTAL THIS MO.    10
DPTR FM NORMAL    -2    [PRESSURE DATA]
TOTAL FM JAN 1    10    HIGHEST SLP M ON M
DPTR FM NORMAL    -3    LOWEST  SLP 29.58 ON 25

[REMARKS]
#FINAL-03-15#
