000
CXUS55 KPAH 270629
CF6OWB
PRELIMINARY LOCAL CLIMATOLOGICAL DATA (WS FORM: F-6)

                                          STATION:   OWENSBORO KY
                                          MONTH:     APRIL
                                          YEAR:      2015
                                          LATITUDE:   37 45 N
                                          LONGITUDE:  87 10 W

  TEMPERATURE IN F:       :PCPN:    SNOW:  WIND      :SUNSHINE: SKY     :PK WND
================================================================================
1   2   3   4   5  6A  6B    7    8   9   10  11  12  13   14  15   16   17  18
                                     12Z  AVG MX 2MIN
DY MAX MIN AVG DEP HDD CDD  WTR  SNW DPTH SPD SPD DIR MIN PSBL S-S WX    SPD DR
================================================================================

 1  73  42  58   4   7   0 0.00  0.0    0  6.5 13 160   M    M   0        16 150
 2  73  56  65  11   0   0 0.51  0.0    0 13.5 24 230   M    M   6 13     30 260
 3  68  46  57   2   8   0 1.68    M    0 11.7 25 340   M    M   8 1      33 330
 4  58  38  48  -7  17   0 0.00  0.0    0  5.4 16 330   M    M   0        20 340
 5  65  36  51  -5  14   0 0.00  0.0    0  4.8 14 210   M    M   0        18 230
 6  67  52  60   4   5   0 0.19  0.0    0  9.9 24 180   M    M  10 13     29 180
 7  78  59  69  13   0   4 1.23  0.0    0 10.4 25 160   M    M   6 13     31 160
 8  81  62  72  15   0   7    T  0.0    0  8.2 18 160   M    M   5 8      22 190
 9  83  66  75  18   0  10 0.09  0.0    0 13.8 28 220   M    M   3 13     35 230
10  73  50  62   5   3   0 0.09  0.0    0 11.8 26 270   M    M   2 1      34 260
11  65  45  55  -3  10   0 0.00  0.0    0  4.6 10 100   M    M   0        15 350
12  78  48  63   5   2   0 0.00  0.0    0  4.9 12 210   M    M   0        20 200
13  78  60  69  10   0   4 0.44  0.0    0  9.6 17  60   M    M   7 1      23  60
14  66  52  59   0   6   0 0.28  0.0    0 10.4 20  40   M    M   9 1      28  40
15  65  56  61   2   4   0 0.17  0.0    0  9.5 17  90   M    M  10 1      22 100
16  72  56  64   4   1   0 0.64  0.0    0  6.2 18 170   M    M   7 1      22 170
17  76  59  68   8   0   3 0.00  0.0    0  3.2 10 210   M    M   5 18     15 180
18  81  54  68   8   0   3 0.00  0.0    0  5.0 12 100   M    M   3 128    14 130
19  71  60  66   5   0   1 1.05  0.0    0  8.2 32 230   M    M   7 13     39 230
20  62  47  55  -6  10   0 0.23    M    0 10.4 25 230   M    M   8 1      32 220
21  66  42  54  -7  11   0    T    M    0 12.2 24 270   M    M   3 3      31 280
22  60  47  54  -8  11   0    T  0.0    0 12.2 24 300   M    M   2        30 320
23  62  38  50 -12  15   0 0.00  0.0    0  6.3 18 300   M    M   0        25 320
24  66  38  52 -10  13   0    T  0.0    0  5.8 15 170   M    M   4        20 160
25  80  54  67   4   0   2 0.50  0.0    0 10.0 20 240   M    M   9 13     29  50
26  64  48  56  -7   9   0    T  0.0    0  9.0 15  20   M    M   4 1      18  50
================================================================================
SM 1831 1311       146  34  7.10     0.0 223.5          M      118
================================================================================
AV 70.4 50.4                               8.6 FASTST   M    M   5    MAX(MPH)
                                 MISC ---->    32   M                 39    M
================================================================================
NOTES:
# LAST OF SEVERAL OCCURRENCES

COLUMN 17 PEAK WIND IN M.P.H.

PRELIMINARY LOCAL CLIMATOLOGICAL DATA (WS FORM: F-6) , PAGE 2

                                          STATION:  OWENSBORO KY
                                          MONTH:    APRIL
                                          YEAR:     2015
                                          LATITUDE:   37 45 N
                                          LONGITUDE:  87 10 W

[TEMPERATURE DATA]      [PRECIPITATION DATA]       SYMBOLS USED IN COLUMN 16

AVERAGE MONTHLY: 60.4   TOTAL FOR MONTH:   7.10    1 = FOG OR MIST
DPTR FM NORMAL:   1.8   DPTR FM NORMAL:    3.26    2 = FOG REDUCING VISIBILITY
HIGHEST:    83 ON  9    GRTST 24HR  1.68 ON  3- 3      TO 1/4 MILE OR LESS
LOWEST:     36 ON  5                               3 = THUNDER
                        SNOW, ICE PELLETS, HAIL    4 = ICE PELLETS
                        TOTAL MONTH:   0.0 INCH    5 = HAIL
                        GRTST 24HR     0.0         6 = FREEZING RAIN OR DRIZZLE
                        GRTST DEPTH:   0           7 = DUSTSTORM OR SANDSTORM:
                                                       VSBY 1/2 MILE OR LESS
                                                   8 = SMOKE OR HAZE
[NO. OF DAYS WITH]      [WEATHER - DAYS WITH]      9 = BLOWING SNOW
                                                   X = TORNADO
MAX 32 OR BELOW:   0    0.01 INCH OR MORE:  13
MAX 90 OR ABOVE:   0    0.10 INCH OR MORE:  11
MIN 32 OR BELOW:   0    0.50 INCH OR MORE:   6
MIN  0 OR BELOW:   0    1.00 INCH OR MORE:   3

[HDD (BASE 65) ]
TOTAL THIS MO.   146    CLEAR  (SCALE 0-3)  11
DPTR FM NORMAL   -55    PTCLDY (SCALE 4-7)  10
TOTAL FM JUL 1  4517    CLOUDY (SCALE 8-10)  5
DPTR FM NORMAL   713

[CDD (BASE 65) ]
TOTAL THIS MO.    34
DPTR FM NORMAL    -3    [PRESSURE DATA]
TOTAL FM JAN 1    34    HIGHEST SLP M ON M
DPTR FM NORMAL    -9    LOWEST  SLP M ON M

[REMARKS]
