000
CXUS51 KPHI 011133
CF6PHL
PRELIMINARY LOCAL CLIMATOLOGICAL DATA (WS FORM: F-6)

                                          STATION:   PHILADELPHIA PA
                                          MONTH:     MARCH
                                          YEAR:      2015
                                          LATITUDE:   39 52 N
                                          LONGITUDE:  75 15 W

  TEMPERATURE IN F:       :PCPN:    SNOW:  WIND      :SUNSHINE: SKY     :PK WND
================================================================================
1   2   3   4   5  6A  6B    7    8   9   10  11  12  13   14  15   16   17  18
                                     12Z  AVG MX 2MIN
DY MAX MIN AVG DEP HDD CDD  WTR  SNW DPTH SPD SPD DIR MIN PSBL S-S WX    SPD DR
================================================================================

 1  32  21  27 -12  38   0 0.52  0.4    0  4.8 17 200   M    M   9 146    22 190
 2  40  29  35  -4  30   0 0.00  0.0    0 12.1 28 320   M    M   6 18     35 320
 3  34  25  30 -10  35   0 0.61  0.1    0  8.0 16 220   M    M   8 146    22 200
 4  43  33  38  -2  27   0 0.49  0.0    0  5.8 15 190   M    M   9 1      23 200
 5  40  20  30 -10  35   0 0.78  7.5    T 10.8 21  20   M    M  10 124    27  10
 6  26  11  19 -21  46   0 0.00  0.0    8  7.9 18 350   M    M   2        22 350
 7  41  11  26 -15  39   0 0.00  0.0    6  9.2 23 230   M    M   4        30 240
 8  50  26  38  -3  27   0 0.00  0.0    3 10.4 26 280   M    M   3        33 270
 9  57  32  45   4  20   0 0.00  0.0    0  5.4 18 280   M    M   6        23 270
10  59  32  46   4  19   0 0.71  0.0    0  3.4 12 170   M    M   9 1      16 160
11  61  44  53  11  12   0    T  0.0    0  9.0 15 280   M    M   7 1      22 310
12  52  37  45   3  20   0 0.00  0.0    0 15.1 31 350   M    M   2        41 350
13  49  30  40  -2  25   0 0.08  0.0    0  7.2 13 180   M    M   7        18  50
14  51  38  45   2  20   0 0.95  0.0    0  5.3 13 280   M    M  10 1      17 280
15  48  40  44   1  21   0 0.00  0.0    0 16.3 26 320   M    M   8        38 280
16  55  33  44   1  21   0    T  0.0    0  7.1 15 240   M    M   8        20 240
17  68  37  53   9  12   0    T  0.0    0 15.4 33 320   M    M   6        41 330
18  45  32  39  -5  26   0 0.00  0.0    0 14.3 31 320   M    M   2        42 300
19  46  28  37  -7  28   0 0.00  0.0    0  5.1 18 360   M    M   6        26 290
20  37  32  35 -10  30   0 0.70  3.9    0 10.5 20  40   M    M  10 124    24  30
21  53  31  42  -3  23   0 0.00  0.0    4  8.8 18 270   M    M   8 1      24 260
22  48  34  41  -4  24   0 0.00  0.0    0 12.1 25 310   M    M   4        33 320
23  43  27  35 -11  30   0 0.00  0.0    0  9.8 18 330   M    M   4        26 340
24  40  31  36 -10  29   0 0.00  0.0    0  6.0 16  10   M    M   7        21 200
25  47  28  38  -8  27   0 0.05  0.0    0  3.6 13 200   M    M   8        16 210
26  67  39  53   6  12   0 0.34  0.0    0  7.1 28 320   M    M   9 18     33 320
27  48  39  44  -3  21   0 0.20  0.0    0 10.4 21 350   M    M  10 1      26 320
28  41  27  34 -14  31   0 0.00  0.0    0 17.5 26 330   M    M   8        34 320
29  46  26  36 -12  29   0 0.00  0.0    0 10.7 21 330   M    M   3        24 320
30  57  34  46  -2  19   0 0.03  0.1    0 13.7 30 290   M    M   7        39 280
31  59  37  48   0  17   0 0.06  0.0    0  8.6 20  20   M    M   7        27 340
================================================================================
SM 1483  944       793   0  5.52    12.0 291.4          M      207
================================================================================
AV 47.8 30.5                               9.4 FASTST   M    M   7    MAX(MPH)
                                 MISC ---->  # 33 320               # 42  300
================================================================================
NOTES:
# LAST OF SEVERAL OCCURRENCES

COLUMN 17 PEAK WIND IN M.P.H.

PRELIMINARY LOCAL CLIMATOLOGICAL DATA (WS FORM: F-6) , PAGE 2

                                          STATION:  PHILADELPHIA PA
                                          MONTH:    MARCH
                                          YEAR:     2015
                                          LATITUDE:   39 52 N
                                          LONGITUDE:  75 15 W

[TEMPERATURE DATA]      [PRECIPITATION DATA]       SYMBOLS USED IN COLUMN 16

AVERAGE MONTHLY: 39.1   TOTAL FOR MONTH:   5.52    1 = FOG OR MIST
DPTR FM NORMAL:  -4.4   DPTR FM NORMAL:    1.73    2 = FOG REDUCING VISIBILITY
HIGHEST:    68 ON 17    GRTST 24HR  0.95 ON 14-14      TO 1/4 MILE OR LESS
LOWEST:     11 ON  7, 6                            3 = THUNDER
                        SNOW, ICE PELLETS, HAIL    4 = ICE PELLETS
                        TOTAL MONTH:  12.0 INCHES  5 = HAIL
                        GRTST 24HR   7.5 ON  5- 5  6 = FREEZING RAIN OR DRIZZLE
                        GRTST DEPTH:   8 ON  6     7 = DUSTSTORM OR SANDSTORM:
                                                       VSBY 1/2 MILE OR LESS
                                                   8 = SMOKE OR HAZE
[NO. OF DAYS WITH]      [WEATHER - DAYS WITH]      9 = BLOWING SNOW
                                                   X = TORNADO
MAX 32 OR BELOW:   2    0.01 INCH OR MORE:  13
MAX 90 OR ABOVE:   0    0.10 INCH OR MORE:   9
MIN 32 OR BELOW:  19    0.50 INCH OR MORE:   6
MIN  0 OR BELOW:   0    1.00 INCH OR MORE:   0

[HDD (BASE 65) ]
TOTAL THIS MO.   793    CLEAR  (SCALE 0-3)   5
DPTR FM NORMAL   128    PTCLDY (SCALE 4-7)  17
TOTAL FM JUL 1  4446    CLOUDY (SCALE 8-10)  9
DPTR FM NORMAL   299

[CDD (BASE 65) ]
TOTAL THIS MO.     0
DPTR FM NORMAL    -1    [PRESSURE DATA]
TOTAL FM JAN 1     0    HIGHEST SLP 30.75 ON  1
DPTR FM NORMAL    -1    LOWEST  SLP 29.58 ON 26

[REMARKS]
#FINAL-03-15#
