000
CXUS56 KSGX 201445
CF6RAL
PRELIMINARY LOCAL CLIMATOLOGICAL DATA (WS FORM: F-6)

                                          STATION:   RIVERSIDE MUNI AIRPORT CA
                                          MONTH:     APRIL
                                          YEAR:      2015
                                          LATITUDE:   33 57 N
                                          LONGITUDE: 117 27 W

  TEMPERATURE IN F:       :PCPN:    SNOW:  WIND      :SUNSHINE: SKY     :PK WND
================================================================================
1   2   3   4   5  6A  6B    7    8   9   10  11  12  13   14  15   16   17  18
                                     12Z  AVG MX 2MIN
DY MAX MIN AVG DEP HDD CDD  WTR  SNW DPTH SPD SPD DIR MIN PSBL S-S WX    SPD DR
================================================================================

 1  78  55  67   7   0   2 0.00  0.0    0  5.0 18 250   M    M   3        25 250
 2  79  50  65   4   0   0 0.00  0.0    0  4.6 17 250   M    M   0        28  50
 3  85  48  67   6   0   2 0.00  0.0    0  5.0 17 250   M    M   1        22 260
 4  85  53  69   8   0   4 0.00  0.0    0  6.0 20 260   M    M   0        25 250
 5  75  50  63   2   2   0 0.00  0.0    0  4.8 18 280   M    M   1        27 270
 6  68  49  59  -2   6   0 0.00  0.0    0  6.8 20 250   M    M   3        26 280
 7  67  45  56  -5   9   0 0.06    M    0  6.4 20 250   M    M   5 1      25 230
 8  70  46  58  -4   7   0 0.00  0.0    0  4.6 17 250   M    M   1        22 250
 9  79  47  63   1   2   0 0.00    M    0  5.4 21 250   M    M   1        26 240
10  75  49  62   0   3   0 0.00  0.0    0  3.8 16 260   M    M   3        21 250
11  77  49  63   1   2   0 0.00  0.0    0  4.4 17 250   M    M   0        22 250
12  83  51  67   5   0   2 0.00  0.0    0  4.4 15 270   M    M   0        23 250
13  83  53  68   6   0   3 0.00  0.0    0  5.0 18 260   M    M   0        26 290
14  79  54  67   5   0   2 0.00  0.0    0  5.5 16 260   M    M   3 8      21 260
15  81  55  68   5   0   3 0.00  0.0    0  9.4 20  30   M    M   0        33  30
16  82  57  70   7   0   5 0.00  0.0    0  6.9 17 250   M    M   0        30  30
17  87  50  69   6   0   4 0.00  0.0    0  6.6 22 240   M    M   0        30 250
18  85  51  68   5   0   3 0.00  0.0    0  5.1 18 250   M    M   1        23 250
19  84  53  69   6   0   4 0.00  0.0    0  5.1 17 250   M    M   0 8      24 250
================================================================================
SM 1502  965        31  34  0.06     0.0 104.8          M       22
================================================================================
AV 79.1 50.8                               5.5 FASTST   M    M   1    MAX(MPH)
                                 MISC ---->  # 22 240               # 33   30
================================================================================
NOTES:
# LAST OF SEVERAL OCCURRENCES

COLUMN 17 PEAK WIND IN M.P.H.

PRELIMINARY LOCAL CLIMATOLOGICAL DATA (WS FORM: F-6) , PAGE 2

                                          STATION:  RIVERSIDE MUNI AIRPORT CA
                                          MONTH:    APRIL
                                          YEAR:     2015
                                          LATITUDE:   33 57 N
                                          LONGITUDE: 117 27 W

[TEMPERATURE DATA]      [PRECIPITATION DATA]       SYMBOLS USED IN COLUMN 16

AVERAGE MONTHLY: 64.9   TOTAL FOR MONTH:   0.06    1 = FOG OR MIST
DPTR FM NORMAL:   3.1   DPTR FM NORMAL:   -0.42    2 = FOG REDUCING VISIBILITY
HIGHEST:    87 ON 17    GRTST 24HR  0.06 ON  6- 7      TO 1/4 MILE OR LESS
LOWEST:     45 ON  7                               3 = THUNDER
                        SNOW, ICE PELLETS, HAIL    4 = ICE PELLETS
                        TOTAL MONTH:   0.0 INCH    5 = HAIL
                        GRTST 24HR     0.0         6 = FREEZING RAIN OR DRIZZLE
                        GRTST DEPTH:   0           7 = DUSTSTORM OR SANDSTORM:
                                                       VSBY 1/2 MILE OR LESS
                                                   8 = SMOKE OR HAZE
[NO. OF DAYS WITH]      [WEATHER - DAYS WITH]      9 = BLOWING SNOW
                                                   X = TORNADO
MAX 32 OR BELOW:   0    0.01 INCH OR MORE:   1
MAX 90 OR ABOVE:   0    0.10 INCH OR MORE:   0
MIN 32 OR BELOW:   0    0.50 INCH OR MORE:   0
MIN  0 OR BELOW:   0    1.00 INCH OR MORE:   0

[HDD (BASE 65) ]
TOTAL THIS MO.    31    CLEAR  (SCALE 0-3)  17
DPTR FM NORMAL   -48    PTCLDY (SCALE 4-7)   2
TOTAL FM JUL 1   693    CLOUDY (SCALE 8-10)  0
DPTR FM NORMAL  -699

[CDD (BASE 65) ]
TOTAL THIS MO.    34
DPTR FM NORMAL    14    [PRESSURE DATA]
TOTAL FM JAN 1   187    HIGHEST SLP M ON M
DPTR FM NORMAL   146    LOWEST  SLP 29.82 ON  5

[REMARKS]
