000
CXUS56 KSLC 261228
CF6SLC
PRELIMINARY LOCAL CLIMATOLOGICAL DATA (WS FORM: F-6)

                                          STATION:   SALT LAKE CITY UT
                                          MONTH:     APRIL
                                          YEAR:      2015
                                          LATITUDE:   40 46 N
                                          LONGITUDE: 111 58 W

  TEMPERATURE IN F:       :PCPN:    SNOW:  WIND      :SUNSHINE: SKY     :PK WND
================================================================================
1   2   3   4   5  6A  6B    7    8   9   10  11  12  13   14  15   16   17  18
                                     12Z  AVG MX 2MIN
DY MAX MIN AVG DEP HDD CDD  WTR  SNW DPTH SPD SPD DIR MIN PSBL S-S WX    SPD DR
================================================================================

 1  54  37  46  -1  19   0 0.00  0.0    0 10.0 26 350   M    M   3 8      32 340
 2  50  35  43  -4  22   0 0.00  0.0    0  9.8 22 310   M    M   5        27 320
 3  56  31  44  -4  21   0 0.00  0.0    0  6.4 14 260   M    M   0        19 270
 4  68  39  54   6  11   0 0.00  0.0    0 11.6 23 160   M    M   0        30 190
 5  70  48  59  11   6   0 0.00  0.0    0 13.2 30 180   M    M   1        36 170
 6  57  42  50   2  15   0 0.00  0.0    0 11.0 23 350   M    M   4 8      30 330
 7  64  39  52   4  13   0 0.00  0.0    0 13.2 29 150   M    M   5        37 150
 8  55  37  46  -3  19   0 0.25  0.0    0 13.6 31 170   M    M   9 1      40 170
 9  58  39  49   0  16   0    T  0.0    0  6.4 15 330   M    M   3        22 340
10  66  39  53   4  12   0 0.00  0.0    0  5.0 14 340   M    M   0        19 340
11  70  45  58   9   7   0    T  0.0    0 10.6 31 290   M    M   2 8      44 290
12  57  42  50   1  15   0    T  0.0    0  9.1 30 340   M    M   2        34 340
13  74  39  57   7   8   0 0.00  0.0    0  8.5 17 150   M    M   0        26 170
14  76  33  55   5  10   0 0.29  0.3    0 20.3 49 270   M    M   5 1578   65 280
15  37  29  33 -17  32   0 0.51  5.5    2  6.5 29 340   M    M  10 1      32 340
16  55  32  44  -6  21   0    T    T    1 10.3 23 320   M    M   5 1      28 300
17  62  38  50  -1  15   0 0.00  0.0    0  7.0 18 360   M    M   4        26 330
18  67  41  54   3  11   0 0.00  0.0    0  5.5 16 300   M    M   0        22 310
19  68  43  56   5   9   0 0.00  0.0    0  6.7 15 310   M    M   0        20 300
20  69  43  56   4   9   0 0.00  0.0    0  5.6 15 310   M    M   0        18 290
21  75  45  60   8   5   0 0.00  0.0    0  7.7 16 360   M    M   0        21 360
22  74  48  61   9   4   0    T  0.0    0 10.6 28 210   M    M   2        33 210
23  69  51  60   8   5   0    T  0.0    0  6.5 30 160   M    M   4 3      40 150
24  68  46  57   4   8   0 0.48  0.0    0 10.1 23 200   M    M   7 13     30 160
25  59  42  51  -2  14   0 0.37  0.0    0  7.2 17 170   M    M   6 13     23 250
================================================================================
SM 1578 1003       327   0  1.90     5.8 232.4          M       77
================================================================================
AV 63.1 40.1                               9.3 FASTST   M    M   3    MAX(MPH)
                                 MISC ---->  # 49 270               # 65  280
================================================================================
NOTES:
# LAST OF SEVERAL OCCURRENCES

COLUMN 17 PEAK WIND IN M.P.H.

PRELIMINARY LOCAL CLIMATOLOGICAL DATA (WS FORM: F-6) , PAGE 2

                                          STATION:  SALT LAKE CITY UT
                                          MONTH:    APRIL
                                          YEAR:     2015
                                          LATITUDE:   40 46 N
                                          LONGITUDE: 111 58 W

[TEMPERATURE DATA]      [PRECIPITATION DATA]       SYMBOLS USED IN COLUMN 16

AVERAGE MONTHLY: 51.6   TOTAL FOR MONTH:   1.90    1 = FOG OR MIST
DPTR FM NORMAL:   1.8   DPTR FM NORMAL:    0.26    2 = FOG REDUCING VISIBILITY
HIGHEST:    76 ON 14    GRTST 24HR  0.66 ON 14-15      TO 1/4 MILE OR LESS
LOWEST:     29 ON 15                               3 = THUNDER
                        SNOW, ICE PELLETS, HAIL    4 = ICE PELLETS
                        TOTAL MONTH:   5.8 INCHES  5 = HAIL
                        GRTST 24HR   5.5 ON 15-15  6 = FREEZING RAIN OR DRIZZLE
                        GRTST DEPTH:   2 ON 15     7 = DUSTSTORM OR SANDSTORM:
                                                       VSBY 1/2 MILE OR LESS
                                                   8 = SMOKE OR HAZE
[NO. OF DAYS WITH]      [WEATHER - DAYS WITH]      9 = BLOWING SNOW
                                                   X = TORNADO
MAX 32 OR BELOW:   0    0.01 INCH OR MORE:   5
MAX 90 OR ABOVE:   0    0.10 INCH OR MORE:   5
MIN 32 OR BELOW:   3    0.50 INCH OR MORE:   1
MIN  0 OR BELOW:   0    1.00 INCH OR MORE:   0

[HDD (BASE 65) ]
TOTAL THIS MO.   327    CLEAR  (SCALE 0-3)  13
DPTR FM NORMAL   -54    PTCLDY (SCALE 4-7)  10
TOTAL FM JUL 1  4140    CLOUDY (SCALE 8-10)  2
DPTR FM NORMAL -1159

[CDD (BASE 65) ]
TOTAL THIS MO.     0
DPTR FM NORMAL     0    [PRESSURE DATA]
TOTAL FM JAN 1     0    HIGHEST SLP M ON M
DPTR FM NORMAL     0    LOWEST  SLP 29.41 ON 14

[REMARKS]
