000
CXUS52 KMLB 011117
CF6VRB
PRELIMINARY LOCAL CLIMATOLOGICAL DATA (WS FORM: F-6)

                                          STATION:   VERO BEACH
                                          MONTH:     MARCH
                                          YEAR:      2015
                                          LATITUDE:   27 39 N
                                          LONGITUDE:  80 25 W

  TEMPERATURE IN F:       :PCPN:    SNOW:  WIND      :SUNSHINE: SKY     :PK WND
================================================================================
1   2   3   4   5  6A  6B    7    8   9   10  11  12  13   14  15   16   17  18
                                     12Z  AVG MX 2MIN
DY MAX MIN AVG DEP HDD CDD  WTR  SNW DPTH SPD SPD DIR MIN PSBL S-S WX    SPD DR
================================================================================

 1  81  68  75   9   0  10    T  0.0    0  9.3 17  90   M    M   5 8      25 120
 2  78  62  70   4   0   5 0.00  0.0    0  5.4 12  30   M    M   4 128    15  40
 3  81  60  71   5   0   6 0.00  0.0    0  7.0 18 130   M    M   4 128    22 120
 4  83  63  73   7   0   8 0.00  0.0    0 11.4 25 140   M    M   3 18     30 130
 5  88  71  80  14   0  15 0.00  0.0    0  9.0 20 230   M    M   2        23 230
 6  80  61  71   5   0   6 0.00  0.0    0  8.6 21 340   M    M   5 18     27 350
 7  71  59  65  -1   0   0 0.04  0.0    0 11.0 18 360   M    M  10 18     25 340
 8  76  64  70   3   0   5 0.00  0.0    0  9.8 17  60   M    M   5        23  70
 9  82  66  74   7   0   9 0.00  0.0    0  8.5 15 110   M    M   2        19  90
10  84  70  77  10   0  12 0.00  0.0    0 12.0 23 120   M    M   2        28 120
11  86  72  79  12   0  14 0.00  0.0    0 12.3 22 140   M    M   5        26 140
12  83  64  74   7   0   9 0.79  0.0    0  8.7 21 150   M    M   6 12     25 150
13  82  71  77  10   0  12 0.04  0.0    0 14.1 24 120   M    M   3        32 110
14  84  70  77  10   0  12    T  0.0    0 12.2 23 130   M    M   3        27 130
15  88  70  79  12   0  14 0.00  0.0    0  5.3 13 130   M    M   6 8      15 300
16  81  66  74   7   0   9 0.00  0.0    0  6.6 14  80   M    M   2 1      18  60
17  85  60  73   5   0   8 0.00  0.0    0  5.4 14 120   M    M   2 18     17 120
18  82  63  73   5   0   8 0.00  0.0    0  6.3 13  50   M    M   1 128    16  60
19  82  61  72   4   0   7 0.00  0.0    0  6.2 16 110   M    M   4 128    22 110
20  86  64  75   7   0  10 0.08  0.0    0  5.0 17 260   M    M   6 128    26 260
21  83  69  76   8   0  11 0.00  0.0    0  5.3 12  70   M    M   5 128    19 190
22  88  68  78  10   0  13 0.00  0.0    0  5.9 15 260   M    M   4 128    18 260
23  80  64  72   4   0   7 1.03  0.0    0  6.5 18 310   M    M   3 1238   23 290
24  80  64  72   4   0   7 0.00  0.0    0  5.9 14  30   M    M   8 128    16  10
25  78  61  70   2   0   5 0.00  0.0    0  5.8 15  30   M    M   4 18     18  20
26  88  65  77   9   0  12    T  0.0    0  7.6 25 140   M    M   5 13     30 150
27  82  64  73   5   0   8 0.40  0.0    0 11.0 21 270   M    M   5 138    27 270
28  71  53  62  -7   3   0 0.00  0.0    0  9.3 21 290   M    M   0        27 290
29  70  49  60  -9   5   0 0.00  0.0    0  9.7 18  30   M    M   0        26 360
30  75  46  61  -8   4   0 0.00  0.0    0  3.1 13  60   M    M   1        17  60
31  79  52  66  -3   0   1 0.00  0.0    0  6.6 14 140   M    M   2        17 290
================================================================================
SM 2517 1960        12 243  2.38     0.0 250.8          M      117
================================================================================
AV 81.2 63.2                               8.1 FASTST   M    M   4    MAX(MPH)
                                 MISC ---->  # 25 140               # 32  110
================================================================================
NOTES:
# LAST OF SEVERAL OCCURRENCES

COLUMN 17 PEAK WIND IN M.P.H.

PRELIMINARY LOCAL CLIMATOLOGICAL DATA (WS FORM: F-6) , PAGE 2

                                          STATION:  VERO BEACH
                                          MONTH:    MARCH
                                          YEAR:     2015
                                          LATITUDE:   27 39 N
                                          LONGITUDE:  80 25 W

[TEMPERATURE DATA]      [PRECIPITATION DATA]       SYMBOLS USED IN COLUMN 16

AVERAGE MONTHLY: 72.2   TOTAL FOR MONTH:   2.38    1 = FOG OR MIST
DPTR FM NORMAL:   4.8   DPTR FM NORMAL:   -1.74    2 = FOG REDUCING VISIBILITY
HIGHEST:    88 ON 26,22 GRTST 24HR  1.03 ON 23-23      TO 1/4 MILE OR LESS
LOWEST:     46 ON 30                               3 = THUNDER
                        SNOW, ICE PELLETS, HAIL    4 = ICE PELLETS
                        TOTAL MONTH:   0.0 INCH    5 = HAIL
                        GRTST 24HR     0.0         6 = FREEZING RAIN OR DRIZZLE
                        GRTST DEPTH:   0           7 = DUSTSTORM OR SANDSTORM:
                                                       VSBY 1/2 MILE OR LESS
                                                   8 = SMOKE OR HAZE
[NO. OF DAYS WITH]      [WEATHER - DAYS WITH]      9 = BLOWING SNOW
                                                   X = TORNADO
MAX 32 OR BELOW:   0    0.01 INCH OR MORE:   6
MAX 90 OR ABOVE:   0    0.10 INCH OR MORE:   3
MIN 32 OR BELOW:   0    0.50 INCH OR MORE:   2
MIN  0 OR BELOW:   0    1.00 INCH OR MORE:   1

[HDD (BASE 65) ]
TOTAL THIS MO.    12    CLEAR  (SCALE 0-3)  13
DPTR FM NORMAL   -43    PTCLDY (SCALE 4-7)  17
TOTAL FM JUL 1   384    CLOUDY (SCALE 8-10)  1
DPTR FM NORMAL   -56

[CDD (BASE 65) ]
TOTAL THIS MO.   243
DPTR FM NORMAL   114    [PRESSURE DATA]
TOTAL FM JAN 1   368    HIGHEST SLP 30.36 ON  1
DPTR FM NORMAL   100    LOWEST  SLP 29.79 ON 27

[REMARKS]
#FINAL-03-15#
