000
CDUS41 KBTV 170536
CLI1V4


CLIMATE REPORT
NATIONAL WEATHER SERVICE BURLINGTON VT
135 AM EDT FRI APR 17 2015


...................................

...THE ST. JOHNSBURY VT CLIMATE SUMMARY FOR APRIL 16 2015...

CLIMATE NORMAL PERIOD 1981 TO 2010
CLIMATE RECORD PERIOD 1894 TO 2015


WEATHER ITEM   OBSERVED TIME   RECORD YEAR NORMAL DEPARTURE LAST
                VALUE   (LST)  VALUE       VALUE  FROM      YEAR
                                                  NORMAL
..................................................................
TEMPERATURE (F)
 YESTERDAY
  MAXIMUM         65    523 PM  87    2002  57      8       32
  MINIMUM         25    543 AM  12    1943  33     -8       21
  AVERAGE         45                        45      0       27

PRECIPITATION (IN)
  YESTERDAY        0.00          0.89 2010   0.10  -0.10     0.02
  MONTH TO DATE    1.16                      1.48  -0.32     2.48
  SINCE MAR 1      2.53                      3.99  -1.46     5.35
  SINCE JAN 1      7.09                      8.67  -1.58    10.48

DEGREE DAYS
 HEATING
  YESTERDAY       20                        20      0       38
  MONTH TO DATE  422                       379     43      386
  SINCE MAR 1   1696                      1455    241     1807
  SINCE JUL 1   7761                      7179    582     7839

 COOLING
  YESTERDAY        0                         0      0        0
  MONTH TO DATE    0                         0      0        0
  SINCE MAR 1      0                         0      0        0
  SINCE JAN 1      0                         0      0        0
..................................................................


WIND (MPH)
  HIGHEST WIND SPEED    MM   HIGHEST WIND DIRECTION    MM
  HIGHEST GUST SPEED    MM   HIGHEST GUST DIRECTION    MM
  AVERAGE WIND SPEED    MM


SKY COVER
  AVERAGE SKY COVER 0.0


WEATHER CONDITIONS
 THE FOLLOWING WEATHER WAS RECORDED YESTERDAY.
  NO SIGNIFICANT WEATHER WAS OBSERVED.


RELATIVE HUMIDITY (PERCENT)
 HIGHEST    88           500 AM
 LOWEST     13           400 PM
 AVERAGE    51

..........................................................


THE ST. JOHNSBURY VT CLIMATE NORMALS FOR TODAY
                         NORMAL    RECORD    YEAR
 MAXIMUM TEMPERATURE (F)   57        88      2002
 MINIMUM TEMPERATURE (F)   33        11      1904


SUNRISE AND SUNSET
APRIL 17 2015.........SUNRISE   601 AM EDT   SUNSET   735 PM EDT
APRIL 18 2015.........SUNRISE   600 AM EDT   SUNSET   736 PM EDT


-  INDICATES NEGATIVE NUMBERS.
R  INDICATES RECORD WAS SET OR TIED.
MM INDICATES DATA IS MISSING.
T  INDICATES TRACE AMOUNT.




$$
