000
CDUS45 KABQ 050022
CLIABQ


CLIMATE REPORT
NATIONAL WEATHER SERVICE ALBUQUERQUE NM
621 PM MDT MON MAY 4 2015


...................................

...THE ALBUQUERQUE  NM CLIMATE SUMMARY FOR MAY 4 2015...
VALID TODAY AS OF 0500 PM LOCAL TIME.

CLIMATE NORMAL PERIOD 1981 TO 2010
CLIMATE RECORD PERIOD 1891 TO 2015


WEATHER ITEM   OBSERVED TIME   RECORD YEAR NORMAL DEPARTURE LAST
                VALUE   (LST)  VALUE       VALUE  FROM      YEAR
                                                  NORMAL
..................................................................
TEMPERATURE (F)
 TODAY
  MAXIMUM         77   1239 PM  94    1947  75      2       85
  MINIMUM         45    421 PM  30    1912  49     -4       53
  AVERAGE         61                        62     -1       69

PRECIPITATION (IN)
  TODAY            0.62R         0.45 1897   0.01   0.61
  MONTH TO DATE    0.62                      0.06   0.56
  SINCE MAR 1      1.09                      1.24  -0.15
  SINCE JAN 1      2.40                      2.10   0.30

SNOWFALL (IN)
  TODAY           MM
  MONTH TO DATE    0.0
  SINCE MAR 1      T
  SINCE JUL 1     15.2
  SNOW DEPTH       0

DEGREE DAYS
 HEATING
  TODAY            4                         4      0        0
  MONTH TO DATE    5                        18    -13       20
  SINCE MAR 1    610                       819   -209      744
  SINCE JUL 1   3531                      4122   -591     3887

 COOLING
  TODAY            0                         1     -1        4
  MONTH TO DATE    4                         4      0        4
  SINCE MAR 1      4                        11     -7       10
  SINCE JAN 1      4                        11     -7       10
..................................................................


WIND (MPH)
  HIGHEST WIND SPEED    40   HIGHEST WIND DIRECTION    SE (150)
  HIGHEST GUST SPEED    47   HIGHEST GUST DIRECTION     S (170)
  AVERAGE WIND SPEED     8.2


SKY COVER
  POSSIBLE SUNSHINE  MM
  AVERAGE SKY COVER 0.7



RELATIVE HUMIDITY (PERCENT)
 HIGHEST    62           300 AM
 LOWEST     25          1200 PM
 AVERAGE    44

..........................................................


THE ALBUQUERQUE  NM CLIMATE NORMALS FOR TOMORROW
                         NORMAL    RECORD    YEAR
 MAXIMUM TEMPERATURE (F)   75        92      1947
 MINIMUM TEMPERATURE (F)   49        33      1915
                                             1912


SUNRISE AND SUNSET
MAY  4 2015...........SUNRISE   613 AM MDT   SUNSET   754 PM MDT
MAY  5 2015...........SUNRISE   612 AM MDT   SUNSET   755 PM MDT


-  INDICATES NEGATIVE NUMBERS.
R  INDICATES RECORD WAS SET OR TIED.
MM INDICATES DATA IS MISSING.
T  INDICATES TRACE AMOUNT.




$$
