000
CDUS42 KTAE 030643
CLIABY


CLIMATE REPORT
NATIONAL WEATHER SERVICE TALLAHASSEE FL
242 AM EDT SUN MAY 3 2015


...................................

...THE ALBANY CLIMATE SUMMARY FOR MAY 2 2015...

CLIMATE NORMAL PERIOD 1981 TO 2010
CLIMATE RECORD PERIOD 1930 TO 2015


WEATHER ITEM   OBSERVED TIME   RECORD YEAR NORMAL DEPARTURE LAST
                VALUE   (LST)  VALUE       VALUE  FROM      YEAR
                                                  NORMAL
..................................................................
TEMPERATURE (F)
 YESTERDAY
  MAXIMUM         79    509 PM  93    2002  84     -5       68
                                      1948
  MINIMUM         49    621 AM  45    1996  58     -9       57
  AVERAGE         64                        71     -7       63

PRECIPITATION (IN)
  YESTERDAY        0.00                      0.07  -0.07    MM
  MONTH TO DATE    0.00                      0.14  -0.14     0.05
  SINCE MAR 1      7.35                      8.83  -1.48    10.78
  SINCE JAN 1     14.68                     17.81  -3.13    16.02

SNOWFALL (IN)
  YESTERDAY        0.0

DEGREE DAYS
 HEATING
  YESTERDAY        1                         0      1        2
  MONTH TO DATE    2                         0      2        5
  SINCE MAR 1    125                       274   -149      343
  SINCE JUL 1   1849                      1834     15     1939

 COOLING
  YESTERDAY        0                         6     -6        0
  MONTH TO DATE    0                        12    -12        0
  SINCE MAR 1    246                       143    103       96
  SINCE JAN 1    248                       152     96      100
..................................................................


WIND (MPH)
  HIGHEST WIND SPEED    10   HIGHEST WIND DIRECTION     W (250)
  HIGHEST GUST SPEED    13   HIGHEST GUST DIRECTION    SW (240)
  AVERAGE WIND SPEED     1.6




RELATIVE HUMIDITY (PERCENT)
 HIGHEST    93
 LOWEST     30
 AVERAGE    62

..........................................................


THE ALBANY CLIMATE NORMALS FOR TODAY
                         NORMAL    RECORD    YEAR
 MAXIMUM TEMPERATURE (F)   84        96      1990
 MINIMUM TEMPERATURE (F)   58        45      1981


SUNRISE AND SUNSET
MAY  3 2015...........SUNRISE   650 AM EDT   SUNSET   818 PM EDT
MAY  4 2015...........SUNRISE   649 AM EDT   SUNSET   818 PM EDT


-  INDICATES NEGATIVE NUMBERS.
R  INDICATES RECORD WAS SET OR TIED.
MM INDICATES DATA IS MISSING.
T  INDICATES TRACE AMOUNT.




$$
