000
CDUS44 KFWD 260640
CLIACT


CLIMATE REPORT
NATIONAL WEATHER SERVICE FORT WORTH TX
139 AM CDT SUN APR 26 2015


...................................

...THE WACO CLIMATE SUMMARY FOR APRIL 25 2015...

CLIMATE NORMAL PERIOD 1981 TO 2010
CLIMATE RECORD PERIOD 1901 TO 2015


WEATHER ITEM   OBSERVED TIME   RECORD YEAR NORMAL DEPARTURE LAST
                VALUE   (LST)  VALUE       VALUE  FROM      YEAR
                                                  NORMAL
..................................................................
TEMPERATURE (F)
 YESTERDAY
  MAXIMUM         88    409 PM  94    1996  80      8       84
  MINIMUM         62   1112 PM  38    1910  57      5       45
  AVERAGE         75                        69      6       65

PRECIPITATION (IN)
  YESTERDAY        0.00          2.28 1997   0.11  -0.11     0.00
  MONTH TO DATE    3.83                      2.15   1.68     1.70
  SINCE MAR 1      6.68                      5.30   1.38     2.57
  SINCE JAN 1     11.41                     10.05   1.36     3.33

SNOWFALL (IN)
  YESTERDAY        0.0           0.0    MM   0.0    0.0      0.0
  MONTH TO DATE    0.0                       0.2   -0.2      0.0
  SINCE MAR 1      0.7                       0.3    0.4      0.1
  SINCE JUL 1      1.4                       1.2    0.2      0.1
  SNOW DEPTH       0

DEGREE DAYS
 HEATING
  YESTERDAY        0                         1     -1        0
  MONTH TO DATE   40                        73    -33       91
  SINCE MAR 1    335                       319     16      441
  SINCE JUL 1   2289                      2131    158     2584

 COOLING
  YESTERDAY       10                         5      5        0
  MONTH TO DATE  122                        83     39       85
  SINCE MAR 1    149                       117     32      100
  SINCE JAN 1    149                       126     23      100
..................................................................


WIND (MPH)
  HIGHEST WIND SPEED    17   HIGHEST WIND DIRECTION     W (250)
  HIGHEST GUST SPEED    22   HIGHEST GUST DIRECTION    SW (240)
  AVERAGE WIND SPEED     6.9


SKY COVER
  POSSIBLE SUNSHINE  MM
  AVERAGE SKY COVER 0.0


WEATHER CONDITIONS
 THE FOLLOWING WEATHER WAS RECORDED YESTERDAY.
  FOG
  HAZE


RELATIVE HUMIDITY (PERCENT)
 HIGHEST   100           500 AM
 LOWEST     24           300 PM
 AVERAGE    62

..........................................................


THE WACO CLIMATE NORMALS FOR TODAY
                         NORMAL    RECORD    YEAR
 MAXIMUM TEMPERATURE (F)   80        97      1902
 MINIMUM TEMPERATURE (F)   58        38      1910


SUNRISE AND SUNSET
APRIL 26 2015.........SUNRISE   649 AM CDT   SUNSET   805 PM CDT
APRIL 27 2015.........SUNRISE   648 AM CDT   SUNSET   806 PM CDT


-  INDICATES NEGATIVE NUMBERS.
R  INDICATES RECORD WAS SET OR TIED.
MM INDICATES DATA IS MISSING.
T  INDICATES TRACE AMOUNT.




$$
