000
CDUS41 KPHI 010628
CLIACY


CLIMATE REPORT
NATIONAL WEATHER SERVICE MOUNT HOLLY NJ
228 AM EDT WED APR 1 2015


...................................

...THE ATLANTIC CITY NJ CLIMATE SUMMARY FOR MARCH 31 2015...

CLIMATE NORMAL PERIOD 1981 TO 2010
CLIMATE RECORD PERIOD 1874 TO 2015


WEATHER ITEM   OBSERVED TIME   RECORD YEAR NORMAL DEPARTURE LAST
                VALUE   (LST)  VALUE       VALUE  FROM      YEAR
                                                  NORMAL
..................................................................
TEMPERATURE (F)
 YESTERDAY
  MAXIMUM         57   1138 AM  85    1979  56      1       57
  MINIMUM         32    500 AM  16    1969  37     -5       37
  AVERAGE         45                        47     -2       47

PRECIPITATION (IN)
  YESTERDAY        0.14          1.22 1958   0.14   0.00      T
  MONTH TO DATE    6.64                      4.21   2.43     5.00
  SINCE MAR 1      6.64                      4.21   2.43     5.00
  SINCE JAN 1     14.70                     10.30   4.40    13.55

SNOWFALL (IN)
  YESTERDAY        0.0           T    2003   0.0    0.0      0.0
                                      1980
                                      1964
  MONTH TO DATE    7.4                       1.1    6.3     15.6
  SINCE MAR 1      7.4                       1.1    6.3     15.6
  SINCE JUL 1     22.4                      16.2    6.2     43.8
  SNOW DEPTH       0

DEGREE DAYS
 HEATING
  YESTERDAY       20                        18      2       18
  MONTH TO DATE  827                       706    121      859
  SINCE MAR 1    827                       706    121      859
  SINCE JUL 1   4702                      4297    405     4722

 COOLING
  YESTERDAY        0                         0      0        0
  MONTH TO DATE    0                         0      0        0
  SINCE MAR 1      0                         0      0        0
  SINCE JAN 1      0                         0      0        0
..................................................................


WIND (MPH)
  HIGHEST WIND SPEED    21   HIGHEST WIND DIRECTION     N (340)
  HIGHEST GUST SPEED    25   HIGHEST GUST DIRECTION     S (160)
  AVERAGE WIND SPEED     8.3


SKY COVER
  POSSIBLE SUNSHINE  MM
  AVERAGE SKY COVER 0.5


WEATHER CONDITIONS
 THE FOLLOWING WEATHER WAS RECORDED YESTERDAY.
  LIGHT RAIN
  FOG


RELATIVE HUMIDITY (PERCENT)
 HIGHEST    92          1100 PM
 LOWEST     32          1000 AM
 AVERAGE    62

..........................................................


THE ATLANTIC CITY NJ CLIMATE NORMALS FOR TODAY
                         NORMAL    RECORD    YEAR
 MAXIMUM TEMPERATURE (F)   57        80      1978
 MINIMUM TEMPERATURE (F)   37        12      1969


SUNRISE AND SUNSET
APRIL  1 2015.........SUNRISE   643 AM EDT   SUNSET   722 PM EDT
APRIL  2 2015.........SUNRISE   642 AM EDT   SUNSET   723 PM EDT


-  INDICATES NEGATIVE NUMBERS.
R  INDICATES RECORD WAS SET OR TIED.
MM INDICATES DATA IS MISSING.
T  INDICATES TRACE AMOUNT.




$$
