000
CDAK48 PAKN 270926
CLIAKN

CLIMATE REPORT
NATIONAL WEATHER SERVICE KING SALMON, AK
126 AM AKDT MON APR 27 2015

...................................
...THE KING SALMON AP CLIMATE SUMMARY FOR APRIL 26 2015...

CLIMATE NORMAL PERIOD  1981 TO  2010
CLIMATE RECORD PERIOD  1917 TO  2015

WEATHER ITEM   OBSERVED TIME    RECORD YEAR NORMAL DEPARTURE LAST
               VALUE    (LST)   VALUE       VALUE  FROM      YEAR
                                                   NORMAL
...................................................................
TEMPERATURE
YESTERDAY
 MAXIMUM            60  0508 PM    61  2005     47      13     50
 MINIMUM            30  0404 AM    14  1964     29       1     37
 AVERAGE            45                          38       7     44

PRECIPITATION
(INCHES)
 YESTERDAY           T           0.23  1962   0.04   -0.04   0.00
 MONTH TO DATE    2.18                        0.83    1.35   0.52
 SINCE MAR 1      3.13                        1.53    1.60   1.28
 SINCE JAN 1      3.92                        3.31    0.61   3.09

SNOWFALL
(INCHES)
 YESTERDAY         0.0            1.6  1987    0.1    -0.1    0.0
 MONTH TO DATE    12.1                         3.6     8.5    0.5
 SINCE MAR 1      12.4                        10.0     2.4    9.3
 SINCE JUL 1      26.1                        45.5   -19.4   36.0
 SNOW DEPTH (IN)     0                                          0

DEGREE DAYS
 HEATING
  YESTERDAY         20                          27      -7     21
  MONTH TO DATE    773                         835     -62    716
  SINCE MAR 1     1836                        2100    -264   1965
  SINCE JUL 1     8033                        9718   -1685   8325

 COOLING
  YESTERDAY          0                           0       0      0
  MONTH TO DATE      0                           0       0      0
  SINCE MAR 1        0                           0       0      0
  SINCE JAN 1        0                           0       0      0
...................................................................

WIND (MPH)
 HIGHEST WIND SPEED    22     HIGHEST WIND DIRECTION    350
 HIGHEST GUST SPEED    27     HIGHEST GUST DIRECTION    350
 AVERAGE WIND SPEED  11.7

SKY COVER
  POSSIBLE SUNSHINE    MM          AVERAGE SKY COVER     MM

WEATHER CONDITIONS
 THE FOLLOWING WEATHER WAS RECORDED YESTERDAY.
  RAIN


RELATIVE HUMIDITY
 HIGHEST RH     MM PERCENT       MM
 LOWEST  RH     MM PERCENT       MM
 AVERAGE RH     MM PERCENT       MM
...................................................................

THE KING SALMON CLIMATE NORMALS FOR TODAY
                           NORMAL    RECORD   YEAR
 MAXIMUM TEMPERATURE (F)     47        61     2012
 MINIMUM TEMPERATURE (F)     29         8     1975

SUNRISE AND SUNSET
 APR 27 2015..........SUNRISE  6:42 AM      SUNSET 10:09 PM
 APR 28 2015..........SUNRISE  6:39 AM      SUNSET 10:12 PM

-  INDICATES NEGATIVE NUMBERS.
R  INDICATES RECORD HAS BEEN SET OR TIED.
MM INDICATES DATA IS MISSING.
T  INDICATES TRACE OF PRECIPITATION.

&&
-------------------------------------------------------------------

AMOUNT OF DAYLIGHT TODAY  (HOUR:MIN)........15 HOURS 27 MINUTES
GAIN/LOSS SINCE YESTERDAY (HOUR:MIN:SEC)....+0:04:57

$$
FS APR 15
