000
CDAK48 PAKN 020030
CLIAKN

CLIMATE REPORT
NATIONAL WEATHER SERVICE KING SALMON, AK
430 PM AKDT WED APR 1 2015

...................................
...THE KING SALMON AP CLIMATE SUMMARY FOR APRIL 1 2015...
VALID TODAY AS OF 2:00 PM LOCAL TIME

CLIMATE NORMAL PERIOD  1981 TO  2010
CLIMATE RECORD PERIOD  1917 TO  2015

WEATHER ITEM   OBSERVED TIME    RECORD YEAR NORMAL DEPARTURE LAST
               VALUE    (LST)   VALUE       VALUE  FROM      YEAR
                                                   NORMAL
...................................................................
TEMPERATURE
TODAY
 MAXIMUM            50  0330 PM    51  1934     37      13     44
 MINIMUM            23  0628 AM   -15  1985     20       3     17
 AVERAGE            37                          28       9     31

PRECIPITATION
(INCHES)
 TODAY            0.00           1.04  1935   0.03   -0.03      T
 MONTH TO DATE    0.00                        0.03   -0.03      T
 SINCE MAR 1      0.95                        0.73    0.22   0.76
 SINCE JAN 1      1.74                        2.51   -0.77   2.57

SNOWFALL
(INCHES)
 TODAY             0.0            4.0  1961    0.2    -0.2      T
 MONTH TO DATE     0.0                         0.2    -0.2      T
 SINCE MAR 1       0.3                         6.6    -6.3    8.8
 SINCE JUL 1      14.0                        42.1   -28.1   35.5
 SNOW DEPTH (IN)     0                                          0

DEGREE DAYS
 HEATING
  TODAY             28                          37      -9     34
  MONTH TO DATE     28                          37      -9     34
  SINCE MAR 1     1091                        1302    -211   1283
  SINCE JUL 1     7288                        8920   -1632   7643

 COOLING
  TODAY              0                           0       0      0
  MONTH TO DATE      0                           0       0      0
  SINCE MAR 1        0                           0       0      0
  SINCE JAN 1        0                           0       0      0
...................................................................

WIND (MPH)
 HIGHEST WIND SPEED    21     HIGHEST WIND DIRECTION     10
 HIGHEST GUST SPEED    28     HIGHEST GUST DIRECTION     30
 AVERAGE WIND SPEED    MM

SKY COVER
  POSSIBLE SUNSHINE  MM            AVERAGE SKY COVER MM

WEATHER CONDITIONS
 THE FOLLOWING WEATHER WAS RECORDED TODAY.
NO SIGNIFICANT WEATHER WAS OBSERVED.

RELATIVE HUMIDITY
 HIGHEST RH     MM PERCENT       MM
 LOWEST  RH     MM PERCENT       MM
 AVERAGE RH     MM PERCENT       MM
...................................................................

THE KING SALMON CLIMATE NORMALS FOR TOMORROW
                        NORMAL    RECORD   YEAR
 MAXIMUM TEMPERATURE      37        49     1979
 MINIMUM TEMPERATURE      20        -9     2005

SUNRISE AND SUNSET
 APR 1 2015..........SUNRISE  7:54 AM      SUNSET  9:09 PM
 APR 2 2015..........SUNRISE  7:51 AM      SUNSET  9:11 PM

-  INDICATES NEGATIVE NUMBERS.
R  INDICATES RECORD HAS BEEN SET OR TIED.
MM INDICATES DATA IS MISSING.
T  INDICATES TRACE OF PRECIPITATION.

&&
-------------------------------------------------------------------

AMOUNT OF DAYLIGHT TODAY  (HOUR:MIN)........13 HOURS 15 MINUTES
GAIN/LOSS SINCE YESTERDAY (HOUR:MIN:SEC)....+0:05:10

$$
DJH APR 15
