000
CDUS45 KPUB 031038
CLIALS


CLIMATE REPORT
NATIONAL WEATHER SERVICE PUEBLO
438 AM MDT SUN MAY 3 2015


...................................

...THE ALAMOSA CO CLIMATE SUMMARY FOR MAY 2 2015...

CLIMATE NORMAL PERIOD 1981 TO 2010
CLIMATE RECORD PERIOD 1932 TO 2015


WEATHER ITEM   OBSERVED TIME   RECORD YEAR NORMAL DEPARTURE LAST
                VALUE   (LST)  VALUE       VALUE  FROM      YEAR
                                                  NORMAL
..................................................................
TEMPERATURE (F)
 YESTERDAY
  MAXIMUM         71   1136 AM  81    1943  65      6       70
  MINIMUM         32    543 AM  13    2008  30      2       21
  AVERAGE         52                        47      5       46

PRECIPITATION (IN)
  YESTERDAY        0.02          0.44 1978   0.02   0.00     0.00
  MONTH TO DATE    0.02                      0.04  -0.02      T
  SINCE MAR 1      0.85                      1.16  -0.31     1.46
  SINCE JAN 1      2.19                      1.68   0.51     1.58

SNOWFALL (IN)
  YESTERDAY        0.0           4.4  1978   0.0    0.0      0.0
  MONTH TO DATE    0.0                       0.1   -0.1       T
  SINCE MAR 1      0.7                       8.7   -8.0     10.4
  SINCE JUL 1     23.8                      26.8   -3.0     38.5
  SNOW DEPTH       0

DEGREE DAYS
 HEATING
  YESTERDAY       13                        18     -5       19
  MONTH TO DATE   21                        36    -15       43
  SINCE MAR 1   1446                      1707   -261     1584
  SINCE JUL 1   6938                      8036  -1098     8152

 COOLING
  YESTERDAY        0                         0      0        0
  MONTH TO DATE    0                         0      0        0
  SINCE MAR 1      0                         0      0        0
  SINCE JAN 1      0                         0      0        0
..................................................................


WIND (MPH)
  HIGHEST WIND SPEED    28   HIGHEST WIND DIRECTION    NW (310)
  HIGHEST GUST SPEED    39   HIGHEST GUST DIRECTION     W (260)
  AVERAGE WIND SPEED     6.3


SKY COVER
  POSSIBLE SUNSHINE  MM
  AVERAGE SKY COVER 0.2


WEATHER CONDITIONS
 THE FOLLOWING WEATHER WAS RECORDED YESTERDAY.
  THUNDERSTORM
  LIGHT RAIN


RELATIVE HUMIDITY (PERCENT)
 HIGHEST    86          1100 PM
 LOWEST     16          1200 PM
 AVERAGE    51

..........................................................


THE ALAMOSA CO CLIMATE NORMALS FOR TODAY
                         NORMAL    RECORD    YEAR
 MAXIMUM TEMPERATURE (F)   65        79      1943
 MINIMUM TEMPERATURE (F)   30        11      2011


SUNRISE AND SUNSET
MAY  3 2015...........SUNRISE   606 AM MDT   SUNSET   755 PM MDT
MAY  4 2015...........SUNRISE   605 AM MDT   SUNSET   756 PM MDT


-  INDICATES NEGATIVE NUMBERS.
R  INDICATES RECORD WAS SET OR TIED.
MM INDICATES DATA IS MISSING.
T  INDICATES TRACE AMOUNT.




$$
