000
CDUS44 KAMA 182146
CLIAMA


CLIMATE REPORT
NATIONAL WEATHER SERVICE AMARILLO TX
445 PM CDT SAT APR 18 2015


...................................

...THE AMARILLO CLIMATE SUMMARY FOR APRIL 18 2015...
VALID TODAY AS OF 0400 PM LOCAL TIME.

CLIMATE NORMAL PERIOD 1981 TO 2010
CLIMATE RECORD PERIOD 1892 TO 2015


WEATHER ITEM   OBSERVED TIME   RECORD YEAR NORMAL DEPARTURE LAST
                VALUE   (LST)  VALUE       VALUE  FROM      YEAR
                                                  NORMAL
..................................................................
TEMPERATURE (F)
 TODAY
  MAXIMUM         73    117 PM  94    1948  72      1       74
  MINIMUM         40    638 AM  24    1953  42     -2       36
  AVERAGE         57                        57      0       55

PRECIPITATION (IN)
  TODAY            0.00          1.81 1927   0.05  -0.05     0.00
  MONTH TO DATE    0.98                      0.77   0.21     0.51
  SINCE MAR 1      1.19                      2.16  -0.97     0.71
  SINCE JAN 1      3.27                      3.44  -0.17     1.10

SNOWFALL (IN)
  TODAY            0.0           T    1998   0.0    0.0      0.0
  MONTH TO DATE    0.0                       0.5   -0.5      0.4
  SINCE MAR 1      0.1                       3.4   -3.3      0.7
  SINCE JUL 1     23.9                      17.4    6.5     12.8
  SNOW DEPTH       0

DEGREE DAYS
 HEATING
  TODAY            8                         9     -1       10
  MONTH TO DATE  101                       197    -96      198
  SINCE MAR 1    541                       729   -188      757
  SINCE JUL 1   3666                      4006   -340     4110

 COOLING
  TODAY            0                         1     -1        0
  MONTH TO DATE   18                         4     14        5
  SINCE MAR 1     20                         6     14        5
  SINCE JAN 1     20                         6     14        5
..................................................................


WIND (MPH)
  RESULTANT WIND SPEED   9   RESULTANT WIND DIRECTION  SW (230)
  HIGHEST WIND SPEED    26   HIGHEST WIND DIRECTION    NW (310)
  HIGHEST GUST SPEED    35   HIGHEST GUST DIRECTION    SW (230)
  AVERAGE WIND SPEED    11.2


SKY COVER
  AVERAGE SKY COVER 0.4


WEATHER CONDITIONS
 THE FOLLOWING WEATHER WAS RECORDED TODAY.
  FOG
  FOG W/VISIBILITY <= 1/4 MILE


RELATIVE HUMIDITY (PERCENT)
 HIGHEST   100          1200 AM
 LOWEST     15           100 PM
 AVERAGE    58

..........................................................


THE AMARILLO CLIMATE NORMALS FOR TOMORROW
                         NORMAL    RECORD    YEAR
 MAXIMUM TEMPERATURE (F)   72        92      1964
 MINIMUM TEMPERATURE (F)   43        26      2013


SUNRISE AND SUNSET
APRIL 18 2015.........SUNRISE   711 AM CDT   SUNSET   822 PM CDT
APRIL 19 2015.........SUNRISE   710 AM CDT   SUNSET   823 PM CDT


-  INDICATES NEGATIVE NUMBERS.
R  INDICATES RECORD WAS SET OR TIED.
MM INDICATES DATA IS MISSING.
T  INDICATES TRACE AMOUNT.




$$
