000
CDUS42 KMFL 182016
CLIAPF


CLIMATE REPORT
NATIONAL WEATHER SERVICE MIAMI, FL
416 PM EDT SAT APR 18 2015


...................................

...THE NAPLES CLIMATE SUMMARY FOR APRIL 18 2015...
VALID TODAY AS OF 0400 PM LOCAL TIME.

CLIMATE NORMAL PERIOD 1981 TO 2010
CLIMATE RECORD PERIOD 1942 TO 2015


WEATHER ITEM   OBSERVED TIME   RECORD YEAR NORMAL DEPARTURE LAST
                VALUE   (LST)  VALUE       VALUE  FROM      YEAR
                                                  NORMAL
..................................................................
TEMPERATURE (F)
 TODAY
  MAXIMUM         87   1222 PM  90    1989  84      3       85
                                      1979
  MINIMUM         73    620 AM  44    1983  64      9       72
  AVERAGE         80                        74      6       79

PRECIPITATION (IN)
  TODAY            0.00          0.81 2010   0.08  -0.08     0.00
  MONTH TO DATE    0.11                      1.50  -1.39     1.19
  SINCE NOV 1      4.50                     11.32  -6.82     7.35
  SINCE JAN 1      3.20                      7.83  -4.63     6.25

SNOWFALL (IN)
  TODAY            0.0
  MONTH TO DATE    0.0
  SINCE MAR 1      0.0
  SINCE JUL 1      0.0
  SNOW DEPTH       0

DEGREE DAYS
 HEATING
  TODAY            0                         0      0        0
  MONTH TO DATE    0                         0      0        0
  SINCE MAR 1      1                        23    -22        7
  SINCE JUL 1    198                       256    -58      149

 COOLING
  TODAY           15                         9      6       14
  MONTH TO DATE  228                       136     92      180
  SINCE MAR 1    532                       312    220      338
  SINCE JAN 1    708                       503    205      611
..................................................................


WIND (MPH)
  HIGHEST WIND SPEED    16   HIGHEST WIND DIRECTION    SW (230)
  HIGHEST GUST SPEED    21   HIGHEST GUST DIRECTION    SW (220)
  AVERAGE WIND SPEED     6.9


SKY COVER
  AVERAGE SKY COVER 0.3


WEATHER CONDITIONS
 THE FOLLOWING WEATHER WAS RECORDED TODAY.
  NO SIGNIFICANT WEATHER WAS OBSERVED.


RELATIVE HUMIDITY (PERCENT)
 HIGHEST    93
 LOWEST     61
 AVERAGE    77

..........................................................


THE NAPLES CLIMATE NORMALS FOR TOMORROW
                         NORMAL    RECORD    YEAR
 MAXIMUM TEMPERATURE (F)   84        93      2011
 MINIMUM TEMPERATURE (F)   64        48      1997


SUNRISE AND SUNSET
APRIL 18 2015.........SUNRISE   701 AM EDT   SUNSET   752 PM EDT
APRIL 19 2015.........SUNRISE   700 AM EDT   SUNSET   753 PM EDT


-  INDICATES NEGATIVE NUMBERS.
R  INDICATES RECORD WAS SET OR TIED.
MM INDICATES DATA IS MISSING.
T  INDICATES TRACE AMOUNT.




$$
