000
CDUS43 KAPX 070537
CLIAPN


CLIMATE REPORT
NATIONAL WEATHER SERVICE GAYLORD MI
136 AM EDT THU MAY 7 2015


...................................

...THE ALPENA MI CLIMATE SUMMARY FOR MAY 6 2015...

CLIMATE NORMAL PERIOD 1981 TO 2010
CLIMATE RECORD PERIOD 1916 TO 2015


WEATHER ITEM   OBSERVED TIME   RECORD YEAR NORMAL DEPARTURE LAST
                VALUE   (LST)  VALUE       VALUE  FROM      YEAR
                                                  NORMAL
..................................................................
TEMPERATURE (F)
 YESTERDAY
  MAXIMUM         66   1259 PM  89    1930  61      5       51
  MINIMUM         31    529 AM  23    1967  38     -7       30
  AVERAGE         49                        49      0       41

PRECIPITATION (IN)
  YESTERDAY        0.00          2.21 1965   0.08  -0.08     0.00
  MONTH TO DATE    0.05                      0.47  -0.42     0.70
  SINCE MAR 1      3.15                      4.72  -1.57     7.36
  SINCE JAN 1      4.94                      7.70  -2.76     9.89

DEGREE DAYS
 HEATING
  YESTERDAY       16                        16      0       24
  MONTH TO DATE   60                        99    -39      125
  SINCE MAR 1   1938                      1926     12     2305
  SINCE JUL 1   8201                      7658    543     8794

 COOLING
  YESTERDAY        0                         0      0        0
  MONTH TO DATE    0                         0      0        0
  SINCE MAR 1      0                         2     -2        0
  SINCE JAN 1      0                         2     -2        0
..................................................................


WIND (MPH)
  HIGHEST WIND SPEED    16   HIGHEST WIND DIRECTION     E (110)
  HIGHEST GUST SPEED    30   HIGHEST GUST DIRECTION     E (90)
  AVERAGE WIND SPEED     6.1




RELATIVE HUMIDITY (PERCENT)
 HIGHEST    96
 LOWEST     48
 AVERAGE    72

..........................................................


THE ALPENA MI CLIMATE NORMALS FOR TODAY
                         NORMAL    RECORD    YEAR
 MAXIMUM TEMPERATURE (F)   62        92      1936
 MINIMUM TEMPERATURE (F)   38        20      1966


SUNRISE AND SUNSET
MAY  7 2015...........SUNRISE   615 AM EDT   SUNSET   847 PM EDT
MAY  8 2015...........SUNRISE   614 AM EDT   SUNSET   848 PM EDT


-  INDICATES NEGATIVE NUMBERS.
R  INDICATES RECORD WAS SET OR TIED.
MM INDICATES DATA IS MISSING.
T  INDICATES TRACE AMOUNT.




$$
