000
CDUS44 KEWX 062251
CLIATT


CLIMATE REPORT
NATIONAL WEATHER SERVICE AUSTIN/SAN ANTONIO, TX
550 PM CDT WED MAY 6 2015


...................................

...THE AUSTIN CAMP MABRY CLIMATE SUMMARY FOR MAY 6 2015...
VALID TODAY AS OF 550 PM LOCAL TIME.

CLIMATE NORMAL PERIOD 1981 TO 2010
CLIMATE RECORD PERIOD 1897 TO 2015


WEATHER ITEM   OBSERVED TIME   RECORD YEAR NORMAL DEPARTURE LAST
                VALUE   (LST)  VALUE       VALUE  FROM      YEAR
                                                  NORMAL
..................................................................
TEMPERATURE (F)
 TODAY
  MAXIMUM         87    322 PM  99    1984  84      3       87
  MINIMUM         71    721 AM  46    1917  64      7       65
  AVERAGE         79                        74      5       76

PRECIPITATION (IN)
  TODAY            0.01          4.01 1904   0.13  -0.12     0.00
  MONTH TO DATE    3.85                      0.75   3.10     0.00
  SINCE MAR 1     10.99                      5.60   5.39     3.16
  SINCE JAN 1     16.51                      9.84   6.67     3.99

SNOWFALL (IN)
  TODAY            0.0
  MONTH TO DATE    0.0
  SINCE MAR 1      T
  SINCE JUL 1      T
  SNOW DEPTH       0

DEGREE DAYS
 HEATING
  TODAY            0                         0      0        0
  MONTH TO DATE    0                         0      0        0
  SINCE MAR 1    215                       200     15      275
  SINCE JUL 1   1698                      1537    161     1771

 COOLING
  TODAY           14                         9      5       11
  MONTH TO DATE   51                        52     -1       49
  SINCE MAR 1    318                       277     41      273
  SINCE JAN 1    329                       304     25      314
..................................................................


WIND (MPH)
  HIGHEST WIND SPEED    14   HIGHEST WIND DIRECTION    SE (130)
  HIGHEST GUST SPEED    23   HIGHEST GUST DIRECTION    SE (150)
  AVERAGE WIND SPEED     7.5


SKY COVER
  AVERAGE SKY COVER 0.8


WEATHER CONDITIONS
 THE FOLLOWING WEATHER WAS RECORDED TODAY.
  LIGHT RAIN
  FOG


RELATIVE HUMIDITY (PERCENT)
 HIGHEST    93           100 AM
 LOWEST     55           300 PM
 AVERAGE    74

..........................................................


THE AUSTIN CAMP MABRY CLIMATE NORMALS FOR TOMORROW
                         NORMAL    RECORD    YEAR
 MAXIMUM TEMPERATURE (F)   85       102      1998
 MINIMUM TEMPERATURE (F)   65        41      1906


SUNRISE AND SUNSET
MAY  6 2015...........SUNRISE   643 AM CDT   SUNSET   812 PM CDT
MAY  7 2015...........SUNRISE   643 AM CDT   SUNSET   812 PM CDT


-  INDICATES NEGATIVE NUMBERS.
R  INDICATES RECORD WAS SET OR TIED.
MM INDICATES DATA IS MISSING.
T  INDICATES TRACE AMOUNT.




$$
