000
CDUS43 KABR 041031
CLIATY


CLIMATE REPORT
NATIONAL WEATHER SERVICE ABERDEEN SD
531 AM CDT MON MAY 4 2015


...................................

...THE WATERTOWN SD CLIMATE SUMMARY FOR MAY 3 2015...

CLIMATE NORMAL PERIOD 1981 TO 2010
CLIMATE RECORD PERIOD 1898 TO 2015


WEATHER ITEM   OBSERVED TIME   RECORD YEAR NORMAL DEPARTURE LAST
                VALUE   (LST)  VALUE       VALUE  FROM      YEAR
                                                  NORMAL
..................................................................
TEMPERATURE (F)
 YESTERDAY
  MAXIMUM         73    247 PM  92    1949  64      9       58
  MINIMUM         43   1153 PM  16    1907  40      3       37
  AVERAGE         58                        52      6       48

PRECIPITATION (IN)
  YESTERDAY        0.00          2.22 1969   0.08  -0.08     0.00
  MONTH TO DATE    0.05                      0.25  -0.20     0.00
  SINCE MAR 1      0.79                      3.38  -2.59     2.56
  SINCE JAN 1      1.44                      4.46  -3.02     2.99

DEGREE DAYS
 HEATING
  YESTERDAY        7                        13     -6       17
  MONTH TO DATE   12                        41    -29       57
  SINCE MAR 1   1494                      1781   -287     2034
  SINCE JUL 1   7886                      8192   -306     9000

 COOLING
  YESTERDAY        0                         0      0        0
  MONTH TO DATE    0                         0      0        0
  SINCE MAR 1      0                         2     -2        0
  SINCE JAN 1      0                         2     -2        0
..................................................................


WIND (MPH)
  HIGHEST WIND SPEED    36   HIGHEST WIND DIRECTION     N (20)
  HIGHEST GUST SPEED    44   HIGHEST GUST DIRECTION    NE (30)
  AVERAGE WIND SPEED    13.4


SKY COVER
  POSSIBLE SUNSHINE  MM
  AVERAGE SKY COVER 0.1


WEATHER CONDITIONS
 THE FOLLOWING WEATHER WAS RECORDED YESTERDAY.
  FOG
  HAZE


RELATIVE HUMIDITY (PERCENT)
 HIGHEST    93           500 AM
 LOWEST     25           300 PM
 AVERAGE    59

..........................................................


THE WATERTOWN SD CLIMATE NORMALS FOR TODAY
                         NORMAL    RECORD    YEAR
 MAXIMUM TEMPERATURE (F)   64        90      1949
 MINIMUM TEMPERATURE (F)   40        19      1967


SUNRISE AND SUNSET
MAY  4 2015...........SUNRISE   614 AM CDT   SUNSET   837 PM CDT
MAY  5 2015...........SUNRISE   613 AM CDT   SUNSET   839 PM CDT


-  INDICATES NEGATIVE NUMBERS.
R  INDICATES RECORD WAS SET OR TIED.
MM INDICATES DATA IS MISSING.
T  INDICATES TRACE AMOUNT.




$$
