000
CDUS44 KEWX 040742
CLIAUS


CLIMATE REPORT
NATIONAL WEATHER SERVICE AUSTIN/SAN ANTONIO, TX
242 AM CDT MON MAY 4 2015


...................................

...THE AUSTIN BERGSTROM CLIMATE SUMMARY FOR MAY 3 2015...

CLIMATE NORMAL PERIOD 1981 TO 2010
CLIMATE RECORD PERIOD 1943 TO 2015


WEATHER ITEM   OBSERVED TIME   RECORD YEAR NORMAL DEPARTURE LAST
                VALUE   (LST)  VALUE       VALUE  FROM      YEAR
                                                  NORMAL
..................................................................
TEMPERATURE (F)
 YESTERDAY
  MAXIMUM         83    428 PM  94    1984  84     -1       91
  MINIMUM         48    543 AM  42    2013  60    -12       51
  AVERAGE         66                        72     -6       71

PRECIPITATION (IN)
  YESTERDAY        0.00          2.41 1990   0.09  -0.09     0.00
  MONTH TO DATE    0.00                      0.27  -0.27     0.00
  SINCE MAR 1      6.39                      5.36   1.03     2.84
  SINCE JAN 1     12.13                      9.87   2.26     3.93

SNOWFALL (IN)
  YESTERDAY        0.0
  MONTH TO DATE    0.0
  SINCE MAR 1      0.0
  SINCE JUL 1      T
  SNOW DEPTH       0

DEGREE DAYS
 HEATING
  YESTERDAY        0                         0      0        0
  MONTH TO DATE    0                         0      0        4
  SINCE MAR 1    265                       285    -20      361
  SINCE JUL 1   1979                      1900     79     2178

 COOLING
  YESTERDAY        1                         7     -6        6
  MONTH TO DATE    3                        21    -18        6
  SINCE MAR 1    209                       193     16      177
  SINCE JAN 1    211                       209      2      194
..................................................................


WIND (MPH)
  HIGHEST WIND SPEED    18   HIGHEST WIND DIRECTION     S (170)
  HIGHEST GUST SPEED    25   HIGHEST GUST DIRECTION     S (180)
  AVERAGE WIND SPEED     7.7


SKY COVER
  AVERAGE SKY COVER 0.3


WEATHER CONDITIONS
 THE FOLLOWING WEATHER WAS RECORDED YESTERDAY.
  FOG


RELATIVE HUMIDITY (PERCENT)
 HIGHEST   100           100 AM
 LOWEST     40           300 PM
 AVERAGE    70

..........................................................


THE AUSTIN BERGSTROM CLIMATE NORMALS FOR TODAY
                         NORMAL    RECORD    YEAR
 MAXIMUM TEMPERATURE (F)   84        98      1984
 MINIMUM TEMPERATURE (F)   60        37      2013


SUNRISE AND SUNSET
MAY  4 2015...........SUNRISE   645 AM CDT   SUNSET   810 PM CDT
MAY  5 2015...........SUNRISE   644 AM CDT   SUNSET   811 PM CDT


-  INDICATES NEGATIVE NUMBERS.
R  INDICATES RECORD WAS SET OR TIED.
MM INDICATES DATA IS MISSING.
T  INDICATES TRACE AMOUNT.




$$
