000
CDUS41 KBGM 060558
CLIAVP


CLIMATE REPORT
NATIONAL WEATHER SERVICE BINGHAMTON NY
157 AM EDT WED MAY 6 2015


...................................

...THE AVOCA PA CLIMATE SUMMARY FOR MAY 5 2015...

CLIMATE NORMAL PERIOD 1981 TO 2010
CLIMATE RECORD PERIOD 1901 TO 2015


WEATHER ITEM   OBSERVED TIME   RECORD YEAR NORMAL DEPARTURE LAST
                VALUE   (LST)  VALUE       VALUE  FROM      YEAR
                                                  NORMAL
..................................................................
TEMPERATURE (F)
 YESTERDAY
  MAXIMUM         79    455 PM  90    1949  67     12       63
  MINIMUM         65   1157 PM  27    1974  44     21       41
  AVERAGE         72                        56     16       52

PRECIPITATION (IN)
  YESTERDAY        T             0.98 1989   0.12  -0.12     0.00
  MONTH TO DATE    T                         0.54  -0.54     0.06
  SINCE MAR 1      4.84                      6.42  -1.58     5.14
  SINCE JAN 1      7.84                     10.82  -2.98    10.02

SNOWFALL (IN)
  YESTERDAY        0.0           0.0    MM   0.1   -0.1      0.0
  MONTH TO DATE    0.0                       0.3   -0.3      0.0
  SINCE MAR 1      9.0                      12.6   -3.6      3.1
  SINCE JUL 1     51.4                      46.5    4.9     58.9

DEGREE DAYS
 HEATING
  YESTERDAY        0                        10    -10       13
  MONTH TO DATE   19                        52    -33       45
  SINCE MAR 1   1466                      1419     47     1586
  SINCE JUL 1   6163                      6025    138     6409

 COOLING
  YESTERDAY        7                         0      7        0
  MONTH TO DATE   10                         0     10        0
  SINCE MAR 1     10                         6      4        7
  SINCE JAN 1     10                         6      4        7
..................................................................


WIND (MPH)
  HIGHEST WIND SPEED    14   HIGHEST WIND DIRECTION     W (290)
  HIGHEST GUST SPEED    18   HIGHEST GUST DIRECTION    NW (300)
  AVERAGE WIND SPEED     5.7


SKY COVER
  AVERAGE SKY COVER 0.6



RELATIVE HUMIDITY (PERCENT)
 HIGHEST    68           700 AM
 LOWEST     32           400 PM
 AVERAGE    50

..........................................................


THE AVOCA PA CLIMATE NORMALS FOR TODAY
                         NORMAL    RECORD    YEAR
 MAXIMUM TEMPERATURE (F)   67        90      1949
 MINIMUM TEMPERATURE (F)   45        34      1910


SUNRISE AND SUNSET
MAY  6 2015...........SUNRISE   554 AM EDT   SUNSET   805 PM EDT
MAY  7 2015...........SUNRISE   553 AM EDT   SUNSET   806 PM EDT


-  INDICATES NEGATIVE NUMBERS.
R  INDICATES RECORD WAS SET OR TIED.
MM INDICATES DATA IS MISSING.
T  INDICATES TRACE AMOUNT.




$$
