000
CDUS43 KGRR 011420
CLIAZO


CLIMATE REPORT
NATIONAL WEATHER SERVICE GRAND RAPIDS, MI
1020 AM EDT WED APR 1 2015


...................................

...THE KALAMAZOO MI CLIMATE SUMMARY FOR APRIL 1 2015...
VALID AS OF 0900 AM LOCAL TIME.

CLIMATE NORMAL PERIOD 1981 TO 2010
CLIMATE RECORD PERIOD 1998 TO 2015


WEATHER ITEM   OBSERVED TIME   NORMAL DEPARTURE LAST
                VALUE   (LST)  VALUE  FROM      YEAR
                                      NORMAL
......................................................
TEMPERATURE (F)
 TODAY
  MAXIMUM         40    759 AM  53    -13       53
  MINIMUM         28    514 AM  33     -5       37
  AVERAGE         34            43     -9       45

PRECIPITATION (IN)
  TODAY            0.00          0.10  -0.10     0.09
  MONTH TO DATE    0.00          0.10  -0.10     0.09
  SINCE MAR 1      0.33          2.35  -2.02     1.34
  SINCE JAN 1      1.86          5.59  -3.73     3.87

DEGREE DAYS
 HEATING
  TODAY           31            22      9       20
  MONTH TO DATE   31            22      9       20
  SINCE MAR 1   1000           906     94     1179
  SINCE JUL 1   6286          5679    607     6347

 COOLING
  TODAY            0             0      0        0
  MONTH TO DATE    0             0      0        0
  SINCE MAR 1      0             0      0        0
  SINCE JAN 1      0             0      0        0
......................................................


WIND (MPH)
  RESULTANT WIND SPEED   3   RESULTANT WIND DIRECTION   S (180)
  HIGHEST WIND SPEED     9   HIGHEST WIND DIRECTION     N (20)
  HIGHEST GUST SPEED    10   HIGHEST GUST DIRECTION     N (20)
  AVERAGE WIND SPEED     3.5


SKY COVER
  AVERAGE SKY COVER 0.1


WEATHER CONDITIONS
 THE FOLLOWING WEATHER WAS RECORDED TODAY.
  FOG


RELATIVE HUMIDITY (PERCENT)
 HIGHEST    92           700 AM
 LOWEST     75          1200 AM
 AVERAGE    84

..........................................................


THE KALAMAZOO MI CLIMATE NORMALS FOR TOMORROW
                         NORMAL
 MAXIMUM TEMPERATURE (F)   54
 MINIMUM TEMPERATURE (F)   33


SUNRISE AND SUNSET
APRIL  1 2015.........SUNRISE   725 AM EDT   SUNSET   808 PM EDT
APRIL  2 2015.........SUNRISE   724 AM EDT   SUNSET   809 PM EDT


-  INDICATES NEGATIVE NUMBERS.
R  INDICATES RECORD WAS SET OR TIED.
MM INDICATES DATA IS MISSING.
T  INDICATES TRACE AMOUNT.




$$
