000
CDUS45 KCYS 280728
CLIBFF


CLIMATE REPORT
NATIONAL WEATHER SERVICE CHEYENNE WY
128 AM MDT TUE APR 28 2015


...................................

...THE SCOTTSBLUFF NE AIRPORT CLIMATE SUMMARY FOR APRIL 27 2015...

CLIMATE NORMAL PERIOD 1981 TO 2010
CLIMATE RECORD PERIOD 1871 TO 2015


WEATHER ITEM   OBSERVED TIME   RECORD YEAR NORMAL DEPARTURE LAST
                VALUE   (LST)  VALUE       VALUE  FROM      YEAR
                                                  NORMAL
..................................................................
TEMPERATURE (F)
 YESTERDAY
  MAXIMUM         58    149 PM  93    1910  65     -7       53
  MINIMUM         44    531 AM  20    2008  36      8       35
  AVERAGE         51                        50      1       44

PRECIPITATION (IN)
  YESTERDAY        0.00          2.53 1911   0.06  -0.06     0.51
  MONTH TO DATE    3.09                      1.62   1.47     0.62
  SINCE JAN 1      4.20                      3.63   0.57     3.07

SNOWFALL (IN)
  YESTERDAY        0.0           4.0  1918   0.1   -0.1      0.0
  MONTH TO DATE    0.5                       5.1   -4.6      1.1
  SINCE JUL 1     43.7                      41.3    2.4     61.5
  SNOW DEPTH       0

DEGREE DAYS
 HEATING
  YESTERDAY       14                        15     -1       21
  MONTH TO DATE  445                       510    -65      433
  SINCE MAR 1   1065                      1339   -274     1263
  SINCE JUL 1   5780                      6251   -471     6296

 COOLING
  YESTERDAY        0                         0      0        0
  MONTH TO DATE    0                         0      0        0
  SINCE MAR 1      0                         0      0        0
  SINCE JAN 1      0                         0      0        0
..................................................................


WIND (MPH)
  HIGHEST WIND SPEED    16   HIGHEST WIND DIRECTION    NE (30)
  HIGHEST GUST SPEED    23   HIGHEST GUST DIRECTION    SW (240)
  AVERAGE WIND SPEED     6.0


SKY COVER
  AVERAGE SKY COVER 1.0


WEATHER CONDITIONS
 THE FOLLOWING WEATHER WAS RECORDED YESTERDAY.
  HAZE


RELATIVE HUMIDITY (PERCENT)
 HIGHEST    82           800 AM
 LOWEST     57           100 PM
 AVERAGE    70

..........................................................


THE SCOTTSBLUFF NE AIRPORT CLIMATE NORMALS FOR TODAY
                         NORMAL    RECORD    YEAR
 MAXIMUM TEMPERATURE (F)   66        93      1910
 MINIMUM TEMPERATURE (F)   36        20      1984


SUNRISE AND SUNSET
APRIL 28 2015.........SUNRISE   555 AM MDT   SUNSET   749 PM MDT
APRIL 29 2015.........SUNRISE   554 AM MDT   SUNSET   751 PM MDT


-  INDICATES NEGATIVE NUMBERS.
R  INDICATES RECORD WAS SET OR TIED.
MM INDICATES DATA IS MISSING.
T  INDICATES TRACE AMOUNT.




$$
