000
CDUS46 KHNX 280021
CLIBFL


CLIMATE REPORT
NATIONAL WEATHER SERVICE SAN JOAQUIN VALLEY, CA
520 PM PDT MON APR 27 2015


...................................

...THE BAKERSFIELD CLIMATE SUMMARY FOR APRIL 27 2015...
VALID AS OF 0500 PM LOCAL TIME.

CLIMATE NORMAL PERIOD 1981 TO 2010
CLIMATE RECORD PERIOD 1889 TO 2015


WEATHER ITEM   OBSERVED TIME   RECORD YEAR NORMAL DEPARTURE LAST
                VALUE   (LST)  VALUE       VALUE  FROM      YEAR
                                                  NORMAL
..................................................................
TEMPERATURE (F)
 TODAY
  MAXIMUM         89    213 PM  98    2004  78     11       69
  MINIMUM         56    521 AM  34    1984  53      3       45
  AVERAGE         73                        66      7       57

PRECIPITATION (IN)
  TODAY            0.00          0.56 1960   0.02  -0.02     0.00
  MONTH TO DATE    0.08                      0.49  -0.41     0.50
  SINCE OCT 1      4.61                      6.06  -1.45     2.37
  SINCE JAN 1      1.94                      4.10  -2.16     1.30

SNOWFALL (IN)
  TODAY            0.0
  MONTH TO DATE    0.0
  SINCE MAR 1      0.0
  SINCE JUL 1      0.0
  SNOW DEPTH       0

DEGREE DAYS
 HEATING
  TODAY            0                         2     -2        8
  MONTH TO DATE   69                       123    -54       72
  SINCE MAR 1    153                       362   -209      172
  SINCE JUL 1   1288                      2136   -848     1500

 COOLING
  TODAY            8                         3      5        0
  MONTH TO DATE   54                        48      6      117
  SINCE MAR 1    125                        57     68      137
  SINCE JAN 1    129                        57     72      146
..................................................................


WIND (MPH)
  HIGHEST WIND SPEED    17   HIGHEST WIND DIRECTION    NW (330)
  HIGHEST GUST SPEED    22   HIGHEST GUST DIRECTION    NW (330)
  AVERAGE WIND SPEED     5.8




RELATIVE HUMIDITY (PERCENT)
 HIGHEST    51
 LOWEST     17
 AVERAGE    34

..........................................................


THE BAKERSFIELD CLIMATE NORMALS FOR TOMORROW
                         NORMAL    RECORD    YEAR
 MAXIMUM TEMPERATURE (F)   79        97      2007
 MINIMUM TEMPERATURE (F)   53        38      1999
                                             1984


SUNRISE AND SUNSET
APRIL 27 2015.........SUNRISE   609 AM PDT   SUNSET   739 PM PDT
APRIL 28 2015.........SUNRISE   608 AM PDT   SUNSET   740 PM PDT


-  INDICATES NEGATIVE NUMBERS.
R  INDICATES RECORD WAS SET OR TIED.
MM INDICATES DATA IS MISSING.
T  INDICATES TRACE AMOUNT.




$$
