000
CDUS45 KVEF 070825
CLIBIH


CLIMATE REPORT
NATIONAL WEATHER SERVICE LAS VEGAS, NV
125 AM PDT THU MAY 7 2015


...................................

...THE BISHOP CA CLIMATE SUMMARY FOR MAY 6 2015...

CLIMATE NORMAL PERIOD 1981 TO 2010
CLIMATE RECORD PERIOD 1943 TO 2015


WEATHER ITEM   OBSERVED TIME   RECORD YEAR NORMAL DEPARTURE LAST
                VALUE   (LST)  VALUE       VALUE  FROM      YEAR
                                                  NORMAL
..................................................................
TEMPERATURE (F)
 YESTERDAY
  MAXIMUM         82    254 PM  94    1989  79      3       59
  MINIMUM         44    544 AM  29    1988  42      2       41
  AVERAGE         63                        60      3       50

PRECIPITATION (IN)
  YESTERDAY        0.00          0.56 1971   0.00   0.00      T
  MONTH TO DATE    T                         0.03  -0.03      T
  SINCE OCT 1      0.74                      4.34  -3.60     2.24
  SINCE JAN 1      0.28                      2.72  -2.44     2.02

SNOWFALL (IN)
  YESTERDAY        0.0           T    1965   0.0    0.0      0.0
  MONTH TO DATE    0.0                       0.0    0.0      0.0
  SINCE MAR 1      T                         0.9   -0.9      0.1
  SINCE JUL 1      T                         6.8   -6.8      0.6
  SNOW DEPTH       0

DEGREE DAYS
 HEATING
  YESTERDAY        2                         5     -3       15
  MONTH TO DATE    5                        36    -31       20
  SINCE MAR 1    555                       871   -316      664
  SINCE JUL 1   2996                      4078  -1082     3614

 COOLING
  YESTERDAY        0                         1     -1        0
  MONTH TO DATE    1                         4     -3        3
  SINCE MAR 1      5                         8     -3        7
  SINCE JAN 1      5                         8     -3        7
..................................................................


WIND (MPH)
  RESULTANT WIND SPEED   4   RESULTANT WIND DIRECTION  NW (300)
  HIGHEST WIND SPEED    29   HIGHEST WIND DIRECTION     W (250)
  HIGHEST GUST SPEED    36   HIGHEST GUST DIRECTION    SW (240)
  AVERAGE WIND SPEED    10.4


SKY COVER
  POSSIBLE SUNSHINE  MM
  AVERAGE SKY COVER 0.1


WEATHER CONDITIONS
 THE FOLLOWING WEATHER WAS RECORDED YESTERDAY.
  NO SIGNIFICANT WEATHER WAS OBSERVED.


RELATIVE HUMIDITY (PERCENT)
 HIGHEST    54           600 AM
 LOWEST      5           300 PM
 AVERAGE    30

..........................................................


THE BISHOP CA CLIMATE NORMALS FOR TODAY
                         NORMAL    RECORD    YEAR
 MAXIMUM TEMPERATURE (F)   80        92      2009
                                             1954
 MINIMUM TEMPERATURE (F)   42        27      1965


SUNRISE AND SUNSET
MAY  7 2015...........SUNRISE   552 AM PDT   SUNSET   748 PM PDT
MAY  8 2015...........SUNRISE   551 AM PDT   SUNSET   749 PM PDT


-  INDICATES NEGATIVE NUMBERS.
R  INDICATES RECORD WAS SET OR TIED.
MM INDICATES DATA IS MISSING.
T  INDICATES TRACE AMOUNT.




$$
