000
CDUS43 KBIS 050738
CLIBIS


CLIMATE REPORT
NATIONAL WEATHER SERVICE BISMARCK ND
238 AM CDT TUE MAY 5 2015


...................................

...THE BISMARCK ND CLIMATE SUMMARY FOR MAY 4 2015...

CLIMATE NORMAL PERIOD 1981 TO 2010
CLIMATE RECORD PERIOD 1875 TO 2015


WEATHER ITEM   OBSERVED TIME   RECORD YEAR NORMAL DEPARTURE LAST
                VALUE   (LST)  VALUE       VALUE  FROM      YEAR
                                                  NORMAL
..................................................................
TEMPERATURE (F)
 YESTERDAY
  MAXIMUM         70    424 PM  94    1926  65      5       45
  MINIMUM         30    502 AM  20    1954  38     -8       31
  AVERAGE         50                        52     -2       38

PRECIPITATION (IN)
  YESTERDAY        0.00          1.33 1914   0.07  -0.07      T
  MONTH TO DATE    T                         0.26  -0.26      T
  SINCE MAR 1      0.82                      2.39  -1.57     2.77
  SINCE JAN 1      1.96                      3.33  -1.37     3.34

SNOWFALL (IN)
  YESTERDAY        0.0           4.9  1950   0.0    0.0       T
  MONTH TO DATE    0.0                       0.1   -0.1       T
  SINCE MAR 1      1.0                      13.4  -12.4     15.3
  SINCE JUL 1     23.9                      50.9  -27.0     40.5
  SNOW DEPTH       0

DEGREE DAYS
 HEATING
  YESTERDAY       15                        14      1       27
  MONTH TO DATE   34                        57    -23       75
  SINCE MAR 1   1503                      1781   -278     1949
  SINCE JUL 1   7864                      8212   -348     8801

 COOLING
  YESTERDAY        0                         0      0        0
  MONTH TO DATE    0                         0      0        0
  SINCE MAR 1      0                         1     -1        0
  SINCE JAN 1      0                         1     -1        0
..................................................................


WIND (MPH)
  HIGHEST WIND SPEED    20   HIGHEST WIND DIRECTION    SE (150)
  HIGHEST GUST SPEED    24   HIGHEST GUST DIRECTION    SE (150)
  AVERAGE WIND SPEED     5.8


SKY COVER
  POSSIBLE SUNSHINE  MM
  AVERAGE SKY COVER 0.1


WEATHER CONDITIONS
 THE FOLLOWING WEATHER WAS RECORDED YESTERDAY.
  HAZE


RELATIVE HUMIDITY (PERCENT)
 HIGHEST    78           500 AM
 LOWEST     18           200 PM
 AVERAGE    48

..........................................................


THE BISMARCK ND CLIMATE NORMALS FOR TODAY
                         NORMAL    RECORD    YEAR
 MAXIMUM TEMPERATURE (F)   65        97      1926
 MINIMUM TEMPERATURE (F)   39        19      1944


SUNRISE AND SUNSET
MAY  5 2015...........SUNRISE   622 AM CDT   SUNSET   858 PM CDT
MAY  6 2015...........SUNRISE   621 AM CDT   SUNSET   859 PM CDT


-  INDICATES NEGATIVE NUMBERS.
R  INDICATES RECORD WAS SET OR TIED.
MM INDICATES DATA IS MISSING.
T  INDICATES TRACE AMOUNT.




$$
