000
CDUS46 KSEW 250830
CLIBLI


CLIMATE REPORT
NATIONAL WEATHER SERVICE SEATTLE WA
130 AM PDT SAT APR 25 2015


...................................

...THE BELLINGHAM WA AIRPORT CLIMATE SUMMARY FOR APRIL 24 2015...

CLIMATE NORMAL PERIOD 1981 TO 2010
CLIMATE RECORD PERIOD 1949 TO 2015


WEATHER ITEM   OBSERVED TIME   RECORD YEAR NORMAL DEPARTURE LAST
                VALUE   (LST)  VALUE       VALUE  FROM      YEAR
                                                  NORMAL
..................................................................
TEMPERATURE (F)
 YESTERDAY
  MAXIMUM         55    117 PM  73    1989  58     -3       55
  MINIMUM         39   1104 PM  30    2002  41     -2       46
                                      1951
  AVERAGE         47                        50     -3       51

PRECIPITATION (IN)
  YESTERDAY        0.23          1.15 2014   0.08   0.15     1.15
  MONTH TO DATE    0.97                      2.22  -1.25     3.30
  SINCE OCT 1     28.44                     26.83   1.61    24.58
  SINCE JAN 1     13.71                     13.13   0.58    14.27

DEGREE DAYS
 HEATING
  YESTERDAY       18                        15      3       14
  MONTH TO DATE  396                       408    -12      349
  SINCE MAR 1    899                      1051   -152      942

 COOLING
  YESTERDAY        0                         0      0        0
  MONTH TO DATE    0                         0      0        0
  SINCE MAR 1      0                         0      0        0
  SINCE JAN 1      0                         0      0        0
..................................................................


WIND (MPH)
  RESULTANT WIND SPEED   5   RESULTANT WIND DIRECTION   S (160)
  HIGHEST WIND SPEED    21   HIGHEST WIND DIRECTION    SE (150)
  HIGHEST GUST SPEED    29   HIGHEST GUST DIRECTION    SE (150)
  AVERAGE WIND SPEED     7.8


SKY COVER
  AVERAGE SKY COVER 0.7


WEATHER CONDITIONS
 THE FOLLOWING WEATHER WAS RECORDED YESTERDAY.
  THUNDERSTORM
  HEAVY RAIN
  RAIN
  LIGHT RAIN
  FOG


RELATIVE HUMIDITY (PERCENT)
 HIGHEST    96          1000 PM
 LOWEST     63           200 PM
 AVERAGE    80

..........................................................


THE BELLINGHAM WA AIRPORT CLIMATE NORMALS FOR TODAY
                         NORMAL    RECORD    YEAR
 MAXIMUM TEMPERATURE (F)   58        76      1992
 MINIMUM TEMPERATURE (F)   41        29      1955


SUNRISE AND SUNSET
APRIL 25 2015.........SUNRISE   601 AM PDT   SUNSET   817 PM PDT
APRIL 26 2015.........SUNRISE   559 AM PDT   SUNSET   818 PM PDT


-  INDICATES NEGATIVE NUMBERS.
R  INDICATES RECORD WAS SET OR TIED.
MM INDICATES DATA IS MISSING.
T  INDICATES TRACE AMOUNT.




$$
